CRAN Package Check Results for Package DiagTest3Grp

Last updated on 2015-09-04 19:47:20.

Flavor Version Tinstall Tcheck Ttotal Status Flags
r-devel-linux-x86_64-debian-clang 1.6 4.14 54.92 59.06 NOTE
r-devel-linux-x86_64-debian-gcc 1.6 4.71 51.82 56.52 NOTE
r-devel-linux-x86_64-fedora-clang 1.6 117.89 NOTE
r-devel-linux-x86_64-fedora-gcc 1.6 112.33 NOTE
r-devel-osx-x86_64-clang 1.6 97.57 NOTE
r-devel-windows-ix86+x86_64 1.6 12.00 83.00 95.00 OK
r-patched-linux-x86_64 1.6 4.24 59.14 63.38 NOTE
r-patched-solaris-sparc 1.6 714.50 NOTE
r-patched-solaris-x86 1.6 157.40 NOTE
r-release-linux-x86_64 1.6 4.28 54.98 59.25 NOTE
r-release-osx-x86_64-mavericks 1.6 OK
r-release-windows-ix86+x86_64 1.6 2.00 1.00 3.00 ERROR
r-oldrel-windows-ix86+x86_64 1.6 27.00 133.00 160.00 OK

Check Details

Version: 1.6
Check: S3 generic/method consistency
Result: NOTE
    Found the following apparent S3 methods exported but not registered:
     plot.DiagTest3Grp print.DiagTest3Grp
    See section ‘Registering S3 methods’ in the ‘Writing R Extensions’
    manual.
Flavors: r-devel-linux-x86_64-debian-clang, r-devel-linux-x86_64-debian-gcc, r-devel-linux-x86_64-fedora-clang, r-devel-linux-x86_64-fedora-gcc, r-devel-osx-x86_64-clang, r-patched-linux-x86_64, r-patched-solaris-sparc, r-patched-solaris-x86, r-release-linux-x86_64

Version: 1.6
Check: whether package can be installed
Result: ERROR
    Installation failed.
Flavor: r-release-windows-ix86+x86_64