CRAN Package Check Results for Package DiagTest3Grp

Last updated on 2015-07-28 19:47:50.

Flavor Version Tinstall Tcheck Ttotal Status Flags
r-devel-linux-x86_64-debian-clang 1.6 4.49 53.38 57.86 NOTE
r-devel-linux-x86_64-debian-gcc 1.6 3.93 53.54 57.47 NOTE
r-devel-linux-x86_64-fedora-clang 1.6 117.88 NOTE
r-devel-linux-x86_64-fedora-gcc 1.6 110.92 NOTE
r-devel-osx-x86_64-clang 1.6 105.15 NOTE
r-devel-windows-ix86+x86_64 1.6 11.00 87.00 98.00 OK
r-patched-linux-x86_64 1.6 4.01 52.54 56.55 NOTE
r-patched-solaris-sparc 1.6 714.50 NOTE
r-patched-solaris-x86 1.6 149.60 NOTE
r-release-linux-x86_64 1.6 4.08 53.61 57.68 NOTE
r-release-osx-x86_64-mavericks 1.6 OK
r-release-windows-ix86+x86_64 1.6 19.00 83.00 102.00 OK
r-oldrel-windows-ix86+x86_64 1.6 19.00 118.00 137.00 OK

Check Details

Version: 1.6
Check: S3 generic/method consistency
Result: NOTE
    Found the following apparent S3 methods exported but not registered:
     plot.DiagTest3Grp print.DiagTest3Grp
    See section ‘Registering S3 methods’ in the ‘Writing R Extensions’
    manual.
Flavors: r-devel-linux-x86_64-debian-clang, r-devel-linux-x86_64-debian-gcc, r-devel-linux-x86_64-fedora-clang, r-devel-linux-x86_64-fedora-gcc, r-devel-osx-x86_64-clang, r-patched-linux-x86_64, r-patched-solaris-sparc, r-patched-solaris-x86, r-release-linux-x86_64