CRAN Package Check Results for Package DiagTest3Grp

Last updated on 2016-06-27 21:47:00.

Flavor Version Tinstall Tcheck Ttotal Status Flags
r-devel-linux-x86_64-debian-gcc 1.6 3.83 54.83 58.66 NOTE
r-devel-linux-x86_64-fedora-clang 1.6 110.19 NOTE
r-devel-linux-x86_64-fedora-gcc 1.6 107.04 NOTE
r-devel-osx-x86_64-clang 1.6 86.92 NOTE
r-devel-windows-ix86+x86_64 1.6 12.00 88.00 100.00 OK
r-patched-linux-x86_64 1.6 4.94 54.82 59.76 NOTE
r-patched-solaris-sparc 1.6 675.40 NOTE
r-patched-solaris-x86 1.6 142.30 NOTE
r-release-linux-x86_64 1.6 4.35 53.29 57.64 NOTE
r-release-osx-x86_64-mavericks 1.6 OK
r-release-windows-ix86+x86_64 1.6 15.00 117.00 132.00 OK
r-oldrel-windows-ix86+x86_64 1.6 14.00 89.00 103.00 OK

Check Details

Version: 1.6
Check: S3 generic/method consistency
Result: NOTE
    Found the following apparent S3 methods exported but not registered:
     plot.DiagTest3Grp print.DiagTest3Grp
    See section ‘Registering S3 methods’ in the ‘Writing R Extensions’
    manual.
Flavors: r-devel-linux-x86_64-debian-gcc, r-devel-linux-x86_64-fedora-clang, r-devel-linux-x86_64-fedora-gcc, r-devel-osx-x86_64-clang, r-patched-linux-x86_64, r-patched-solaris-sparc, r-patched-solaris-x86, r-release-linux-x86_64