CRAN Package Check Results for Package DiagTest3Grp

Last updated on 2015-05-26 19:47:25.

Flavor Version Tinstall Tcheck Ttotal Status Flags
r-devel-linux-x86_64-debian-clang 1.6 4.77 53.20 57.98 NOTE
r-devel-linux-x86_64-debian-gcc 1.6 4.01 53.54 57.54 NOTE
r-devel-linux-x86_64-fedora-clang 1.6 117.89 NOTE
r-devel-linux-x86_64-fedora-gcc 1.6 111.67 NOTE
r-devel-osx-x86_64-clang 1.6 97.72 NOTE
r-devel-windows-ix86+x86_64 1.6 12.00 76.00 88.00 OK
r-patched-linux-x86_64 1.6 3.95 51.16 55.11 NOTE
r-patched-solaris-sparc 1.6 696.50 NOTE
r-patched-solaris-x86 1.6 152.50 NOTE
r-release-linux-x86_64 1.6 4.04 52.82 56.86 NOTE
r-release-osx-x86_64-mavericks 1.6 OK
r-release-osx-x86_64-snowleopard 1.6 ERROR
r-release-windows-ix86+x86_64 1.6 13.00 76.00 89.00 OK
r-oldrel-windows-ix86+x86_64 1.6 21.00 105.00 126.00 OK

Check Details

Version: 1.6
Check: S3 generic/method consistency
Result: NOTE
    Found the following apparent S3 methods exported but not registered:
     plot.DiagTest3Grp print.DiagTest3Grp
    See section ‘Registering S3 methods’ in the ‘Writing R Extensions’
    manual.
Flavors: r-devel-linux-x86_64-debian-clang, r-devel-linux-x86_64-debian-gcc, r-devel-linux-x86_64-fedora-clang, r-devel-linux-x86_64-fedora-gcc, r-devel-osx-x86_64-clang, r-patched-linux-x86_64, r-patched-solaris-sparc, r-patched-solaris-x86, r-release-linux-x86_64

Version: 1.6
Check: package dependencies
Result: ERROR
    Package required but not available: ‘car’
    
    See section ‘The DESCRIPTION file’ in the ‘Writing R Extensions’
    manual.
Flavor: r-release-osx-x86_64-snowleopard