CRAN Package Check Results for Package DiagTest3Grp

Last updated on 2016-05-25 21:46:34.

Flavor Version Tinstall Tcheck Ttotal Status Flags
r-devel-linux-x86_64-debian-gcc 1.6 4.04 54.44 58.47 NOTE
r-devel-linux-x86_64-fedora-clang 1.6 112.95 NOTE
r-devel-linux-x86_64-fedora-gcc 1.6 113.17 NOTE
r-devel-osx-x86_64-clang 1.6 121.02 NOTE
r-devel-windows-ix86+x86_64 1.6 11.00 90.00 101.00 OK
r-patched-linux-x86_64 1.6 4.08 56.21 60.30 NOTE
r-patched-solaris-sparc 1.6 675.50 NOTE
r-patched-solaris-x86 1.6 140.70 NOTE
r-release-linux-x86_64 1.6 4.15 53.05 57.20 NOTE
r-release-osx-x86_64-mavericks 1.6 OK
r-release-windows-ix86+x86_64 1.6 14.00 93.00 107.00 OK
r-oldrel-windows-ix86+x86_64 1.6 12.00 95.00 107.00 OK

Check Details

Version: 1.6
Check: S3 generic/method consistency
Result: NOTE
    Found the following apparent S3 methods exported but not registered:
     plot.DiagTest3Grp print.DiagTest3Grp
    See section ‘Registering S3 methods’ in the ‘Writing R Extensions’
    manual.
Flavors: r-devel-linux-x86_64-debian-gcc, r-devel-linux-x86_64-fedora-clang, r-devel-linux-x86_64-fedora-gcc, r-devel-osx-x86_64-clang, r-patched-linux-x86_64, r-patched-solaris-sparc, r-patched-solaris-x86, r-release-linux-x86_64