CRAN Package Check Results for Package DiagTest3Grp

Last updated on 2015-01-31 19:51:21.

Flavor Version Tinstall Tcheck Ttotal Status Flags
r-devel-linux-x86_64-debian-clang 1.6 1.12 25.52 26.64 NOTE
r-devel-linux-x86_64-debian-gcc 1.6 1.08 25.18 26.26 NOTE
r-devel-linux-x86_64-fedora-clang 1.6 57.01 NOTE
r-devel-linux-x86_64-fedora-gcc 1.6 50.95 NOTE
r-devel-osx-x86_64-clang 1.6 60.36 NOTE
r-devel-windows-ix86+x86_64 1.6 6.00 42.00 48.00 OK
r-patched-linux-x86_64 1.6 1.28 30.56 31.84 OK
r-patched-solaris-sparc 1.6 374.20 OK
r-patched-solaris-x86 1.6 75.80 OK
r-release-linux-ix86 1.6 1.76 38.24 40.00 OK
r-release-linux-x86_64 1.6 1.29 30.00 31.29 OK
r-release-osx-x86_64-mavericks 1.6 OK
r-release-osx-x86_64-snowleopard 1.6 OK
r-release-windows-ix86+x86_64 1.6 6.00 53.00 59.00 OK
r-oldrel-windows-ix86+x86_64 1.6 6.00 53.00 59.00 OK

Check Details

Version: 1.6
Check: S3 generic/method consistency
Result: NOTE
    Found the following apparent S3 methods exported but not registered:
     print.DiagTest3Grp plot.DiagTest3Grp
    See section ‘Registering S3 methods’ in the ‘Writing R Extensions’
    manual.
Flavors: r-devel-linux-x86_64-debian-clang, r-devel-linux-x86_64-debian-gcc, r-devel-linux-x86_64-fedora-clang, r-devel-linux-x86_64-fedora-gcc, r-devel-osx-x86_64-clang