CRAN Package Check Results for Package DiagTest3Grp

Last updated on 2016-09-27 21:47:04.

Flavor Version Tinstall Tcheck Ttotal Status Flags
r-devel-linux-x86_64-debian-clang 1.6 3.81 51.11 54.92 WARN
r-devel-linux-x86_64-debian-gcc 1.6 3.87 52.30 56.16 WARN
r-devel-linux-x86_64-fedora-clang 1.6 114.04 WARN
r-devel-linux-x86_64-fedora-gcc 1.6 111.59 WARN
r-devel-macos-x86_64-clang 1.6 83.22 WARN
r-devel-windows-ix86+x86_64 1.6 14.00 127.00 141.00 WARN
r-patched-linux-x86_64 1.6 3.63 50.02 53.64 NOTE
r-patched-solaris-sparc 1.6 675.40 NOTE
r-patched-solaris-x86 1.6 143.60 NOTE
r-release-linux-x86_64 1.6 4.42 53.09 57.51 NOTE
r-release-osx-x86_64-mavericks 1.6 OK
r-release-windows-ix86+x86_64 1.6 14.00 115.00 129.00 OK
r-oldrel-windows-ix86+x86_64 1.6 16.00 123.00 139.00 OK

Check Details

Version: 1.6
Check: S3 generic/method consistency
Result: NOTE
    Found the following apparent S3 methods exported but not registered:
     plot.DiagTest3Grp print.DiagTest3Grp
    See section ‘Registering S3 methods’ in the ‘Writing R Extensions’
    manual.
Flavors: r-devel-linux-x86_64-debian-clang, r-devel-linux-x86_64-debian-gcc, r-devel-linux-x86_64-fedora-clang, r-devel-linux-x86_64-fedora-gcc, r-devel-macos-x86_64-clang, r-patched-linux-x86_64, r-patched-solaris-sparc, r-patched-solaris-x86, r-release-linux-x86_64

Version: 1.6
Check: files in ‘vignettes’
Result: WARN
    Files in the 'vignettes' directory but no files in 'inst/doc':
     ‘Rvignette_DiagTest3Grp.pdf’
    Package has no Sweave vignette sources and no VignetteBuilder field.
Flavors: r-devel-linux-x86_64-debian-clang, r-devel-linux-x86_64-debian-gcc, r-devel-linux-x86_64-fedora-clang, r-devel-linux-x86_64-fedora-gcc, r-devel-macos-x86_64-clang, r-devel-windows-ix86+x86_64