CRAN Package Check Results for Package DiagTest3Grp

Last updated on 2016-02-09 18:49:08.

Flavor Version Tinstall Tcheck Ttotal Status Flags
r-devel-linux-x86_64-debian-gcc 1.6 4.14 51.82 55.96 NOTE
r-devel-linux-x86_64-fedora-clang 1.6 113.51 NOTE
r-devel-linux-x86_64-fedora-gcc 1.6 109.46 NOTE
r-devel-osx-x86_64-clang 1.6 119.51 NOTE
r-devel-windows-ix86+x86_64 1.6 17.00 118.00 135.00 OK
r-patched-linux-x86_64 1.6 4.44 56.30 60.74 NOTE
r-patched-solaris-sparc 1.6 709.40 NOTE
r-patched-solaris-x86 1.6 147.10 NOTE
r-release-linux-x86_64 1.6 4.58 56.21 60.79 NOTE
r-release-osx-x86_64-mavericks 1.6 OK
r-release-windows-ix86+x86_64 1.6 16.00 107.00 123.00 OK
r-oldrel-windows-ix86+x86_64 1.6 26.00 139.00 165.00 OK

Check Details

Version: 1.6
Check: S3 generic/method consistency
Result: NOTE
    Found the following apparent S3 methods exported but not registered:
     plot.DiagTest3Grp print.DiagTest3Grp
    See section ‘Registering S3 methods’ in the ‘Writing R Extensions’
    manual.
Flavors: r-devel-linux-x86_64-debian-gcc, r-devel-linux-x86_64-fedora-clang, r-devel-linux-x86_64-fedora-gcc, r-devel-osx-x86_64-clang, r-patched-linux-x86_64, r-patched-solaris-sparc, r-patched-solaris-x86, r-release-linux-x86_64