CRAN Package Check Results for Package GUTS

Last updated on 2015-03-05 19:47:54.

Flavor Version Tinstall Tcheck Ttotal Status Flags
r-devel-linux-x86_64-debian-clang 0.3.5 17.57 16.00 33.58 OK
r-devel-linux-x86_64-debian-gcc 0.3.5 19.94 16.07 36.01 OK
r-devel-linux-x86_64-fedora-clang 0.3.5 80.39 OK
r-devel-linux-x86_64-fedora-gcc 0.3.5 67.75 OK
r-devel-osx-x86_64-clang 0.3.5 48.93 OK
r-devel-windows-ix86+x86_64 0.3.5 64.00 38.00 102.00 OK
r-patched-linux-x86_64 0.3.5 20.94 18.41 39.35 OK
r-patched-solaris-sparc 0.3.5 88.20 ERROR
r-patched-solaris-x86 0.3.5 102.60 OK
r-release-linux-ix86 0.3.5 28.20 25.26 53.46 OK
r-release-linux-x86_64 0.3.5 20.43 18.38 38.81 OK
r-release-osx-x86_64-mavericks 0.3.5 OK
r-release-osx-x86_64-snowleopard 0.3.5 OK
r-release-windows-ix86+x86_64 0.3.5 68.00 45.00 113.00 OK
r-oldrel-windows-ix86+x86_64 0.3.5 67.00 48.00 115.00 OK

Check Details

Version: 0.3.5
Check: whether package can be installed
Result: ERROR
    Installation failed.
Flavor: r-patched-solaris-sparc