CRAN Package Check Results for Package GUTS

Last updated on 2015-01-29 19:49:06.

Flavor Version Tinstall Tcheck Ttotal Status Flags
r-devel-linux-x86_64-debian-clang 0.3.5 17.62 15.88 33.51 OK
r-devel-linux-x86_64-debian-gcc 0.3.5 20.71 16.68 37.39 OK
r-devel-linux-x86_64-fedora-clang 0.3.5 79.03 OK
r-devel-linux-x86_64-fedora-gcc 0.3.5 75.94 OK
r-devel-osx-x86_64-clang 0.3.5 61.89 OK
r-devel-windows-ix86+x86_64 0.3.5 100.00 43.00 143.00 OK
r-patched-linux-x86_64 0.3.5 20.38 17.94 38.32 OK
r-patched-solaris-sparc 0.3.5 86.20 ERROR
r-patched-solaris-x86 0.3.5 102.60 OK
r-release-linux-ix86 0.3.5 26.28 24.44 50.71 OK
r-release-linux-x86_64 0.3.5 20.26 18.86 39.12 OK
r-release-osx-x86_64-mavericks 0.3.5 OK
r-release-osx-x86_64-snowleopard 0.3.5 OK
r-release-windows-ix86+x86_64 0.3.5 64.00 49.00 113.00 OK
r-oldrel-windows-ix86+x86_64 0.3.5 68.00 52.00 120.00 OK

Check Details

Version: 0.3.5
Check: whether package can be installed
Result: ERROR
    Installation failed.
Flavor: r-patched-solaris-sparc