CRAN Package Check Results for Package GUTS

Last updated on 2015-04-26 19:47:20.

Flavor Version Tinstall Tcheck Ttotal Status Flags
r-devel-linux-x86_64-debian-clang 0.5.2 8.16 15.93 24.10 OK
r-devel-linux-x86_64-debian-gcc 0.5.2 9.90 16.04 25.94 OK
r-devel-linux-x86_64-fedora-clang 0.5.2 49.64 OK
r-devel-linux-x86_64-fedora-gcc 0.5.2 47.88 OK
r-devel-osx-x86_64-clang 0.5.2 45.82 OK
r-devel-windows-ix86+x86_64 0.5.2 32.00 41.00 73.00 OK
r-patched-linux-x86_64 0.5.2 9.88 15.36 25.25 OK
r-patched-solaris-sparc 0.5.2 111.80 ERROR
r-patched-solaris-x86 0.5.2 70.50 OK
r-release-linux-x86_64 0.5.2 10.10 15.96 26.07 OK
r-release-osx-x86_64-mavericks 0.5.2 OK
r-release-osx-x86_64-snowleopard 0.5.2 OK
r-release-windows-ix86+x86_64 0.5.2 33.00 38.00 71.00 OK
r-oldrel-windows-ix86+x86_64 0.5.2 28.00 58.00 86.00 OK

Check Details

Version: 0.5.2
Check: whether package can be installed
Result: ERROR
    Installation failed.
Flavor: r-patched-solaris-sparc