CRAN Package Check Results for Package KFAS

Last updated on 2014-04-22 21:48:38.

Flavor Version Tinstall Tcheck Ttotal Status Flags
r-devel-linux-x86_64-debian-clang 1.0.3 12.76 23.32 36.08 OK
r-devel-linux-x86_64-debian-gcc 1.0.3 12.80 23.99 36.79 OK
r-devel-linux-x86_64-fedora-clang 1.0.3 64.90 OK
r-devel-linux-x86_64-fedora-gcc 1.0.3 61.31 OK
r-devel-osx-x86_64-clang 1.0.3 58.42 OK
r-devel-osx-x86_64-gcc 1.0.3 OK
r-devel-windows-ix86+x86_64 1.0.3 41.00 40.00 81.00 OK
r-patched-linux-x86_64 1.0.3 12.84 23.27 36.11 OK
r-patched-solaris-sparc 1.0.3 367.70 OK
r-patched-solaris-x86 1.0.3 111.30 OK
r-release-linux-x86_64 1.0.3 12.60 23.47 36.08 OK
r-release-osx-x86_64-mavericks 1.0.3 WARN
r-release-osx-x86_64-snowleopard 1.0.3 OK
r-release-windows-ix86+x86_64 1.0.3 40.00 39.00 79.00 OK
r-oldrel-windows-ix86+x86_64 1.0.3 43.00 49.00 92.00 OK

Check Details

Version: 1.0.3
Check: PDF version of manual
Result: WARNING
    LaTeX errors when creating PDF version.
    This typically indicates Rd problems.
    LaTeX errors found:
    ! LaTeX Error: File `upquote.sty' not found.
    
    Type X to quit or <RETURN> to proceed,
    or enter new name. (Default extension: sty)
    
    39911c71/Rd2.tex:8: ==> Fatal error occurred, no output PDF file produced!
Flavor: r-release-osx-x86_64-mavericks