CRAN Package Check Results for Package KFAS

Last updated on 2015-03-31 19:51:07.

Flavor Version Tinstall Tcheck Ttotal Status Flags
r-devel-linux-x86_64-debian-clang 1.0.4-1 11.12 26.83 37.95 NOTE
r-devel-linux-x86_64-debian-gcc 1.0.4-1 11.02 25.22 36.24 NOTE
r-devel-linux-x86_64-fedora-clang 1.0.4-1 68.59 NOTE
r-devel-linux-x86_64-fedora-gcc 1.0.4-1 64.49 NOTE
r-devel-osx-x86_64-clang 1.0.4-1 68.65 NOTE
r-prerel-windows-ix86+x86_64 1.0.4-1 50.00 50.00 100.00 NOTE
r-prerel-linux-x86_64 1.0.4-1 11.18 25.09 36.27 NOTE
r-prerel-solaris-sparc 1.0.4-1 455.30 NOTE
r-prerel-solaris-x86 1.0.4-1 116.20 NOTE
r-release-linux-x86_64 1.0.4-1 11.32 27.30 38.61 NOTE
r-release-osx-x86_64-mavericks 1.0.4-1 NOTE
r-release-osx-x86_64-snowleopard 1.0.4-1 OK
r-release-windows-ix86+x86_64 1.0.4-1 40.00 54.00 94.00 NOTE
r-oldrel-windows-ix86+x86_64 1.0.4 60.00 47.00 107.00 ERROR

Check Details

Version: 1.0.4-1
Check: DESCRIPTION meta-information
Result: NOTE
    Malformed Title field: should not end in a period.
Flavors: r-devel-linux-x86_64-debian-clang, r-devel-linux-x86_64-debian-gcc, r-devel-linux-x86_64-fedora-clang, r-devel-linux-x86_64-fedora-gcc, r-devel-osx-x86_64-clang, r-prerel-windows-ix86+x86_64, r-prerel-linux-x86_64, r-prerel-solaris-sparc, r-prerel-solaris-x86

Version: 1.0.4-1
Check: line endings in Makefiles
Result: NOTE
    Found the following Makefile(s) without a final LF:
     src/Makevars
    Some ‘make’ programs ignore lines not ending in LF.
Flavors: r-devel-linux-x86_64-debian-clang, r-devel-linux-x86_64-debian-gcc, r-devel-linux-x86_64-fedora-clang, r-devel-linux-x86_64-fedora-gcc, r-devel-osx-x86_64-clang, r-prerel-windows-ix86+x86_64, r-prerel-linux-x86_64, r-prerel-solaris-sparc, r-prerel-solaris-x86, r-release-linux-x86_64, r-release-osx-x86_64-mavericks, r-release-windows-ix86+x86_64