CRAN Package Check Results for Package RcmdrPlugin.epack

Last updated on 2014-10-23 20:47:28.

Flavor Version Tinstall Tcheck Ttotal Status Flags
r-devel-linux-x86_64-debian-clang 1.2.5 3.11 54.00 57.11 NOTE
r-devel-linux-x86_64-debian-gcc 1.2.5 3.00 54.60 57.60 NOTE
r-devel-linux-x86_64-fedora-clang 1.2.5 90.19 NOTE
r-devel-linux-x86_64-fedora-gcc 1.2.5 84.02 NOTE
r-devel-osx-x86_64-clang 1.2.5 91.96 NOTE
r-devel-windows-ix86+x86_64 1.2.5 30.00 76.00 106.00 NOTE
r-patched-linux-x86_64 1.2.5 3.68 53.29 56.98 NOTE
r-patched-solaris-sparc 1.2.5 484.20 NOTE
r-patched-solaris-x86 1.2.5 143.80 NOTE
r-release-linux-ix86 1.2.5 0.44 1.72 2.17 ERROR
r-release-linux-x86_64 1.2.5 3.18 58.66 61.84 NOTE
r-release-osx-x86_64-mavericks 1.2.5 NOTE
r-release-osx-x86_64-snowleopard 1.2.5 NOTE
r-release-windows-ix86+x86_64 1.2.5 44.00 98.00 142.00 NOTE
r-oldrel-windows-ix86+x86_64 1.2.5 25.00 85.00 110.00 NOTE

Check Details

Version: 1.2.5
Check: package dependencies
Result: NOTE
    Depends: includes the non-default packages:
     ‘Rcmdr’ ‘TeachingDemos’ ‘tseries’ ‘abind’ ‘MASS’ ‘xts’ ‘forecast’
    Adding so many packages to the search path is excessive and importing
    selectively is preferable.
Flavors: r-devel-linux-x86_64-debian-clang, r-devel-linux-x86_64-debian-gcc, r-devel-linux-x86_64-fedora-clang, r-devel-linux-x86_64-fedora-gcc, r-devel-osx-x86_64-clang, r-devel-windows-ix86+x86_64, r-patched-linux-x86_64, r-patched-solaris-sparc, r-patched-solaris-x86, r-release-linux-x86_64, r-release-osx-x86_64-mavericks, r-release-osx-x86_64-snowleopard, r-release-windows-ix86+x86_64

Version: 1.2.5
Check: top-level files
Result: NOTE
    Non-standard file/directory found at top level:
     ‘histprice2.R’
Flavors: r-devel-linux-x86_64-debian-clang, r-devel-linux-x86_64-debian-gcc, r-devel-linux-x86_64-fedora-clang, r-devel-linux-x86_64-fedora-gcc, r-patched-linux-x86_64, r-release-linux-x86_64

Version: 1.2.5
Check: dependencies in R code
Result: NOTE
    'library' or 'require' calls to packages already attached by Depends:
     ‘MASS’ ‘tseries’
     Please remove these calls from your code.
    Packages in Depends field not imported from:
     ‘MASS’ ‘Rcmdr’ ‘TeachingDemos’ ‘abind’ ‘forecast’ ‘tseries’ ‘xts’
     These packages need to be imported from (in the NAMESPACE file)
     for when this namespace is loaded but not attached.
    See the information on DESCRIPTION files in the chapter ‘Creating R
    packages’ of the ‘Writing R Extensions’ manual.
Flavors: r-devel-linux-x86_64-debian-clang, r-devel-linux-x86_64-debian-gcc, r-devel-linux-x86_64-fedora-clang, r-devel-linux-x86_64-fedora-gcc, r-devel-osx-x86_64-clang, r-devel-windows-ix86+x86_64, r-patched-linux-x86_64, r-patched-solaris-sparc, r-patched-solaris-x86, r-release-linux-x86_64, r-release-osx-x86_64-mavericks, r-release-windows-ix86+x86_64, r-oldrel-windows-ix86+x86_64

Version: 1.2.5
Check: R code for possible problems
Result: NOTE
    .onAttach: no visible global function definition for ‘getRcmdr’
    .onAttach: no visible global function definition for ‘closeCommander’
    .onAttach: no visible global function definition for ‘Commander’
    ArimaMod: no visible global function definition for ‘initializeDialog’
    ArimaMod: no visible global function definition for ‘gettextRcmdr’
    ArimaMod: no visible global function definition for ‘ActiveModel’
    ArimaMod: no visible global function definition for ‘UpdateModelNumber’
    ArimaMod: no visible global function definition for ‘getRcmdr’
    ArimaMod: no visible binding for global variable ‘top’
    ArimaMod: no visible global function definition for ‘variableListBox’
    ArimaMod: no visible global function definition for ‘Numeric’
    ArimaMod : onOK: no visible global function definition for
     ‘trim.blanks’
    ArimaMod : onOK: no visible global function definition for
     ‘is.valid.name’
    ArimaMod : onOK: no visible global function definition for
     ‘errorCondition’
    ArimaMod : onOK: no visible global function definition for
     ‘gettextRcmdr’
    ArimaMod : onOK: no visible global function definition for
     ‘getSelection’
    ArimaMod : onOK: no visible binding for global variable
     ‘alternativeVariable’
    ArimaMod : onOK: no visible global function definition for
     ‘closeDialog’
    ArimaMod : onOK: no visible global function definition for
     ‘checkReplace’
    ArimaMod : onOK: no visible global function definition for
     ‘UpdateModelNumber’
    ArimaMod : onOK: no visible global function definition for
     ‘ActiveDataSet’
    ArimaMod : onOK: no visible global function definition for ‘justDoIt’
    ArimaMod : onOK: no visible binding for global variable ‘pd2’
    ArimaMod : onOK: no visible global function definition for ‘logger’
    ArimaMod : onOK: no visible global function definition for
     ‘doItAndPrint’
    ArimaMod : onOK: no visible global function definition for
     ‘activeModel’
    ArimaMod : onOK: no visible binding for global variable ‘top’
    ArimaMod : onOK: no visible global function definition for
     ‘CommanderWindow’
    ArimaMod: no visible global function definition for ‘OKCancelHelp’
    ArimaMod: no visible global function definition for ‘radioButtons’
    ArimaMod: no visible global function definition for ‘getFrame’
    ArimaMod: no visible binding for global variable ‘alternativeFrame’
    ArimaMod: no visible binding for global variable ‘buttonsFrame’
    ArimaMod: no visible global function definition for ‘dialogSuffix’
    ArimaModIn: no visible global function definition for
     ‘initializeDialog’
    ArimaModIn: no visible global function definition for ‘gettextRcmdr’
    ArimaModIn: no visible global function definition for ‘variableListBox’
    ArimaModIn: no visible binding for global variable ‘top’
    ArimaModIn: no visible global function definition for ‘Numeric’
    ArimaModIn : onOK: no visible global function definition for
     ‘getSelection’
    ArimaModIn : onOK: no visible global function definition for
     ‘errorCondition’
    ArimaModIn : onOK: no visible global function definition for
     ‘gettextRcmdr’
    ArimaModIn : onOK: no visible binding for global variable
     ‘alternativeVariable’
    ArimaModIn : onOK: no visible global function definition for
     ‘closeDialog’
    ArimaModIn : onOK: no visible global function definition for
     ‘ActiveDataSet’
    ArimaModIn : onOK: no visible global function definition for ‘justDoIt’
    ArimaModIn : onOK: no visible binding for global variable ‘pd2’
    ArimaModIn : onOK: no visible global function definition for
     ‘doItAndPrint’
    ArimaModIn : onOK: no visible binding for global variable ‘top’
    ArimaModIn : onOK: no visible global function definition for
     ‘CommanderWindow’
    ArimaModIn: no visible global function definition for ‘OKCancelHelp’
    ArimaModIn: no visible global function definition for ‘radioButtons’
    ArimaModIn: no visible global function definition for ‘getFrame’
    ArimaModIn: no visible binding for global variable ‘alternativeFrame’
    ArimaModIn: no visible binding for global variable ‘buttonsFrame’
    ArimaModIn: no visible global function definition for ‘dialogSuffix’
    HoltWintersExpoMod: no visible global function definition for
     ‘initializeDialog’
    HoltWintersExpoMod: no visible global function definition for
     ‘gettextRcmdr’
    HoltWintersExpoMod: no visible global function definition for
     ‘ActiveModel’
    HoltWintersExpoMod: no visible global function definition for
     ‘UpdateModelNumber’
    HoltWintersExpoMod: no visible global function definition for
     ‘getRcmdr’
    HoltWintersExpoMod: no visible binding for global variable ‘top’
    HoltWintersExpoMod: no visible global function definition for
     ‘variableListBox’
    HoltWintersExpoMod: no visible global function definition for ‘Numeric’
    HoltWintersExpoMod : onOK: no visible global function definition for
     ‘trim.blanks’
    HoltWintersExpoMod : onOK: no visible global function definition for
     ‘is.valid.name’
    HoltWintersExpoMod : onOK: no visible global function definition for
     ‘errorCondition’
    HoltWintersExpoMod : onOK: no visible global function definition for
     ‘gettextRcmdr’
    HoltWintersExpoMod : onOK: no visible global function definition for
     ‘getSelection’
    HoltWintersExpoMod : onOK: no visible global function definition for
     ‘closeDialog’
    HoltWintersExpoMod : onOK: no visible global function definition for
     ‘checkReplace’
    HoltWintersExpoMod : onOK: no visible global function definition for
     ‘UpdateModelNumber’
    HoltWintersExpoMod : onOK: no visible global function definition for
     ‘ActiveDataSet’
    HoltWintersExpoMod : onOK: no visible global function definition for
     ‘logger’
    HoltWintersExpoMod : onOK: no visible global function definition for
     ‘justDoIt’
    HoltWintersExpoMod : onOK: no visible global function definition for
     ‘doItAndPrint’
    HoltWintersExpoMod : onOK: no visible global function definition for
     ‘activeModel’
    HoltWintersExpoMod : onOK: no visible binding for global variable ‘top’
    HoltWintersExpoMod : onOK: no visible global function definition for
     ‘CommanderWindow’
    HoltWintersExpoMod: no visible global function definition for
     ‘OKCancelHelp’
    HoltWintersExpoMod: no visible global function definition for
     ‘getFrame’
    HoltWintersExpoMod: no visible binding for global variable
     ‘buttonsFrame’
    HoltWintersExpoMod: no visible global function definition for
     ‘dialogSuffix’
    HoltWintersMod: no visible global function definition for
     ‘initializeDialog’
    HoltWintersMod: no visible global function definition for
     ‘gettextRcmdr’
    HoltWintersMod: no visible global function definition for ‘ActiveModel’
    HoltWintersMod: no visible global function definition for
     ‘UpdateModelNumber’
    HoltWintersMod: no visible global function definition for ‘getRcmdr’
    HoltWintersMod: no visible binding for global variable ‘top’
    HoltWintersMod: no visible global function definition for
     ‘variableListBox’
    HoltWintersMod: no visible global function definition for ‘Numeric’
    HoltWintersMod : onOK: no visible global function definition for
     ‘trim.blanks’
    HoltWintersMod : onOK: no visible global function definition for
     ‘is.valid.name’
    HoltWintersMod : onOK: no visible global function definition for
     ‘errorCondition’
    HoltWintersMod : onOK: no visible global function definition for
     ‘gettextRcmdr’
    HoltWintersMod : onOK: no visible global function definition for
     ‘getSelection’
    HoltWintersMod : onOK: no visible binding for global variable
     ‘alternativeVariable’
    HoltWintersMod : onOK: no visible global function definition for
     ‘closeDialog’
    HoltWintersMod : onOK: no visible global function definition for
     ‘checkReplace’
    HoltWintersMod : onOK: no visible global function definition for
     ‘UpdateModelNumber’
    HoltWintersMod : onOK: no visible global function definition for
     ‘ActiveDataSet’
    HoltWintersMod : onOK: no visible global function definition for
     ‘justDoIt’
    HoltWintersMod : onOK: no visible global function definition for
     ‘logger’
    HoltWintersMod : onOK: no visible global function definition for
     ‘doItAndPrint’
    HoltWintersMod : onOK: no visible global function definition for
     ‘activeModel’
    HoltWintersMod : onOK: no visible binding for global variable ‘top’
    HoltWintersMod : onOK: no visible global function definition for
     ‘CommanderWindow’
    HoltWintersMod: no visible global function definition for
     ‘OKCancelHelp’
    HoltWintersMod: no visible global function definition for
     ‘radioButtons’
    HoltWintersMod: no visible global function definition for ‘getFrame’
    HoltWintersMod: no visible binding for global variable
     ‘alternativeFrame’
    HoltWintersMod: no visible binding for global variable ‘buttonsFrame’
    HoltWintersMod: no visible global function definition for
     ‘dialogSuffix’
    HoltWintersNonMod: no visible global function definition for
     ‘initializeDialog’
    HoltWintersNonMod: no visible global function definition for
     ‘gettextRcmdr’
    HoltWintersNonMod: no visible global function definition for
     ‘ActiveModel’
    HoltWintersNonMod: no visible global function definition for
     ‘UpdateModelNumber’
    HoltWintersNonMod: no visible global function definition for ‘getRcmdr’
    HoltWintersNonMod: no visible binding for global variable ‘top’
    HoltWintersNonMod: no visible global function definition for
     ‘variableListBox’
    HoltWintersNonMod: no visible global function definition for ‘Numeric’
    HoltWintersNonMod : onOK: no visible global function definition for
     ‘trim.blanks’
    HoltWintersNonMod : onOK: no visible global function definition for
     ‘is.valid.name’
    HoltWintersNonMod : onOK: no visible global function definition for
     ‘errorCondition’
    HoltWintersNonMod : onOK: no visible global function definition for
     ‘gettextRcmdr’
    HoltWintersNonMod : onOK: no visible global function definition for
     ‘getSelection’
    HoltWintersNonMod : onOK: no visible global function definition for
     ‘closeDialog’
    HoltWintersNonMod : onOK: no visible global function definition for
     ‘checkReplace’
    HoltWintersNonMod : onOK: no visible global function definition for
     ‘UpdateModelNumber’
    HoltWintersNonMod : onOK: no visible global function definition for
     ‘ActiveDataSet’
    HoltWintersNonMod : onOK: no visible global function definition for
     ‘logger’
    HoltWintersNonMod : onOK: no visible global function definition for
     ‘justDoIt’
    HoltWintersNonMod : onOK: no visible global function definition for
     ‘doItAndPrint’
    HoltWintersNonMod : onOK: no visible global function definition for
     ‘activeModel’
    HoltWintersNonMod : onOK: no visible binding for global variable ‘top’
    HoltWintersNonMod : onOK: no visible global function definition for
     ‘CommanderWindow’
    HoltWintersNonMod: no visible global function definition for
     ‘OKCancelHelp’
    HoltWintersNonMod: no visible global function definition for ‘getFrame’
    HoltWintersNonMod: no visible binding for global variable
     ‘buttonsFrame’
    HoltWintersNonMod: no visible global function definition for
     ‘dialogSuffix’
    acfMod: no visible global function definition for ‘initializeDialog’
    acfMod: no visible global function definition for ‘gettextRcmdr’
    acfMod: no visible global function definition for ‘variableListBox’
    acfMod: no visible binding for global variable ‘top’
    acfMod: no visible global function definition for ‘Numeric’
    acfMod : onOK: no visible global function definition for ‘getSelection’
    acfMod : onOK: no visible global function definition for
     ‘errorCondition’
    acfMod : onOK: no visible global function definition for ‘gettextRcmdr’
    acfMod : onOK: no visible global function definition for ‘closeDialog’
    acfMod : onOK: no visible global function definition for ‘doItAndPrint’
    acfMod : onOK: no visible global function definition for
     ‘ActiveDataSet’
    acfMod : onOK: no visible binding for global variable ‘top’
    acfMod : onOK: no visible global function definition for
     ‘CommanderWindow’
    acfMod: no visible global function definition for ‘OKCancelHelp’
    acfMod: no visible global function definition for ‘getFrame’
    acfMod: no visible binding for global variable ‘buttonsFrame’
    acfMod: no visible global function definition for ‘dialogSuffix’
    aggConv: no visible global function definition for ‘initializeDialog’
    aggConv: no visible global function definition for ‘gettextRcmdr’
    aggConv: no visible global function definition for ‘variableListBox’
    aggConv: no visible binding for global variable ‘top’
    aggConv: no visible global function definition for ‘Numeric’
    aggConv : onOK: no visible global function definition for
     ‘getSelection’
    aggConv : onOK: no visible global function definition for
     ‘errorCondition’
    aggConv : onOK: no visible global function definition for
     ‘gettextRcmdr’
    aggConv : onOK: no visible global function definition for ‘trim.blanks’
    aggConv : onOK: no visible global function definition for
     ‘is.valid.name’
    aggConv : onOK: no visible binding for global variable ‘newDataSet’
    aggConv : onOK: no visible global function definition for
     ‘listDataSets’
    aggConv : onOK: no visible global function definition for
     ‘checkReplace’
    aggConv : onOK: no visible global function definition for ‘newDataSet’
    aggConv : onOK: no visible binding for global variable
     ‘alternativeVariable’
    aggConv : onOK: no visible binding for global variable
     ‘alternativeaVariable’
    aggConv : onOK: no visible global function definition for ‘closeDialog’
    aggConv : onOK: no visible global function definition for
     ‘ActiveDataSet’
    aggConv : onOK: no visible global function definition for
     ‘doItAndPrint’
    aggConv : onOK: no visible binding for global variable ‘top’
    aggConv : onOK: no visible global function definition for
     ‘CommanderWindow’
    aggConv: no visible global function definition for ‘OKCancelHelp’
    aggConv: no visible global function definition for ‘radioButtons’
    aggConv: no visible binding for global variable ‘alternativeFrame’
    aggConv: no visible global function definition for ‘getFrame’
    aggConv: no visible binding for global variable ‘alternativeaFrame’
    aggConv: no visible binding for global variable ‘buttonsFrame’
    aggConv: no visible global function definition for ‘dialogSuffix’
    bc2: no visible global function definition for ‘boxcox’
    bcMod: no visible global function definition for ‘initializeDialog’
    bcMod: no visible global function definition for ‘gettextRcmdr’
    bcMod: no visible global function definition for ‘variableListBox’
    bcMod: no visible binding for global variable ‘top’
    bcMod: no visible global function definition for ‘Numeric’
    bcMod : onOK: no visible global function definition for ‘getSelection’
    bcMod : onOK: no visible global function definition for
     ‘errorCondition’
    bcMod : onOK: no visible global function definition for ‘gettextRcmdr’
    bcMod : onOK: no visible global function definition for ‘closeDialog’
    bcMod : onOK: no visible global function definition for ‘doItAndPrint’
    bcMod : onOK: no visible global function definition for ‘ActiveDataSet’
    bcMod : onOK: no visible binding for global variable ‘top’
    bcMod : onOK: no visible global function definition for
     ‘CommanderWindow’
    bcMod: no visible global function definition for ‘OKCancelHelp’
    bcMod: no visible global function definition for ‘getFrame’
    bcMod: no visible binding for global variable ‘buttonsFrame’
    bcMod: no visible global function definition for ‘dialogSuffix’
    bulkfitg: no visible global function definition for ‘garch’
    decomMod: no visible global function definition for ‘initializeDialog’
    decomMod: no visible global function definition for ‘gettextRcmdr’
    decomMod: no visible global function definition for ‘variableListBox’
    decomMod: no visible binding for global variable ‘top’
    decomMod: no visible global function definition for ‘Numeric’
    decomMod : onOK: no visible global function definition for
     ‘getSelection’
    decomMod : onOK: no visible global function definition for
     ‘errorCondition’
    decomMod : onOK: no visible global function definition for
     ‘gettextRcmdr’
    decomMod : onOK: no visible global function definition for
     ‘trim.blanks’
    decomMod : onOK: no visible global function definition for
     ‘is.valid.name’
    decomMod : onOK: no visible binding for global variable ‘newDataSet’
    decomMod : onOK: no visible global function definition for
     ‘listDataSets’
    decomMod : onOK: no visible global function definition for
     ‘checkReplace’
    decomMod : onOK: no visible global function definition for ‘newDataSet’
    decomMod : onOK: no visible global function definition for
     ‘closeDialog’
    decomMod : onOK: no visible global function definition for
     ‘ActiveDataSet’
    decomMod : onOK: no visible global function definition for
     ‘doItAndPrint’
    decomMod : onOK: no visible binding for global variable ‘top’
    decomMod : onOK: no visible global function definition for
     ‘CommanderWindow’
    decomMod: no visible global function definition for ‘OKCancelHelp’
    decomMod: no visible global function definition for ‘getFrame’
    decomMod: no visible binding for global variable ‘buttonsFrame’
    decomMod: no visible global function definition for ‘dialogSuffix’
    decomModcom: no visible global function definition for
     ‘initializeDialog’
    decomModcom: no visible global function definition for ‘gettextRcmdr’
    decomModcom: no visible global function definition for
     ‘variableListBox’
    decomModcom: no visible binding for global variable ‘top’
    decomModcom: no visible global function definition for ‘Numeric’
    decomModcom : onOK: no visible global function definition for
     ‘getSelection’
    decomModcom : onOK: no visible global function definition for
     ‘errorCondition’
    decomModcom : onOK: no visible global function definition for
     ‘gettextRcmdr’
    decomModcom : onOK: no visible global function definition for
     ‘trim.blanks’
    decomModcom : onOK: no visible global function definition for
     ‘is.valid.name’
    decomModcom : onOK: no visible binding for global variable ‘newDataSet’
    decomModcom : onOK: no visible global function definition for
     ‘listDataSets’
    decomModcom : onOK: no visible global function definition for
     ‘checkReplace’
    decomModcom : onOK: no visible global function definition for
     ‘newDataSet’
    decomModcom : onOK: no visible global function definition for
     ‘closeDialog’
    decomModcom : onOK: no visible global function definition for ‘logger’
    decomModcom : onOK: no visible global function definition for
     ‘ActiveDataSet’
    decomModcom : onOK: no visible global function definition for
     ‘doItAndPrint’
    decomModcom : onOK: no visible binding for global variable ‘.One’
    decomModcom : onOK: no visible binding for global variable ‘.Two’
    decomModcom : onOK: no visible binding for global variable ‘top’
    decomModcom : onOK: no visible global function definition for
     ‘CommanderWindow’
    decomModcom: no visible global function definition for ‘OKCancelHelp’
    decomModcom: no visible global function definition for ‘getFrame’
    decomModcom: no visible binding for global variable ‘buttonsFrame’
    decomModcom: no visible global function definition for ‘dialogSuffix’
    decomaMod: no visible global function definition for ‘initializeDialog’
    decomaMod: no visible global function definition for ‘gettextRcmdr’
    decomaMod: no visible global function definition for ‘variableListBox’
    decomaMod: no visible binding for global variable ‘top’
    decomaMod: no visible global function definition for ‘Numeric’
    decomaMod : onOK: no visible global function definition for
     ‘getSelection’
    decomaMod : onOK: no visible global function definition for
     ‘errorCondition’
    decomaMod : onOK: no visible global function definition for
     ‘gettextRcmdr’
    decomaMod : onOK: no visible global function definition for
     ‘trim.blanks’
    decomaMod : onOK: no visible global function definition for
     ‘is.valid.name’
    decomaMod : onOK: no visible binding for global variable ‘newDataSet’
    decomaMod : onOK: no visible global function definition for
     ‘listDataSets’
    decomaMod : onOK: no visible global function definition for
     ‘checkReplace’
    decomaMod : onOK: no visible global function definition for
     ‘newDataSet’
    decomaMod : onOK: no visible global function definition for
     ‘closeDialog’
    decomaMod : onOK: no visible global function definition for
     ‘ActiveDataSet’
    decomaMod : onOK: no visible global function definition for
     ‘doItAndPrint’
    decomaMod : onOK: no visible binding for global variable ‘top’
    decomaMod : onOK: no visible global function definition for
     ‘CommanderWindow’
    decomaMod: no visible global function definition for ‘OKCancelHelp’
    decomaMod: no visible global function definition for ‘getFrame’
    decomaMod: no visible binding for global variable ‘buttonsFrame’
    decomaMod: no visible global function definition for ‘dialogSuffix’
    editTSframe: no visible global function definition for
     ‘initializeDialog’
    editTSframe: no visible global function definition for ‘gettextRcmdr’
    editTSframe: no visible binding for global variable ‘top’
    editTSframe : onOK: no visible global function definition for
     ‘trim.blanks’
    editTSframe : onOK: no visible global function definition for
     ‘errorCondition’
    editTSframe : onOK: no visible global function definition for
     ‘gettextRcmdr’
    editTSframe : onOK: no visible global function definition for
     ‘is.valid.name’
    editTSframe : onOK: no visible binding for global variable ‘newDataSet’
    editTSframe : onOK: no visible global function definition for
     ‘listDataSets’
    editTSframe : onOK: no visible global function definition for
     ‘checkReplace’
    editTSframe : onOK: no visible global function definition for
     ‘newDataSet’
    editTSframe : onOK: no visible global function definition for
     ‘justDoIt’
    editTSframe : onOK: no visible global function definition for ‘logger’
    editTSframe : onOK: no visible global function definition for
     ‘activeDataSet’
    editTSframe : onOK: no visible global function definition for
     ‘closeDialog’
    editTSframe : onOK: no visible global function definition for
     ‘CommanderWindow’
    editTSframe: no visible global function definition for ‘OKCancelHelp’
    editTSframe: no visible binding for global variable ‘buttonsFrame’
    editTSframe: no visible global function definition for ‘dialogSuffix’
    foreAllModel: no visible global function definition for ‘listAllModels’
    foreAllModel: no visible global function definition for ‘ActiveModel’
    foreAllModel: no visible global function definition for ‘Message’
    foreAllModel: no visible global function definition for ‘gettextRcmdr’
    foreAllModel: no visible global function definition for
     ‘CommanderWindow’
    foreAllModel: no visible global function definition for
     ‘initializeDialog’
    foreAllModel: no visible global function definition for ‘ActiveDataSet’
    foreAllModel: no visible global function definition for
     ‘variableListBox’
    foreAllModel: no visible binding for global variable ‘top’
    foreAllModel : onOK: no visible global function definition for
     ‘getSelection’
    foreAllModel : onOK: no visible global function definition for
     ‘closeDialog’
    foreAllModel : onOK: no visible global function definition for
     ‘CommanderWindow’
    foreAllModel : onOK: no visible global function definition for
     ‘activeModel’
    foreAllModel : onOK: no visible global function definition for
     ‘doItAndPrint’
    foreAllModel : onOK: no visible binding for global variable ‘top’
    foreAllModel: no visible global function definition for ‘OKCancelHelp’
    foreAllModel: no visible global function definition for ‘getRcmdr’
    foreAllModel: no visible global function definition for ‘getFrame’
    foreAllModel: no visible binding for global variable ‘buttonsFrame’
    foreAllModel: no visible global function definition for ‘dialogSuffix’
    foreMod: no visible global function definition for ‘initializeDialog’
    foreMod: no visible global function definition for ‘gettextRcmdr’
    foreMod: no visible global function definition for ‘Numeric’
    foreMod: no visible global function definition for ‘variableListBox’
    foreMod: no visible binding for global variable ‘top’
    foreMod : onOK: no visible global function definition for
     ‘getSelection’
    foreMod : onOK: no visible global function definition for
     ‘errorCondition’
    foreMod : onOK: no visible global function definition for
     ‘gettextRcmdr’
    foreMod : onOK: no visible global function definition for ‘closeDialog’
    foreMod : onOK: no visible global function definition for
     ‘ActiveDataSet’
    foreMod : onOK: no visible global function definition for
     ‘doItAndPrint’
    foreMod : onOK: no visible global function definition for
     ‘CommanderWindow’
    foreMod: no visible global function definition for ‘OKCancelHelp’
    foreMod: no visible global function definition for ‘getFrame’
    foreMod: no visible binding for global variable ‘buttonsFrame’
    foreMod: no visible global function definition for ‘dialogSuffix’
    forebMod: no visible global function definition for ‘initializeDialog’
    forebMod: no visible global function definition for ‘gettextRcmdr’
    forebMod: no visible global function definition for ‘Numeric’
    forebMod: no visible global function definition for ‘variableListBox’
    forebMod: no visible binding for global variable ‘top’
    forebMod : onOK: no visible global function definition for
     ‘getSelection’
    forebMod : onOK: no visible global function definition for
     ‘errorCondition’
    forebMod : onOK: no visible global function definition for
     ‘gettextRcmdr’
    forebMod : onOK: no visible global function definition for
     ‘trim.blanks’
    forebMod : onOK: no visible global function definition for
     ‘is.valid.name’
    forebMod : onOK: no visible binding for global variable ‘newDataSet’
    forebMod : onOK: no visible global function definition for
     ‘listDataSets’
    forebMod : onOK: no visible global function definition for
     ‘checkReplace’
    forebMod : onOK: no visible global function definition for ‘newDataSet’
    forebMod : onOK: no visible global function definition for
     ‘closeDialog’
    forebMod : onOK: no visible global function definition for
     ‘ActiveDataSet’
    forebMod : onOK: no visible global function definition for
     ‘doItAndPrint’
    forebMod : onOK: no visible global function definition for
     ‘CommanderWindow’
    forebMod: no visible global function definition for ‘OKCancelHelp’
    forebMod: no visible global function definition for ‘getFrame’
    forebMod: no visible binding for global variable ‘buttonsFrame’
    forebMod: no visible global function definition for ‘dialogSuffix’
    garchMod: no visible global function definition for ‘initializeDialog’
    garchMod: no visible global function definition for ‘gettextRcmdr’
    garchMod: no visible global function definition for ‘ActiveModel’
    garchMod: no visible global function definition for ‘UpdateModelNumber’
    garchMod: no visible global function definition for ‘getRcmdr’
    garchMod: no visible binding for global variable ‘top’
    garchMod: no visible global function definition for ‘variableListBox’
    garchMod: no visible global function definition for ‘Numeric’
    garchMod : onOK: no visible global function definition for
     ‘trim.blanks’
    garchMod : onOK: no visible global function definition for
     ‘is.valid.name’
    garchMod : onOK: no visible global function definition for
     ‘errorCondition’
    garchMod : onOK: no visible global function definition for
     ‘gettextRcmdr’
    garchMod : onOK: no visible global function definition for
     ‘getSelection’
    garchMod : onOK: no visible global function definition for
     ‘closeDialog’
    garchMod : onOK: no visible global function definition for
     ‘checkReplace’
    garchMod : onOK: no visible global function definition for
     ‘UpdateModelNumber’
    garchMod : onOK: no visible global function definition for
     ‘ActiveDataSet’
    garchMod : onOK: no visible global function definition for ‘logger’
    garchMod : onOK: no visible global function definition for ‘justDoIt’
    garchMod : onOK: no visible global function definition for
     ‘doItAndPrint’
    garchMod : onOK: no visible global function definition for
     ‘activeModel’
    garchMod : onOK: no visible binding for global variable ‘top’
    garchMod : onOK: no visible global function definition for
     ‘CommanderWindow’
    garchMod: no visible global function definition for ‘OKCancelHelp’
    garchMod: no visible global function definition for ‘getFrame’
    garchMod: no visible binding for global variable ‘buttonsFrame’
    garchMod: no visible global function definition for ‘dialogSuffix’
    histprice2: no visible global function definition for ‘get.hist.quote’
    histprice2: no visible binding for global variable ‘as.yearmon’
    hwexpoMod: no visible global function definition for ‘initializeDialog’
    hwexpoMod: no visible global function definition for ‘gettextRcmdr’
    hwexpoMod: no visible global function definition for ‘variableListBox’
    hwexpoMod: no visible binding for global variable ‘top’
    hwexpoMod: no visible global function definition for ‘Numeric’
    hwexpoMod : onOK: no visible global function definition for
     ‘getSelection’
    hwexpoMod : onOK: no visible global function definition for
     ‘errorCondition’
    hwexpoMod : onOK: no visible global function definition for
     ‘gettextRcmdr’
    hwexpoMod : onOK: no visible global function definition for
     ‘closeDialog’
    hwexpoMod : onOK: no visible global function definition for
     ‘doItAndPrint’
    hwexpoMod : onOK: no visible global function definition for
     ‘ActiveDataSet’
    hwexpoMod : onOK: no visible binding for global variable ‘top’
    hwexpoMod : onOK: no visible global function definition for
     ‘CommanderWindow’
    hwexpoMod: no visible global function definition for ‘OKCancelHelp’
    hwexpoMod: no visible global function definition for ‘getFrame’
    hwexpoMod: no visible binding for global variable ‘buttonsFrame’
    hwexpoMod: no visible global function definition for ‘dialogSuffix’
    hwnonseasMod: no visible global function definition for
     ‘initializeDialog’
    hwnonseasMod: no visible global function definition for ‘gettextRcmdr’
    hwnonseasMod: no visible global function definition for
     ‘variableListBox’
    hwnonseasMod: no visible binding for global variable ‘top’
    hwnonseasMod: no visible global function definition for ‘Numeric’
    hwnonseasMod : onOK: no visible global function definition for
     ‘getSelection’
    hwnonseasMod : onOK: no visible global function definition for
     ‘errorCondition’
    hwnonseasMod : onOK: no visible global function definition for
     ‘gettextRcmdr’
    hwnonseasMod : onOK: no visible global function definition for
     ‘closeDialog’
    hwnonseasMod : onOK: no visible global function definition for
     ‘doItAndPrint’
    hwnonseasMod : onOK: no visible global function definition for
     ‘ActiveDataSet’
    hwnonseasMod : onOK: no visible binding for global variable ‘top’
    hwnonseasMod : onOK: no visible global function definition for
     ‘CommanderWindow’
    hwnonseasMod: no visible global function definition for ‘OKCancelHelp’
    hwnonseasMod: no visible global function definition for ‘getFrame’
    hwnonseasMod: no visible binding for global variable ‘buttonsFrame’
    hwnonseasMod: no visible global function definition for ‘dialogSuffix’
    hwseasMod: no visible global function definition for ‘initializeDialog’
    hwseasMod: no visible global function definition for ‘gettextRcmdr’
    hwseasMod: no visible global function definition for ‘variableListBox’
    hwseasMod: no visible binding for global variable ‘top’
    hwseasMod: no visible global function definition for ‘Numeric’
    hwseasMod : onOK: no visible global function definition for
     ‘getSelection’
    hwseasMod : onOK: no visible global function definition for
     ‘errorCondition’
    hwseasMod : onOK: no visible global function definition for
     ‘gettextRcmdr’
    hwseasMod : onOK: no visible global function definition for
     ‘closeDialog’
    hwseasMod : onOK: no visible global function definition for
     ‘doItAndPrint’
    hwseasMod : onOK: no visible global function definition for
     ‘ActiveDataSet’
    hwseasMod : onOK: no visible binding for global variable ‘top’
    hwseasMod : onOK: no visible global function definition for
     ‘CommanderWindow’
    hwseasMod: no visible global function definition for ‘OKCancelHelp’
    hwseasMod: no visible global function definition for ‘getFrame’
    hwseasMod: no visible binding for global variable ‘buttonsFrame’
    hwseasMod: no visible global function definition for ‘dialogSuffix’
    newHistPrice: no visible global function definition for
     ‘initializeDialog’
    newHistPrice: no visible global function definition for ‘gettextRcmdr’
    newHistPrice: no visible binding for global variable ‘top’
    newHistPrice : onOK: no visible global function definition for
     ‘trim.blanks’
    newHistPrice : onOK: no visible global function definition for
     ‘errorCondition’
    newHistPrice : onOK: no visible global function definition for
     ‘gettextRcmdr’
    newHistPrice : onOK: no visible global function definition for
     ‘is.valid.name’
    newHistPrice : onOK: no visible binding for global variable
     ‘newDataSet’
    newHistPrice : onOK: no visible global function definition for
     ‘listDataSets’
    newHistPrice : onOK: no visible global function definition for
     ‘checkReplace’
    newHistPrice : onOK: no visible global function definition for
     ‘newDataSet’
    newHistPrice : onOK: no visible binding for global variable
     ‘alternativeVariable’
    newHistPrice : onOK: no visible global function definition for
     ‘justDoIt’
    newHistPrice : onOK: no visible global function definition for ‘logger’
    newHistPrice : onOK: no visible global function definition for
     ‘activeDataSet’
    newHistPrice : onOK: no visible global function definition for
     ‘closeDialog’
    newHistPrice : onOK: no visible global function definition for
     ‘CommanderWindow’
    newHistPrice: no visible global function definition for ‘OKCancelHelp’
    newHistPrice: no visible global function definition for ‘radioButtons’
    newHistPrice: no visible binding for global variable ‘alternativeFrame’
    newHistPrice: no visible binding for global variable ‘buttonsFrame’
    newHistPrice: no visible global function definition for ‘dialogSuffix’
    opMod: no visible global function definition for ‘initializeDialog’
    opMod: no visible global function definition for ‘gettextRcmdr’
    opMod: no visible global function definition for ‘variableListBox’
    opMod: no visible binding for global variable ‘top’
    opMod: no visible global function definition for ‘Numeric’
    opMod : onOK: no visible global function definition for ‘getSelection’
    opMod : onOK: no visible global function definition for
     ‘errorCondition’
    opMod : onOK: no visible global function definition for ‘gettextRcmdr’
    opMod : onOK: no visible global function definition for ‘closeDialog’
    opMod : onOK: no visible global function definition for ‘doItAndPrint’
    opMod : onOK: no visible global function definition for ‘ActiveDataSet’
    opMod : onOK: no visible binding for global variable ‘top’
    opMod : onOK: no visible global function definition for
     ‘CommanderWindow’
    opMod: no visible global function definition for ‘OKCancelHelp’
    opMod: no visible global function definition for ‘getFrame’
    opMod: no visible binding for global variable ‘buttonsFrame’
    opMod: no visible global function definition for ‘dialogSuffix’
    pacfMod: no visible global function definition for ‘initializeDialog’
    pacfMod: no visible global function definition for ‘gettextRcmdr’
    pacfMod: no visible global function definition for ‘variableListBox’
    pacfMod: no visible binding for global variable ‘top’
    pacfMod: no visible global function definition for ‘Numeric’
    pacfMod : onOK: no visible global function definition for
     ‘getSelection’
    pacfMod : onOK: no visible global function definition for
     ‘errorCondition’
    pacfMod : onOK: no visible global function definition for
     ‘gettextRcmdr’
    pacfMod : onOK: no visible global function definition for ‘closeDialog’
    pacfMod : onOK: no visible global function definition for
     ‘doItAndPrint’
    pacfMod : onOK: no visible global function definition for
     ‘ActiveDataSet’
    pacfMod : onOK: no visible binding for global variable ‘top’
    pacfMod : onOK: no visible global function definition for
     ‘CommanderWindow’
    pacfMod: no visible global function definition for ‘OKCancelHelp’
    pacfMod: no visible global function definition for ‘getFrame’
    pacfMod: no visible binding for global variable ‘buttonsFrame’
    pacfMod: no visible global function definition for ‘dialogSuffix’
    predARModel: no visible global function definition for ‘listAllModels’
    predARModel: no visible global function definition for ‘ActiveModel’
    predARModel: no visible global function definition for ‘Message’
    predARModel: no visible global function definition for ‘gettextRcmdr’
    predARModel: no visible global function definition for
     ‘CommanderWindow’
    predARModel: no visible binding for global variable ‘top’
    predARModel: no visible global function definition for ‘trim.blanks’
    predARModel: no visible global function definition for ‘errorCondition’
    predARModel: no visible global function definition for ‘is.valid.name’
    predARModel: no visible binding for global variable ‘newDataSet’
    predARModel: no visible global function definition for
     ‘initializeDialog’
    predARModel: no visible global function definition for ‘ActiveDataSet’
    predARModel: no visible global function definition for
     ‘variableListBox’
    predARModel : onOK: no visible global function definition for
     ‘getSelection’
    predARModel : onOK: no visible global function definition for
     ‘closeDialog’
    predARModel : onOK: no visible global function definition for
     ‘CommanderWindow’
    predARModel : onOK: no visible global function definition for
     ‘activeModel’
    predARModel : onOK: no visible global function definition for
     ‘doItAndPrint’
    predARModel : onOK: no visible binding for global variable ‘top’
    predARModel: no visible global function definition for ‘OKCancelHelp’
    predARModel: no visible global function definition for ‘getRcmdr’
    predARModel: no visible global function definition for ‘getFrame’
    predARModel: no visible binding for global variable ‘buttonsFrame’
    predARModel: no visible global function definition for ‘dialogSuffix’
    predAllModel: no visible global function definition for ‘listAllModels’
    predAllModel: no visible global function definition for ‘ActiveModel’
    predAllModel: no visible global function definition for ‘Message’
    predAllModel: no visible global function definition for ‘gettextRcmdr’
    predAllModel: no visible global function definition for
     ‘CommanderWindow’
    predAllModel: no visible global function definition for
     ‘initializeDialog’
    predAllModel: no visible global function definition for ‘ActiveDataSet’
    predAllModel: no visible global function definition for
     ‘variableListBox’
    predAllModel: no visible binding for global variable ‘top’
    predAllModel : onOK: no visible global function definition for
     ‘getSelection’
    predAllModel : onOK: no visible global function definition for
     ‘closeDialog’
    predAllModel : onOK: no visible global function definition for
     ‘CommanderWindow’
    predAllModel : onOK: no visible global function definition for
     ‘trim.blanks’
    predAllModel : onOK: no visible global function definition for
     ‘errorCondition’
    predAllModel : onOK: no visible global function definition for
     ‘gettextRcmdr’
    predAllModel : onOK: no visible global function definition for
     ‘is.valid.name’
    predAllModel : onOK: no visible binding for global variable
     ‘newDataSet’
    predAllModel : onOK: no visible global function definition for
     ‘listDataSets’
    predAllModel : onOK: no visible global function definition for
     ‘checkReplace’
    predAllModel : onOK: no visible global function definition for
     ‘newDataSet’
    predAllModel : onOK: no visible global function definition for
     ‘activeModel’
    predAllModel : onOK: no visible global function definition for
     ‘doItAndPrint’
    predAllModel : onOK: no visible binding for global variable ‘top’
    predAllModel: no visible global function definition for ‘OKCancelHelp’
    predAllModel: no visible global function definition for ‘getRcmdr’
    predAllModel: no visible global function definition for ‘getFrame’
    predAllModel: no visible binding for global variable ‘buttonsFrame’
    predAllModel: no visible global function definition for ‘dialogSuffix’
    predar3: no visible global function definition for ‘forecast.Arima’
    runbulk: no visible global function definition for ‘initializeDialog’
    runbulk: no visible global function definition for ‘gettextRcmdr’
    runbulk: no visible global function definition for ‘variableListBox’
    runbulk: no visible binding for global variable ‘top’
    runbulk: no visible global function definition for ‘Numeric’
    runbulk : onOK: no visible global function definition for
     ‘getSelection’
    runbulk : onOK: no visible global function definition for
     ‘errorCondition’
    runbulk : onOK: no visible global function definition for
     ‘gettextRcmdr’
    runbulk : onOK: no visible global function definition for ‘closeDialog’
    runbulk : onOK: no visible global function definition for
     ‘doItAndPrint’
    runbulk : onOK: no visible global function definition for
     ‘ActiveDataSet’
    runbulk : onOK: no visible binding for global variable ‘top’
    runbulk : onOK: no visible global function definition for
     ‘CommanderWindow’
    runbulk: no visible global function definition for ‘OKCancelHelp’
    runbulk: no visible global function definition for ‘getFrame’
    runbulk: no visible binding for global variable ‘buttonsFrame’
    runbulk: no visible global function definition for ‘dialogSuffix’
    runbulkg: no visible global function definition for ‘initializeDialog’
    runbulkg: no visible global function definition for ‘gettextRcmdr’
    runbulkg: no visible global function definition for ‘variableListBox’
    runbulkg: no visible binding for global variable ‘top’
    runbulkg: no visible global function definition for ‘Numeric’
    runbulkg : onOK: no visible global function definition for
     ‘getSelection’
    runbulkg : onOK: no visible global function definition for
     ‘errorCondition’
    runbulkg : onOK: no visible global function definition for
     ‘gettextRcmdr’
    runbulkg : onOK: no visible global function definition for
     ‘closeDialog’
    runbulkg : onOK: no visible global function definition for
     ‘doItAndPrint’
    runbulkg : onOK: no visible global function definition for
     ‘ActiveDataSet’
    runbulkg : onOK: no visible binding for global variable ‘top’
    runbulkg : onOK: no visible global function definition for
     ‘CommanderWindow’
    runbulkg: no visible global function definition for ‘OKCancelHelp’
    runbulkg: no visible global function definition for ‘getFrame’
    runbulkg: no visible binding for global variable ‘buttonsFrame’
    runbulkg: no visible global function definition for ‘dialogSuffix’
    selectActiveARModel: no visible global function definition for
     ‘listAllModels’
    selectActiveARModel: no visible global function definition for
     ‘ActiveModel’
    selectActiveARModel: no visible global function definition for
     ‘Message’
    selectActiveARModel: no visible global function definition for
     ‘gettextRcmdr’
    selectActiveARModel: no visible global function definition for
     ‘CommanderWindow’
    selectActiveARModel: no visible global function definition for
     ‘initializeDialog’
    selectActiveARModel: no visible global function definition for
     ‘ActiveDataSet’
    selectActiveARModel: no visible global function definition for
     ‘variableListBox’
    selectActiveARModel: no visible binding for global variable ‘top’
    selectActiveARModel : onOK: no visible global function definition for
     ‘getSelection’
    selectActiveARModel : onOK: no visible global function definition for
     ‘closeDialog’
    selectActiveARModel : onOK: no visible global function definition for
     ‘CommanderWindow’
    selectActiveARModel : onOK: no visible global function definition for
     ‘errorCondition’
    selectActiveARModel : onOK: no visible global function definition for
     ‘gettextRcmdr’
    selectActiveARModel : onOK: no visible global function definition for
     ‘listDataSets’
    selectActiveARModel : onOK: no visible global function definition for
     ‘activeDataSet’
    selectActiveARModel : onOK: no visible global function definition for
     ‘activeModel’
    selectActiveARModel: no visible global function definition for
     ‘OKCancelHelp’
    selectActiveARModel: no visible global function definition for
     ‘getRcmdr’
    selectActiveARModel: no visible global function definition for
     ‘getFrame’
    selectActiveARModel: no visible binding for global variable
     ‘buttonsFrame’
    selectActiveARModel: no visible global function definition for
     ‘dialogSuffix’
    specMod: no visible global function definition for ‘initializeDialog’
    specMod: no visible global function definition for ‘gettextRcmdr’
    specMod: no visible global function definition for ‘variableListBox’
    specMod: no visible binding for global variable ‘top’
    specMod: no visible global function definition for ‘Numeric’
    specMod : onOK: no visible global function definition for
     ‘getSelection’
    specMod : onOK: no visible global function definition for
     ‘errorCondition’
    specMod : onOK: no visible global function definition for
     ‘gettextRcmdr’
    specMod : onOK: no visible global function definition for ‘closeDialog’
    specMod : onOK: no visible global function definition for
     ‘doItAndPrint’
    specMod : onOK: no visible global function definition for
     ‘ActiveDataSet’
    specMod : onOK: no visible binding for global variable ‘top’
    specMod : onOK: no visible global function definition for
     ‘CommanderWindow’
    specMod: no visible global function definition for ‘OKCancelHelp’
    specMod: no visible global function definition for ‘getFrame’
    specMod: no visible binding for global variable ‘buttonsFrame’
    specMod: no visible global function definition for ‘dialogSuffix’
    subMod: no visible global function definition for ‘initializeDialog’
    subMod: no visible global function definition for ‘gettextRcmdr’
    subMod: no visible global function definition for ‘variableListBox’
    subMod: no visible binding for global variable ‘top’
    subMod: no visible global function definition for ‘Numeric’
    subMod : onOK: no visible global function definition for ‘getSelection’
    subMod : onOK: no visible global function definition for
     ‘errorCondition’
    subMod : onOK: no visible global function definition for ‘gettextRcmdr’
    subMod : onOK: no visible global function definition for ‘closeDialog’
    subMod : onOK: no visible global function definition for ‘doItAndPrint’
    subMod : onOK: no visible global function definition for
     ‘ActiveDataSet’
    subMod : onOK: no visible binding for global variable ‘top’
    subMod : onOK: no visible global function definition for
     ‘CommanderWindow’
    subMod: no visible global function definition for ‘OKCancelHelp’
    subMod: no visible global function definition for ‘getFrame’
    subMod: no visible binding for global variable ‘buttonsFrame’
    subMod: no visible global function definition for ‘dialogSuffix’
    tsConv: no visible global function definition for ‘initializeDialog’
    tsConv: no visible global function definition for ‘gettextRcmdr’
    tsConv: no visible global function definition for ‘variableListBox’
    tsConv: no visible binding for global variable ‘top’
    tsConv: no visible global function definition for ‘Numeric’
    tsConv : onOK: no visible global function definition for ‘getSelection’
    tsConv : onOK: no visible global function definition for
     ‘errorCondition’
    tsConv : onOK: no visible global function definition for ‘gettextRcmdr’
    tsConv : onOK: no visible global function definition for ‘closeDialog’
    tsConv : onOK: no visible global function definition for
     ‘ActiveDataSet’
    tsConv : onOK: no visible global function definition for ‘doItAndPrint’
    tsConv : onOK: no visible binding for global variable ‘top’
    tsConv : onOK: no visible global function definition for
     ‘CommanderWindow’
    tsConv: no visible global function definition for ‘OKCancelHelp’
    tsConv: no visible global function definition for ‘getFrame’
    tsConv: no visible binding for global variable ‘buttonsFrame’
    tsConv: no visible global function definition for ‘dialogSuffix’
    
    Found the following assignments to the global environment:
    File ‘RcmdrPlugin.epack/R/RcmdrPlugin.epack.R’:
     assign("pd2", justDoIt(pd1), envir = .GlobalEnv)
     assign(modelValue, justDoIt(command), envir = .GlobalEnv)
     assign(dsnameValue, justDoIt(command), envir = .GlobalEnv)
     assign(modelValue, justDoIt(command), envir = .GlobalEnv)
     assign("pd2", justDoIt(pd1), envir = .GlobalEnv)
     assign(modelValue, justDoIt(command), envir = .GlobalEnv)
     assign(modelValue, justDoIt(command), envir = .GlobalEnv)
     assign(modelValue, justDoIt(command), envir = .GlobalEnv)
     assign(dsnameValue, justDoIt(command), envir = .GlobalEnv)
     assign("pd2", justDoIt(pd1), envir = .GlobalEnv)
Flavors: r-devel-linux-x86_64-debian-clang, r-devel-linux-x86_64-debian-gcc, r-devel-linux-x86_64-fedora-clang, r-devel-osx-x86_64-clang, r-patched-linux-x86_64

Version: 1.2.5
Check: R code for possible problems
Result: NOTE
    .onAttach: no visible global function definition for ‘getRcmdr’
    .onAttach: no visible global function definition for ‘closeCommander’
    .onAttach: no visible global function definition for ‘Commander’
    ArimaMod: no visible global function definition for ‘initializeDialog’
    ArimaMod: no visible global function definition for ‘gettextRcmdr’
    ArimaMod: no visible global function definition for ‘ActiveModel’
    ArimaMod: no visible global function definition for ‘UpdateModelNumber’
    ArimaMod: no visible global function definition for ‘getRcmdr’
    ArimaMod: no visible binding for global variable ‘top’
    ArimaMod: no visible global function definition for ‘variableListBox’
    ArimaMod: no visible global function definition for ‘Numeric’
    ArimaMod : onOK: no visible global function definition for
     ‘trim.blanks’
    ArimaMod : onOK: no visible global function definition for
     ‘is.valid.name’
    ArimaMod : onOK: no visible global function definition for
     ‘errorCondition’
    ArimaMod : onOK: no visible global function definition for
     ‘gettextRcmdr’
    ArimaMod : onOK: no visible global function definition for
     ‘getSelection’
    ArimaMod : onOK: no visible binding for global variable
     ‘alternativeVariable’
    ArimaMod : onOK: no visible global function definition for
     ‘closeDialog’
    ArimaMod : onOK: no visible global function definition for
     ‘checkReplace’
    ArimaMod : onOK: no visible global function definition for
     ‘UpdateModelNumber’
    ArimaMod : onOK: no visible global function definition for
     ‘ActiveDataSet’
    ArimaMod : onOK: no visible global function definition for ‘justDoIt’
    ArimaMod : onOK: no visible binding for global variable ‘pd2’
    ArimaMod : onOK: no visible global function definition for ‘logger’
    ArimaMod : onOK: no visible global function definition for
     ‘doItAndPrint’
    ArimaMod : onOK: no visible global function definition for
     ‘activeModel’
    ArimaMod : onOK: no visible binding for global variable ‘top’
    ArimaMod : onOK: no visible global function definition for
     ‘CommanderWindow’
    ArimaMod: no visible global function definition for ‘OKCancelHelp’
    ArimaMod: no visible global function definition for ‘radioButtons’
    ArimaMod: no visible global function definition for ‘getFrame’
    ArimaMod: no visible binding for global variable ‘alternativeFrame’
    ArimaMod: no visible binding for global variable ‘buttonsFrame’
    ArimaMod: no visible global function definition for ‘dialogSuffix’
    ArimaModIn: no visible global function definition for
     ‘initializeDialog’
    ArimaModIn: no visible global function definition for ‘gettextRcmdr’
    ArimaModIn: no visible global function definition for ‘variableListBox’
    ArimaModIn: no visible binding for global variable ‘top’
    ArimaModIn: no visible global function definition for ‘Numeric’
    ArimaModIn : onOK: no visible global function definition for
     ‘getSelection’
    ArimaModIn : onOK: no visible global function definition for
     ‘errorCondition’
    ArimaModIn : onOK: no visible global function definition for
     ‘gettextRcmdr’
    ArimaModIn : onOK: no visible binding for global variable
     ‘alternativeVariable’
    ArimaModIn : onOK: no visible global function definition for
     ‘closeDialog’
    ArimaModIn : onOK: no visible global function definition for
     ‘ActiveDataSet’
    ArimaModIn : onOK: no visible global function definition for ‘justDoIt’
    ArimaModIn : onOK: no visible binding for global variable ‘pd2’
    ArimaModIn : onOK: no visible global function definition for
     ‘doItAndPrint’
    ArimaModIn : onOK: no visible binding for global variable ‘top’
    ArimaModIn : onOK: no visible global function definition for
     ‘CommanderWindow’
    ArimaModIn: no visible global function definition for ‘OKCancelHelp’
    ArimaModIn: no visible global function definition for ‘radioButtons’
    ArimaModIn: no visible global function definition for ‘getFrame’
    ArimaModIn: no visible binding for global variable ‘alternativeFrame’
    ArimaModIn: no visible binding for global variable ‘buttonsFrame’
    ArimaModIn: no visible global function definition for ‘dialogSuffix’
    HoltWintersExpoMod: no visible global function definition for
     ‘initializeDialog’
    HoltWintersExpoMod: no visible global function definition for
     ‘gettextRcmdr’
    HoltWintersExpoMod: no visible global function definition for
     ‘ActiveModel’
    HoltWintersExpoMod: no visible global function definition for
     ‘UpdateModelNumber’
    HoltWintersExpoMod: no visible global function definition for
     ‘getRcmdr’
    HoltWintersExpoMod: no visible binding for global variable ‘top’
    HoltWintersExpoMod: no visible global function definition for
     ‘variableListBox’
    HoltWintersExpoMod: no visible global function definition for ‘Numeric’
    HoltWintersExpoMod : onOK: no visible global function definition for
     ‘trim.blanks’
    HoltWintersExpoMod : onOK: no visible global function definition for
     ‘is.valid.name’
    HoltWintersExpoMod : onOK: no visible global function definition for
     ‘errorCondition’
    HoltWintersExpoMod : onOK: no visible global function definition for
     ‘gettextRcmdr’
    HoltWintersExpoMod : onOK: no visible global function definition for
     ‘getSelection’
    HoltWintersExpoMod : onOK: no visible global function definition for
     ‘closeDialog’
    HoltWintersExpoMod : onOK: no visible global function definition for
     ‘checkReplace’
    HoltWintersExpoMod : onOK: no visible global function definition for
     ‘UpdateModelNumber’
    HoltWintersExpoMod : onOK: no visible global function definition for
     ‘ActiveDataSet’
    HoltWintersExpoMod : onOK: no visible global function definition for
     ‘logger’
    HoltWintersExpoMod : onOK: no visible global function definition for
     ‘justDoIt’
    HoltWintersExpoMod : onOK: no visible global function definition for
     ‘doItAndPrint’
    HoltWintersExpoMod : onOK: no visible global function definition for
     ‘activeModel’
    HoltWintersExpoMod : onOK: no visible binding for global variable ‘top’
    HoltWintersExpoMod : onOK: no visible global function definition for
     ‘CommanderWindow’
    HoltWintersExpoMod: no visible global function definition for
     ‘OKCancelHelp’
    HoltWintersExpoMod: no visible global function definition for
     ‘getFrame’
    HoltWintersExpoMod: no visible binding for global variable
     ‘buttonsFrame’
    HoltWintersExpoMod: no visible global function definition for
     ‘dialogSuffix’
    HoltWintersMod: no visible global function definition for
     ‘initializeDialog’
    HoltWintersMod: no visible global function definition for
     ‘gettextRcmdr’
    HoltWintersMod: no visible global function definition for ‘ActiveModel’
    HoltWintersMod: no visible global function definition for
     ‘UpdateModelNumber’
    HoltWintersMod: no visible global function definition for ‘getRcmdr’
    HoltWintersMod: no visible binding for global variable ‘top’
    HoltWintersMod: no visible global function definition for
     ‘variableListBox’
    HoltWintersMod: no visible global function definition for ‘Numeric’
    HoltWintersMod : onOK: no visible global function definition for
     ‘trim.blanks’
    HoltWintersMod : onOK: no visible global function definition for
     ‘is.valid.name’
    HoltWintersMod : onOK: no visible global function definition for
     ‘errorCondition’
    HoltWintersMod : onOK: no visible global function definition for
     ‘gettextRcmdr’
    HoltWintersMod : onOK: no visible global function definition for
     ‘getSelection’
    HoltWintersMod : onOK: no visible binding for global variable
     ‘alternativeVariable’
    HoltWintersMod : onOK: no visible global function definition for
     ‘closeDialog’
    HoltWintersMod : onOK: no visible global function definition for
     ‘checkReplace’
    HoltWintersMod : onOK: no visible global function definition for
     ‘UpdateModelNumber’
    HoltWintersMod : onOK: no visible global function definition for
     ‘ActiveDataSet’
    HoltWintersMod : onOK: no visible global function definition for
     ‘justDoIt’
    HoltWintersMod : onOK: no visible global function definition for
     ‘logger’
    HoltWintersMod : onOK: no visible global function definition for
     ‘doItAndPrint’
    HoltWintersMod : onOK: no visible global function definition for
     ‘activeModel’
    HoltWintersMod : onOK: no visible binding for global variable ‘top’
    HoltWintersMod : onOK: no visible global function definition for
     ‘CommanderWindow’
    HoltWintersMod: no visible global function definition for
     ‘OKCancelHelp’
    HoltWintersMod: no visible global function definition for
     ‘radioButtons’
    HoltWintersMod: no visible global function definition for ‘getFrame’
    HoltWintersMod: no visible binding for global variable
     ‘alternativeFrame’
    HoltWintersMod: no visible binding for global variable ‘buttonsFrame’
    HoltWintersMod: no visible global function definition for
     ‘dialogSuffix’
    HoltWintersNonMod: no visible global function definition for
     ‘initializeDialog’
    HoltWintersNonMod: no visible global function definition for
     ‘gettextRcmdr’
    HoltWintersNonMod: no visible global function definition for
     ‘ActiveModel’
    HoltWintersNonMod: no visible global function definition for
     ‘UpdateModelNumber’
    HoltWintersNonMod: no visible global function definition for ‘getRcmdr’
    HoltWintersNonMod: no visible binding for global variable ‘top’
    HoltWintersNonMod: no visible global function definition for
     ‘variableListBox’
    HoltWintersNonMod: no visible global function definition for ‘Numeric’
    HoltWintersNonMod : onOK: no visible global function definition for
     ‘trim.blanks’
    HoltWintersNonMod : onOK: no visible global function definition for
     ‘is.valid.name’
    HoltWintersNonMod : onOK: no visible global function definition for
     ‘errorCondition’
    HoltWintersNonMod : onOK: no visible global function definition for
     ‘gettextRcmdr’
    HoltWintersNonMod : onOK: no visible global function definition for
     ‘getSelection’
    HoltWintersNonMod : onOK: no visible global function definition for
     ‘closeDialog’
    HoltWintersNonMod : onOK: no visible global function definition for
     ‘checkReplace’
    HoltWintersNonMod : onOK: no visible global function definition for
     ‘UpdateModelNumber’
    HoltWintersNonMod : onOK: no visible global function definition for
     ‘ActiveDataSet’
    HoltWintersNonMod : onOK: no visible global function definition for
     ‘logger’
    HoltWintersNonMod : onOK: no visible global function definition for
     ‘justDoIt’
    HoltWintersNonMod : onOK: no visible global function definition for
     ‘doItAndPrint’
    HoltWintersNonMod : onOK: no visible global function definition for
     ‘activeModel’
    HoltWintersNonMod : onOK: no visible binding for global variable ‘top’
    HoltWintersNonMod : onOK: no visible global function definition for
     ‘CommanderWindow’
    HoltWintersNonMod: no visible global function definition for
     ‘OKCancelHelp’
    HoltWintersNonMod: no visible global function definition for ‘getFrame’
    HoltWintersNonMod: no visible binding for global variable
     ‘buttonsFrame’
    HoltWintersNonMod: no visible global function definition for
     ‘dialogSuffix’
    acfMod: no visible global function definition for ‘initializeDialog’
    acfMod: no visible global function definition for ‘gettextRcmdr’
    acfMod: no visible global function definition for ‘variableListBox’
    acfMod: no visible binding for global variable ‘top’
    acfMod: no visible global function definition for ‘Numeric’
    acfMod : onOK: no visible global function definition for ‘getSelection’
    acfMod : onOK: no visible global function definition for
     ‘errorCondition’
    acfMod : onOK: no visible global function definition for ‘gettextRcmdr’
    acfMod : onOK: no visible global function definition for ‘closeDialog’
    acfMod : onOK: no visible global function definition for ‘doItAndPrint’
    acfMod : onOK: no visible global function definition for
     ‘ActiveDataSet’
    acfMod : onOK: no visible binding for global variable ‘top’
    acfMod : onOK: no visible global function definition for
     ‘CommanderWindow’
    acfMod: no visible global function definition for ‘OKCancelHelp’
    acfMod: no visible global function definition for ‘getFrame’
    acfMod: no visible binding for global variable ‘buttonsFrame’
    acfMod: no visible global function definition for ‘dialogSuffix’
    aggConv: no visible global function definition for ‘initializeDialog’
    aggConv: no visible global function definition for ‘gettextRcmdr’
    aggConv: no visible global function definition for ‘variableListBox’
    aggConv: no visible binding for global variable ‘top’
    aggConv: no visible global function definition for ‘Numeric’
    aggConv : onOK: no visible global function definition for
     ‘getSelection’
    aggConv : onOK: no visible global function definition for
     ‘errorCondition’
    aggConv : onOK: no visible global function definition for
     ‘gettextRcmdr’
    aggConv : onOK: no visible global function definition for ‘trim.blanks’
    aggConv : onOK: no visible global function definition for
     ‘is.valid.name’
    aggConv : onOK: no visible binding for global variable ‘newDataSet’
    aggConv : onOK: no visible global function definition for
     ‘listDataSets’
    aggConv : onOK: no visible global function definition for
     ‘checkReplace’
    aggConv : onOK: no visible global function definition for ‘newDataSet’
    aggConv : onOK: no visible binding for global variable
     ‘alternativeVariable’
    aggConv : onOK: no visible binding for global variable
     ‘alternativeaVariable’
    aggConv : onOK: no visible global function definition for ‘closeDialog’
    aggConv : onOK: no visible global function definition for
     ‘ActiveDataSet’
    aggConv : onOK: no visible global function definition for
     ‘doItAndPrint’
    aggConv : onOK: no visible binding for global variable ‘top’
    aggConv : onOK: no visible global function definition for
     ‘CommanderWindow’
    aggConv: no visible global function definition for ‘OKCancelHelp’
    aggConv: no visible global function definition for ‘radioButtons’
    aggConv: no visible binding for global variable ‘alternativeFrame’
    aggConv: no visible global function definition for ‘getFrame’
    aggConv: no visible binding for global variable ‘alternativeaFrame’
    aggConv: no visible binding for global variable ‘buttonsFrame’
    aggConv: no visible global function definition for ‘dialogSuffix’
    bc2: no visible global function definition for ‘boxcox’
    bcMod: no visible global function definition for ‘initializeDialog’
    bcMod: no visible global function definition for ‘gettextRcmdr’
    bcMod: no visible global function definition for ‘variableListBox’
    bcMod: no visible binding for global variable ‘top’
    bcMod: no visible global function definition for ‘Numeric’
    bcMod : onOK: no visible global function definition for ‘getSelection’
    bcMod : onOK: no visible global function definition for
     ‘errorCondition’
    bcMod : onOK: no visible global function definition for ‘gettextRcmdr’
    bcMod : onOK: no visible global function definition for ‘closeDialog’
    bcMod : onOK: no visible global function definition for ‘doItAndPrint’
    bcMod : onOK: no visible global function definition for ‘ActiveDataSet’
    bcMod : onOK: no visible binding for global variable ‘top’
    bcMod : onOK: no visible global function definition for
     ‘CommanderWindow’
    bcMod: no visible global function definition for ‘OKCancelHelp’
    bcMod: no visible global function definition for ‘getFrame’
    bcMod: no visible binding for global variable ‘buttonsFrame’
    bcMod: no visible global function definition for ‘dialogSuffix’
    bulkfitg: no visible global function definition for ‘garch’
    decomMod: no visible global function definition for ‘initializeDialog’
    decomMod: no visible global function definition for ‘gettextRcmdr’
    decomMod: no visible global function definition for ‘variableListBox’
    decomMod: no visible binding for global variable ‘top’
    decomMod: no visible global function definition for ‘Numeric’
    decomMod : onOK: no visible global function definition for
     ‘getSelection’
    decomMod : onOK: no visible global function definition for
     ‘errorCondition’
    decomMod : onOK: no visible global function definition for
     ‘gettextRcmdr’
    decomMod : onOK: no visible global function definition for
     ‘trim.blanks’
    decomMod : onOK: no visible global function definition for
     ‘is.valid.name’
    decomMod : onOK: no visible binding for global variable ‘newDataSet’
    decomMod : onOK: no visible global function definition for
     ‘listDataSets’
    decomMod : onOK: no visible global function definition for
     ‘checkReplace’
    decomMod : onOK: no visible global function definition for ‘newDataSet’
    decomMod : onOK: no visible global function definition for
     ‘closeDialog’
    decomMod : onOK: no visible global function definition for
     ‘ActiveDataSet’
    decomMod : onOK: no visible global function definition for
     ‘doItAndPrint’
    decomMod : onOK: no visible binding for global variable ‘top’
    decomMod : onOK: no visible global function definition for
     ‘CommanderWindow’
    decomMod: no visible global function definition for ‘OKCancelHelp’
    decomMod: no visible global function definition for ‘getFrame’
    decomMod: no visible binding for global variable ‘buttonsFrame’
    decomMod: no visible global function definition for ‘dialogSuffix’
    decomModcom: no visible global function definition for
     ‘initializeDialog’
    decomModcom: no visible global function definition for ‘gettextRcmdr’
    decomModcom: no visible global function definition for
     ‘variableListBox’
    decomModcom: no visible binding for global variable ‘top’
    decomModcom: no visible global function definition for ‘Numeric’
    decomModcom : onOK: no visible global function definition for
     ‘getSelection’
    decomModcom : onOK: no visible global function definition for
     ‘errorCondition’
    decomModcom : onOK: no visible global function definition for
     ‘gettextRcmdr’
    decomModcom : onOK: no visible global function definition for
     ‘trim.blanks’
    decomModcom : onOK: no visible global function definition for
     ‘is.valid.name’
    decomModcom : onOK: no visible binding for global variable ‘newDataSet’
    decomModcom : onOK: no visible global function definition for
     ‘listDataSets’
    decomModcom : onOK: no visible global function definition for
     ‘checkReplace’
    decomModcom : onOK: no visible global function definition for
     ‘newDataSet’
    decomModcom : onOK: no visible global function definition for
     ‘closeDialog’
    decomModcom : onOK: no visible global function definition for ‘logger’
    decomModcom : onOK: no visible global function definition for
     ‘ActiveDataSet’
    decomModcom : onOK: no visible global function definition for
     ‘doItAndPrint’
    decomModcom : onOK: no visible binding for global variable ‘.One’
    decomModcom : onOK: no visible binding for global variable ‘.Two’
    decomModcom : onOK: no visible binding for global variable ‘top’
    decomModcom : onOK: no visible global function definition for
     ‘CommanderWindow’
    decomModcom: no visible global function definition for ‘OKCancelHelp’
    decomModcom: no visible global function definition for ‘getFrame’
    decomModcom: no visible binding for global variable ‘buttonsFrame’
    decomModcom: no visible global function definition for ‘dialogSuffix’
    decomaMod: no visible global function definition for ‘initializeDialog’
    decomaMod: no visible global function definition for ‘gettextRcmdr’
    decomaMod: no visible global function definition for ‘variableListBox’
    decomaMod: no visible binding for global variable ‘top’
    decomaMod: no visible global function definition for ‘Numeric’
    decomaMod : onOK: no visible global function definition for
     ‘getSelection’
    decomaMod : onOK: no visible global function definition for
     ‘errorCondition’
    decomaMod : onOK: no visible global function definition for
     ‘gettextRcmdr’
    decomaMod : onOK: no visible global function definition for
     ‘trim.blanks’
    decomaMod : onOK: no visible global function definition for
     ‘is.valid.name’
    decomaMod : onOK: no visible binding for global variable ‘newDataSet’
    decomaMod : onOK: no visible global function definition for
     ‘listDataSets’
    decomaMod : onOK: no visible global function definition for
     ‘checkReplace’
    decomaMod : onOK: no visible global function definition for
     ‘newDataSet’
    decomaMod : onOK: no visible global function definition for
     ‘closeDialog’
    decomaMod : onOK: no visible global function definition for
     ‘ActiveDataSet’
    decomaMod : onOK: no visible global function definition for
     ‘doItAndPrint’
    decomaMod : onOK: no visible binding for global variable ‘top’
    decomaMod : onOK: no visible global function definition for
     ‘CommanderWindow’
    decomaMod: no visible global function definition for ‘OKCancelHelp’
    decomaMod: no visible global function definition for ‘getFrame’
    decomaMod: no visible binding for global variable ‘buttonsFrame’
    decomaMod: no visible global function definition for ‘dialogSuffix’
    editTSframe: no visible global function definition for
     ‘initializeDialog’
    editTSframe: no visible global function definition for ‘gettextRcmdr’
    editTSframe: no visible binding for global variable ‘top’
    editTSframe : onOK: no visible global function definition for
     ‘trim.blanks’
    editTSframe : onOK: no visible global function definition for
     ‘errorCondition’
    editTSframe : onOK: no visible global function definition for
     ‘gettextRcmdr’
    editTSframe : onOK: no visible global function definition for
     ‘is.valid.name’
    editTSframe : onOK: no visible binding for global variable ‘newDataSet’
    editTSframe : onOK: no visible global function definition for
     ‘listDataSets’
    editTSframe : onOK: no visible global function definition for
     ‘checkReplace’
    editTSframe : onOK: no visible global function definition for
     ‘newDataSet’
    editTSframe : onOK: no visible global function definition for
     ‘justDoIt’
    editTSframe : onOK: no visible global function definition for ‘logger’
    editTSframe : onOK: no visible global function definition for
     ‘activeDataSet’
    editTSframe : onOK: no visible global function definition for
     ‘closeDialog’
    editTSframe : onOK: no visible global function definition for
     ‘CommanderWindow’
    editTSframe: no visible global function definition for ‘OKCancelHelp’
    editTSframe: no visible binding for global variable ‘buttonsFrame’
    editTSframe: no visible global function definition for ‘dialogSuffix’
    foreAllModel: no visible global function definition for ‘listAllModels’
    foreAllModel: no visible global function definition for ‘ActiveModel’
    foreAllModel: no visible global function definition for ‘Message’
    foreAllModel: no visible global function definition for ‘gettextRcmdr’
    foreAllModel: no visible global function definition for
     ‘CommanderWindow’
    foreAllModel: no visible global function definition for
     ‘initializeDialog’
    foreAllModel: no visible global function definition for ‘ActiveDataSet’
    foreAllModel: no visible global function definition for
     ‘variableListBox’
    foreAllModel: no visible binding for global variable ‘top’
    foreAllModel : onOK: no visible global function definition for
     ‘getSelection’
    foreAllModel : onOK: no visible global function definition for
     ‘closeDialog’
    foreAllModel : onOK: no visible global function definition for
     ‘CommanderWindow’
    foreAllModel : onOK: no visible global function definition for
     ‘activeModel’
    foreAllModel : onOK: no visible global function definition for
     ‘doItAndPrint’
    foreAllModel : onOK: no visible binding for global variable ‘top’
    foreAllModel: no visible global function definition for ‘OKCancelHelp’
    foreAllModel: no visible global function definition for ‘getRcmdr’
    foreAllModel: no visible global function definition for ‘getFrame’
    foreAllModel: no visible binding for global variable ‘buttonsFrame’
    foreAllModel: no visible global function definition for ‘dialogSuffix’
    foreMod: no visible global function definition for ‘initializeDialog’
    foreMod: no visible global function definition for ‘gettextRcmdr’
    foreMod: no visible global function definition for ‘Numeric’
    foreMod: no visible global function definition for ‘variableListBox’
    foreMod: no visible binding for global variable ‘top’
    foreMod : onOK: no visible global function definition for
     ‘getSelection’
    foreMod : onOK: no visible global function definition for
     ‘errorCondition’
    foreMod : onOK: no visible global function definition for
     ‘gettextRcmdr’
    foreMod : onOK: no visible global function definition for ‘closeDialog’
    foreMod : onOK: no visible global function definition for
     ‘ActiveDataSet’
    foreMod : onOK: no visible global function definition for
     ‘doItAndPrint’
    foreMod : onOK: no visible global function definition for
     ‘CommanderWindow’
    foreMod: no visible global function definition for ‘OKCancelHelp’
    foreMod: no visible global function definition for ‘getFrame’
    foreMod: no visible binding for global variable ‘buttonsFrame’
    foreMod: no visible global function definition for ‘dialogSuffix’
    forebMod: no visible global function definition for ‘initializeDialog’
    forebMod: no visible global function definition for ‘gettextRcmdr’
    forebMod: no visible global function definition for ‘Numeric’
    forebMod: no visible global function definition for ‘variableListBox’
    forebMod: no visible binding for global variable ‘top’
    forebMod : onOK: no visible global function definition for
     ‘getSelection’
    forebMod : onOK: no visible global function definition for
     ‘errorCondition’
    forebMod : onOK: no visible global function definition for
     ‘gettextRcmdr’
    forebMod : onOK: no visible global function definition for
     ‘trim.blanks’
    forebMod : onOK: no visible global function definition for
     ‘is.valid.name’
    forebMod : onOK: no visible binding for global variable ‘newDataSet’
    forebMod : onOK: no visible global function definition for
     ‘listDataSets’
    forebMod : onOK: no visible global function definition for
     ‘checkReplace’
    forebMod : onOK: no visible global function definition for ‘newDataSet’
    forebMod : onOK: no visible global function definition for
     ‘closeDialog’
    forebMod : onOK: no visible global function definition for
     ‘ActiveDataSet’
    forebMod : onOK: no visible global function definition for
     ‘doItAndPrint’
    forebMod : onOK: no visible global function definition for
     ‘CommanderWindow’
    forebMod: no visible global function definition for ‘OKCancelHelp’
    forebMod: no visible global function definition for ‘getFrame’
    forebMod: no visible binding for global variable ‘buttonsFrame’
    forebMod: no visible global function definition for ‘dialogSuffix’
    garchMod: no visible global function definition for ‘initializeDialog’
    garchMod: no visible global function definition for ‘gettextRcmdr’
    garchMod: no visible global function definition for ‘ActiveModel’
    garchMod: no visible global function definition for ‘UpdateModelNumber’
    garchMod: no visible global function definition for ‘getRcmdr’
    garchMod: no visible binding for global variable ‘top’
    garchMod: no visible global function definition for ‘variableListBox’
    garchMod: no visible global function definition for ‘Numeric’
    garchMod : onOK: no visible global function definition for
     ‘trim.blanks’
    garchMod : onOK: no visible global function definition for
     ‘is.valid.name’
    garchMod : onOK: no visible global function definition for
     ‘errorCondition’
    garchMod : onOK: no visible global function definition for
     ‘gettextRcmdr’
    garchMod : onOK: no visible global function definition for
     ‘getSelection’
    garchMod : onOK: no visible global function definition for
     ‘closeDialog’
    garchMod : onOK: no visible global function definition for
     ‘checkReplace’
    garchMod : onOK: no visible global function definition for
     ‘UpdateModelNumber’
    garchMod : onOK: no visible global function definition for
     ‘ActiveDataSet’
    garchMod : onOK: no visible global function definition for ‘logger’
    garchMod : onOK: no visible global function definition for ‘justDoIt’
    garchMod : onOK: no visible global function definition for
     ‘doItAndPrint’
    garchMod : onOK: no visible global function definition for
     ‘activeModel’
    garchMod : onOK: no visible binding for global variable ‘top’
    garchMod : onOK: no visible global function definition for
     ‘CommanderWindow’
    garchMod: no visible global function definition for ‘OKCancelHelp’
    garchMod: no visible global function definition for ‘getFrame’
    garchMod: no visible binding for global variable ‘buttonsFrame’
    garchMod: no visible global function definition for ‘dialogSuffix’
    histprice2: no visible global function definition for ‘get.hist.quote’
    histprice2: no visible binding for global variable ‘as.yearmon’
    hwexpoMod: no visible global function definition for ‘initializeDialog’
    hwexpoMod: no visible global function definition for ‘gettextRcmdr’
    hwexpoMod: no visible global function definition for ‘variableListBox’
    hwexpoMod: no visible binding for global variable ‘top’
    hwexpoMod: no visible global function definition for ‘Numeric’
    hwexpoMod : onOK: no visible global function definition for
     ‘getSelection’
    hwexpoMod : onOK: no visible global function definition for
     ‘errorCondition’
    hwexpoMod : onOK: no visible global function definition for
     ‘gettextRcmdr’
    hwexpoMod : onOK: no visible global function definition for
     ‘closeDialog’
    hwexpoMod : onOK: no visible global function definition for
     ‘doItAndPrint’
    hwexpoMod : onOK: no visible global function definition for
     ‘ActiveDataSet’
    hwexpoMod : onOK: no visible binding for global variable ‘top’
    hwexpoMod : onOK: no visible global function definition for
     ‘CommanderWindow’
    hwexpoMod: no visible global function definition for ‘OKCancelHelp’
    hwexpoMod: no visible global function definition for ‘getFrame’
    hwexpoMod: no visible binding for global variable ‘buttonsFrame’
    hwexpoMod: no visible global function definition for ‘dialogSuffix’
    hwnonseasMod: no visible global function definition for
     ‘initializeDialog’
    hwnonseasMod: no visible global function definition for ‘gettextRcmdr’
    hwnonseasMod: no visible global function definition for
     ‘variableListBox’
    hwnonseasMod: no visible binding for global variable ‘top’
    hwnonseasMod: no visible global function definition for ‘Numeric’
    hwnonseasMod : onOK: no visible global function definition for
     ‘getSelection’
    hwnonseasMod : onOK: no visible global function definition for
     ‘errorCondition’
    hwnonseasMod : onOK: no visible global function definition for
     ‘gettextRcmdr’
    hwnonseasMod : onOK: no visible global function definition for
     ‘closeDialog’
    hwnonseasMod : onOK: no visible global function definition for
     ‘doItAndPrint’
    hwnonseasMod : onOK: no visible global function definition for
     ‘ActiveDataSet’
    hwnonseasMod : onOK: no visible binding for global variable ‘top’
    hwnonseasMod : onOK: no visible global function definition for
     ‘CommanderWindow’
    hwnonseasMod: no visible global function definition for ‘OKCancelHelp’
    hwnonseasMod: no visible global function definition for ‘getFrame’
    hwnonseasMod: no visible binding for global variable ‘buttonsFrame’
    hwnonseasMod: no visible global function definition for ‘dialogSuffix’
    hwseasMod: no visible global function definition for ‘initializeDialog’
    hwseasMod: no visible global function definition for ‘gettextRcmdr’
    hwseasMod: no visible global function definition for ‘variableListBox’
    hwseasMod: no visible binding for global variable ‘top’
    hwseasMod: no visible global function definition for ‘Numeric’
    hwseasMod : onOK: no visible global function definition for
     ‘getSelection’
    hwseasMod : onOK: no visible global function definition for
     ‘errorCondition’
    hwseasMod : onOK: no visible global function definition for
     ‘gettextRcmdr’
    hwseasMod : onOK: no visible global function definition for
     ‘closeDialog’
    hwseasMod : onOK: no visible global function definition for
     ‘doItAndPrint’
    hwseasMod : onOK: no visible global function definition for
     ‘ActiveDataSet’
    hwseasMod : onOK: no visible binding for global variable ‘top’
    hwseasMod : onOK: no visible global function definition for
     ‘CommanderWindow’
    hwseasMod: no visible global function definition for ‘OKCancelHelp’
    hwseasMod: no visible global function definition for ‘getFrame’
    hwseasMod: no visible binding for global variable ‘buttonsFrame’
    hwseasMod: no visible global function definition for ‘dialogSuffix’
    newHistPrice: no visible global function definition for
     ‘initializeDialog’
    newHistPrice: no visible global function definition for ‘gettextRcmdr’
    newHistPrice: no visible binding for global variable ‘top’
    newHistPrice : onOK: no visible global function definition for
     ‘trim.blanks’
    newHistPrice : onOK: no visible global function definition for
     ‘errorCondition’
    newHistPrice : onOK: no visible global function definition for
     ‘gettextRcmdr’
    newHistPrice : onOK: no visible global function definition for
     ‘is.valid.name’
    newHistPrice : onOK: no visible binding for global variable
     ‘newDataSet’
    newHistPrice : onOK: no visible global function definition for
     ‘listDataSets’
    newHistPrice : onOK: no visible global function definition for
     ‘checkReplace’
    newHistPrice : onOK: no visible global function definition for
     ‘newDataSet’
    newHistPrice : onOK: no visible binding for global variable
     ‘alternativeVariable’
    newHistPrice : onOK: no visible global function definition for
     ‘justDoIt’
    newHistPrice : onOK: no visible global function definition for ‘logger’
    newHistPrice : onOK: no visible global function definition for
     ‘activeDataSet’
    newHistPrice : onOK: no visible global function definition for
     ‘closeDialog’
    newHistPrice : onOK: no visible global function definition for
     ‘CommanderWindow’
    newHistPrice: no visible global function definition for ‘OKCancelHelp’
    newHistPrice: no visible global function definition for ‘radioButtons’
    newHistPrice: no visible binding for global variable ‘alternativeFrame’
    newHistPrice: no visible binding for global variable ‘buttonsFrame’
    newHistPrice: no visible global function definition for ‘dialogSuffix’
    opMod: no visible global function definition for ‘initializeDialog’
    opMod: no visible global function definition for ‘gettextRcmdr’
    opMod: no visible global function definition for ‘variableListBox’
    opMod: no visible binding for global variable ‘top’
    opMod: no visible global function definition for ‘Numeric’
    opMod : onOK: no visible global function definition for ‘getSelection’
    opMod : onOK: no visible global function definition for
     ‘errorCondition’
    opMod : onOK: no visible global function definition for ‘gettextRcmdr’
    opMod : onOK: no visible global function definition for ‘closeDialog’
    opMod : onOK: no visible global function definition for ‘doItAndPrint’
    opMod : onOK: no visible global function definition for ‘ActiveDataSet’
    opMod : onOK: no visible binding for global variable ‘top’
    opMod : onOK: no visible global function definition for
     ‘CommanderWindow’
    opMod: no visible global function definition for ‘OKCancelHelp’
    opMod: no visible global function definition for ‘getFrame’
    opMod: no visible binding for global variable ‘buttonsFrame’
    opMod: no visible global function definition for ‘dialogSuffix’
    pacfMod: no visible global function definition for ‘initializeDialog’
    pacfMod: no visible global function definition for ‘gettextRcmdr’
    pacfMod: no visible global function definition for ‘variableListBox’
    pacfMod: no visible binding for global variable ‘top’
    pacfMod: no visible global function definition for ‘Numeric’
    pacfMod : onOK: no visible global function definition for
     ‘getSelection’
    pacfMod : onOK: no visible global function definition for
     ‘errorCondition’
    pacfMod : onOK: no visible global function definition for
     ‘gettextRcmdr’
    pacfMod : onOK: no visible global function definition for ‘closeDialog’
    pacfMod : onOK: no visible global function definition for
     ‘doItAndPrint’
    pacfMod : onOK: no visible global function definition for
     ‘ActiveDataSet’
    pacfMod : onOK: no visible binding for global variable ‘top’
    pacfMod : onOK: no visible global function definition for
     ‘CommanderWindow’
    pacfMod: no visible global function definition for ‘OKCancelHelp’
    pacfMod: no visible global function definition for ‘getFrame’
    pacfMod: no visible binding for global variable ‘buttonsFrame’
    pacfMod: no visible global function definition for ‘dialogSuffix’
    predARModel: no visible global function definition for ‘listAllModels’
    predARModel: no visible global function definition for ‘ActiveModel’
    predARModel: no visible global function definition for ‘Message’
    predARModel: no visible global function definition for ‘gettextRcmdr’
    predARModel: no visible global function definition for
     ‘CommanderWindow’
    predARModel: no visible binding for global variable ‘top’
    predARModel: no visible global function definition for ‘trim.blanks’
    predARModel: no visible global function definition for ‘errorCondition’
    predARModel: no visible global function definition for ‘is.valid.name’
    predARModel: no visible binding for global variable ‘newDataSet’
    predARModel: no visible global function definition for
     ‘initializeDialog’
    predARModel: no visible global function definition for ‘ActiveDataSet’
    predARModel: no visible global function definition for
     ‘variableListBox’
    predARModel : onOK: no visible global function definition for
     ‘getSelection’
    predARModel : onOK: no visible global function definition for
     ‘closeDialog’
    predARModel : onOK: no visible global function definition for
     ‘CommanderWindow’
    predARModel : onOK: no visible global function definition for
     ‘activeModel’
    predARModel : onOK: no visible global function definition for
     ‘doItAndPrint’
    predARModel : onOK: no visible binding for global variable ‘top’
    predARModel: no visible global function definition for ‘OKCancelHelp’
    predARModel: no visible global function definition for ‘getRcmdr’
    predARModel: no visible global function definition for ‘getFrame’
    predARModel: no visible binding for global variable ‘buttonsFrame’
    predARModel: no visible global function definition for ‘dialogSuffix’
    predAllModel: no visible global function definition for ‘listAllModels’
    predAllModel: no visible global function definition for ‘ActiveModel’
    predAllModel: no visible global function definition for ‘Message’
    predAllModel: no visible global function definition for ‘gettextRcmdr’
    predAllModel: no visible global function definition for
     ‘CommanderWindow’
    predAllModel: no visible global function definition for
     ‘initializeDialog’
    predAllModel: no visible global function definition for ‘ActiveDataSet’
    predAllModel: no visible global function definition for
     ‘variableListBox’
    predAllModel: no visible binding for global variable ‘top’
    predAllModel : onOK: no visible global function definition for
     ‘getSelection’
    predAllModel : onOK: no visible global function definition for
     ‘closeDialog’
    predAllModel : onOK: no visible global function definition for
     ‘CommanderWindow’
    predAllModel : onOK: no visible global function definition for
     ‘trim.blanks’
    predAllModel : onOK: no visible global function definition for
     ‘errorCondition’
    predAllModel : onOK: no visible global function definition for
     ‘gettextRcmdr’
    predAllModel : onOK: no visible global function definition for
     ‘is.valid.name’
    predAllModel : onOK: no visible binding for global variable
     ‘newDataSet’
    predAllModel : onOK: no visible global function definition for
     ‘listDataSets’
    predAllModel : onOK: no visible global function definition for
     ‘checkReplace’
    predAllModel : onOK: no visible global function definition for
     ‘newDataSet’
    predAllModel : onOK: no visible global function definition for
     ‘activeModel’
    predAllModel : onOK: no visible global function definition for
     ‘doItAndPrint’
    predAllModel : onOK: no visible binding for global variable ‘top’
    predAllModel: no visible global function definition for ‘OKCancelHelp’
    predAllModel: no visible global function definition for ‘getRcmdr’
    predAllModel: no visible global function definition for ‘getFrame’
    predAllModel: no visible binding for global variable ‘buttonsFrame’
    predAllModel: no visible global function definition for ‘dialogSuffix’
    predar3: no visible global function definition for ‘forecast.Arima’
    runbulk: no visible global function definition for ‘initializeDialog’
    runbulk: no visible global function definition for ‘gettextRcmdr’
    runbulk: no visible global function definition for ‘variableListBox’
    runbulk: no visible binding for global variable ‘top’
    runbulk: no visible global function definition for ‘Numeric’
    runbulk : onOK: no visible global function definition for
     ‘getSelection’
    runbulk : onOK: no visible global function definition for
     ‘errorCondition’
    runbulk : onOK: no visible global function definition for
     ‘gettextRcmdr’
    runbulk : onOK: no visible global function definition for ‘closeDialog’
    runbulk : onOK: no visible global function definition for
     ‘doItAndPrint’
    runbulk : onOK: no visible global function definition for
     ‘ActiveDataSet’
    runbulk : onOK: no visible binding for global variable ‘top’
    runbulk : onOK: no visible global function definition for
     ‘CommanderWindow’
    runbulk: no visible global function definition for ‘OKCancelHelp’
    runbulk: no visible global function definition for ‘getFrame’
    runbulk: no visible binding for global variable ‘buttonsFrame’
    runbulk: no visible global function definition for ‘dialogSuffix’
    runbulkg: no visible global function definition for ‘initializeDialog’
    runbulkg: no visible global function definition for ‘gettextRcmdr’
    runbulkg: no visible global function definition for ‘variableListBox’
    runbulkg: no visible binding for global variable ‘top’
    runbulkg: no visible global function definition for ‘Numeric’
    runbulkg : onOK: no visible global function definition for
     ‘getSelection’
    runbulkg : onOK: no visible global function definition for
     ‘errorCondition’
    runbulkg : onOK: no visible global function definition for
     ‘gettextRcmdr’
    runbulkg : onOK: no visible global function definition for
     ‘closeDialog’
    runbulkg : onOK: no visible global function definition for
     ‘doItAndPrint’
    runbulkg : onOK: no visible global function definition for
     ‘ActiveDataSet’
    runbulkg : onOK: no visible binding for global variable ‘top’
    runbulkg : onOK: no visible global function definition for
     ‘CommanderWindow’
    runbulkg: no visible global function definition for ‘OKCancelHelp’
    runbulkg: no visible global function definition for ‘getFrame’
    runbulkg: no visible binding for global variable ‘buttonsFrame’
    runbulkg: no visible global function definition for ‘dialogSuffix’
    selectActiveARModel: no visible global function definition for
     ‘listAllModels’
    selectActiveARModel: no visible global function definition for
     ‘ActiveModel’
    selectActiveARModel: no visible global function definition for
     ‘Message’
    selectActiveARModel: no visible global function definition for
     ‘gettextRcmdr’
    selectActiveARModel: no visible global function definition for
     ‘CommanderWindow’
    selectActiveARModel: no visible global function definition for
     ‘initializeDialog’
    selectActiveARModel: no visible global function definition for
     ‘ActiveDataSet’
    selectActiveARModel: no visible global function definition for
     ‘variableListBox’
    selectActiveARModel: no visible binding for global variable ‘top’
    selectActiveARModel : onOK: no visible global function definition for
     ‘getSelection’
    selectActiveARModel : onOK: no visible global function definition for
     ‘closeDialog’
    selectActiveARModel : onOK: no visible global function definition for
     ‘CommanderWindow’
    selectActiveARModel : onOK: no visible global function definition for
     ‘errorCondition’
    selectActiveARModel : onOK: no visible global function definition for
     ‘gettextRcmdr’
    selectActiveARModel : onOK: no visible global function definition for
     ‘listDataSets’
    selectActiveARModel : onOK: no visible global function definition for
     ‘activeDataSet’
    selectActiveARModel : onOK: no visible global function definition for
     ‘activeModel’
    selectActiveARModel: no visible global function definition for
     ‘OKCancelHelp’
    selectActiveARModel: no visible global function definition for
     ‘getRcmdr’
    selectActiveARModel: no visible global function definition for
     ‘getFrame’
    selectActiveARModel: no visible binding for global variable
     ‘buttonsFrame’
    selectActiveARModel: no visible global function definition for
     ‘dialogSuffix’
    specMod: no visible global function definition for ‘initializeDialog’
    specMod: no visible global function definition for ‘gettextRcmdr’
    specMod: no visible global function definition for ‘variableListBox’
    specMod: no visible binding for global variable ‘top’
    specMod: no visible global function definition for ‘Numeric’
    specMod : onOK: no visible global function definition for
     ‘getSelection’
    specMod : onOK: no visible global function definition for
     ‘errorCondition’
    specMod : onOK: no visible global function definition for
     ‘gettextRcmdr’
    specMod : onOK: no visible global function definition for ‘closeDialog’
    specMod : onOK: no visible global function definition for
     ‘doItAndPrint’
    specMod : onOK: no visible global function definition for
     ‘ActiveDataSet’
    specMod : onOK: no visible binding for global variable ‘top’
    specMod : onOK: no visible global function definition for
     ‘CommanderWindow’
    specMod: no visible global function definition for ‘OKCancelHelp’
    specMod: no visible global function definition for ‘getFrame’
    specMod: no visible binding for global variable ‘buttonsFrame’
    specMod: no visible global function definition for ‘dialogSuffix’
    subMod: no visible global function definition for ‘initializeDialog’
    subMod: no visible global function definition for ‘gettextRcmdr’
    subMod: no visible global function definition for ‘variableListBox’
    subMod: no visible binding for global variable ‘top’
    subMod: no visible global function definition for ‘Numeric’
    subMod : onOK: no visible global function definition for ‘getSelection’
    subMod : onOK: no visible global function definition for
     ‘errorCondition’
    subMod : onOK: no visible global function definition for ‘gettextRcmdr’
    subMod : onOK: no visible global function definition for ‘closeDialog’
    subMod : onOK: no visible global function definition for ‘doItAndPrint’
    subMod : onOK: no visible global function definition for
     ‘ActiveDataSet’
    subMod : onOK: no visible binding for global variable ‘top’
    subMod : onOK: no visible global function definition for
     ‘CommanderWindow’
    subMod: no visible global function definition for ‘OKCancelHelp’
    subMod: no visible global function definition for ‘getFrame’
    subMod: no visible binding for global variable ‘buttonsFrame’
    subMod: no visible global function definition for ‘dialogSuffix’
    tsConv: no visible global function definition for ‘initializeDialog’
    tsConv: no visible global function definition for ‘gettextRcmdr’
    tsConv: no visible global function definition for ‘variableListBox’
    tsConv: no visible binding for global variable ‘top’
    tsConv: no visible global function definition for ‘Numeric’
    tsConv : onOK: no visible global function definition for ‘getSelection’
    tsConv : onOK: no visible global function definition for
     ‘errorCondition’
    tsConv : onOK: no visible global function definition for ‘gettextRcmdr’
    tsConv : onOK: no visible global function definition for ‘closeDialog’
    tsConv : onOK: no visible global function definition for
     ‘ActiveDataSet’
    tsConv : onOK: no visible global function definition for ‘doItAndPrint’
    tsConv : onOK: no visible binding for global variable ‘top’
    tsConv : onOK: no visible global function definition for
     ‘CommanderWindow’
    tsConv: no visible global function definition for ‘OKCancelHelp’
    tsConv: no visible global function definition for ‘getFrame’
    tsConv: no visible binding for global variable ‘buttonsFrame’
    tsConv: no visible global function definition for ‘dialogSuffix’
Flavors: r-devel-linux-x86_64-fedora-gcc, r-devel-windows-ix86+x86_64, r-patched-solaris-sparc, r-patched-solaris-x86

Version: 1.2.5
Check: package dependencies
Result: ERROR
    Package required but not available: ‘Rcmdr’
    
    Depends: includes the non-default packages:
     ‘Rcmdr’ ‘TeachingDemos’ ‘tseries’ ‘abind’ ‘MASS’ ‘xts’ ‘forecast’
    Adding so many packages to the search path is excessive and importing
    selectively is preferable.
    
    See the information on DESCRIPTION files in the chapter ‘Creating R
    packages’ of the ‘Writing R Extensions’ manual.
Flavor: r-release-linux-ix86

Version: 1.2.5
Check: R code for possible problems
Result: NOTE
    ArimaMod: no visible binding for global variable ‘top’
    ArimaMod : onOK: no visible binding for global variable
     ‘alternativeVariable’
    ArimaMod : onOK: no visible binding for global variable ‘pd2’
    ArimaMod : onOK: no visible binding for global variable ‘top’
    ArimaMod: no visible binding for global variable ‘alternativeFrame’
    ArimaMod: no visible binding for global variable ‘buttonsFrame’
    ArimaModIn: no visible binding for global variable ‘top’
    ArimaModIn : onOK: no visible binding for global variable
     ‘alternativeVariable’
    ArimaModIn : onOK: no visible binding for global variable ‘pd2’
    ArimaModIn : onOK: no visible binding for global variable ‘top’
    ArimaModIn: no visible binding for global variable ‘alternativeFrame’
    ArimaModIn: no visible binding for global variable ‘buttonsFrame’
    HoltWintersExpoMod: no visible binding for global variable ‘top’
    HoltWintersExpoMod : onOK: no visible binding for global variable ‘top’
    HoltWintersExpoMod: no visible binding for global variable
     ‘buttonsFrame’
    HoltWintersMod: no visible binding for global variable ‘top’
    HoltWintersMod : onOK: no visible binding for global variable
     ‘alternativeVariable’
    HoltWintersMod : onOK: no visible binding for global variable ‘top’
    HoltWintersMod: no visible binding for global variable
     ‘alternativeFrame’
    HoltWintersMod: no visible binding for global variable ‘buttonsFrame’
    HoltWintersNonMod: no visible binding for global variable ‘top’
    HoltWintersNonMod : onOK: no visible binding for global variable ‘top’
    HoltWintersNonMod: no visible binding for global variable
     ‘buttonsFrame’
    acfMod: no visible binding for global variable ‘top’
    acfMod : onOK: no visible binding for global variable ‘top’
    acfMod: no visible binding for global variable ‘buttonsFrame’
    aggConv: no visible binding for global variable ‘top’
    aggConv : onOK: no visible binding for global variable ‘newDataSet’
    aggConv : onOK: no visible global function definition for ‘newDataSet’
    aggConv : onOK: no visible binding for global variable
     ‘alternativeVariable’
    aggConv : onOK: no visible binding for global variable
     ‘alternativeaVariable’
    aggConv : onOK: no visible binding for global variable ‘top’
    aggConv: no visible binding for global variable ‘alternativeFrame’
    aggConv: no visible binding for global variable ‘alternativeaFrame’
    aggConv: no visible binding for global variable ‘buttonsFrame’
    bcMod: no visible binding for global variable ‘top’
    bcMod : onOK: no visible binding for global variable ‘top’
    bcMod: no visible binding for global variable ‘buttonsFrame’
    decomMod: no visible binding for global variable ‘top’
    decomMod : onOK: no visible binding for global variable ‘newDataSet’
    decomMod : onOK: no visible global function definition for ‘newDataSet’
    decomMod : onOK: no visible binding for global variable ‘top’
    decomMod: no visible binding for global variable ‘buttonsFrame’
    decomModcom: no visible binding for global variable ‘top’
    decomModcom : onOK: no visible binding for global variable ‘newDataSet’
    decomModcom : onOK: no visible global function definition for
     ‘newDataSet’
    decomModcom : onOK: no visible binding for global variable ‘.One’
    decomModcom : onOK: no visible binding for global variable ‘.Two’
    decomModcom : onOK: no visible binding for global variable ‘top’
    decomModcom: no visible binding for global variable ‘buttonsFrame’
    decomaMod: no visible binding for global variable ‘top’
    decomaMod : onOK: no visible binding for global variable ‘newDataSet’
    decomaMod : onOK: no visible global function definition for
     ‘newDataSet’
    decomaMod : onOK: no visible binding for global variable ‘top’
    decomaMod: no visible binding for global variable ‘buttonsFrame’
    editTSframe: no visible binding for global variable ‘top’
    editTSframe : onOK: no visible binding for global variable ‘newDataSet’
    editTSframe : onOK: no visible global function definition for
     ‘newDataSet’
    editTSframe: no visible binding for global variable ‘buttonsFrame’
    foreAllModel: no visible binding for global variable ‘top’
    foreAllModel : onOK: no visible binding for global variable ‘top’
    foreAllModel: no visible binding for global variable ‘buttonsFrame’
    foreMod: no visible binding for global variable ‘top’
    foreMod: no visible binding for global variable ‘buttonsFrame’
    forebMod: no visible binding for global variable ‘top’
    forebMod : onOK: no visible binding for global variable ‘newDataSet’
    forebMod : onOK: no visible global function definition for ‘newDataSet’
    forebMod: no visible binding for global variable ‘buttonsFrame’
    garchMod: no visible binding for global variable ‘top’
    garchMod : onOK: no visible binding for global variable ‘top’
    garchMod: no visible binding for global variable ‘buttonsFrame’
    hwexpoMod: no visible binding for global variable ‘top’
    hwexpoMod : onOK: no visible binding for global variable ‘top’
    hwexpoMod: no visible binding for global variable ‘buttonsFrame’
    hwnonseasMod: no visible binding for global variable ‘top’
    hwnonseasMod : onOK: no visible binding for global variable ‘top’
    hwnonseasMod: no visible binding for global variable ‘buttonsFrame’
    hwseasMod: no visible binding for global variable ‘top’
    hwseasMod : onOK: no visible binding for global variable ‘top’
    hwseasMod: no visible binding for global variable ‘buttonsFrame’
    newHistPrice: no visible binding for global variable ‘top’
    newHistPrice : onOK: no visible binding for global variable
     ‘newDataSet’
    newHistPrice : onOK: no visible global function definition for
     ‘newDataSet’
    newHistPrice : onOK: no visible binding for global variable
     ‘alternativeVariable’
    newHistPrice: no visible binding for global variable ‘alternativeFrame’
    newHistPrice: no visible binding for global variable ‘buttonsFrame’
    opMod: no visible binding for global variable ‘top’
    opMod : onOK: no visible binding for global variable ‘top’
    opMod: no visible binding for global variable ‘buttonsFrame’
    pacfMod: no visible binding for global variable ‘top’
    pacfMod : onOK: no visible binding for global variable ‘top’
    pacfMod: no visible binding for global variable ‘buttonsFrame’
    predARModel: no visible binding for global variable ‘top’
    predARModel: no visible binding for global variable ‘newDataSet’
    predARModel : onOK: no visible binding for global variable ‘top’
    predARModel: no visible binding for global variable ‘buttonsFrame’
    predAllModel: no visible binding for global variable ‘top’
    predAllModel : onOK: no visible binding for global variable
     ‘newDataSet’
    predAllModel : onOK: no visible global function definition for
     ‘newDataSet’
    predAllModel : onOK: no visible binding for global variable ‘top’
    predAllModel: no visible binding for global variable ‘buttonsFrame’
    runbulk: no visible binding for global variable ‘top’
    runbulk : onOK: no visible binding for global variable ‘top’
    runbulk: no visible binding for global variable ‘buttonsFrame’
    runbulkg: no visible binding for global variable ‘top’
    runbulkg : onOK: no visible binding for global variable ‘top’
    runbulkg: no visible binding for global variable ‘buttonsFrame’
    selectActiveARModel: no visible binding for global variable ‘top’
    selectActiveARModel: no visible binding for global variable
     ‘buttonsFrame’
    specMod: no visible binding for global variable ‘top’
    specMod : onOK: no visible binding for global variable ‘top’
    specMod: no visible binding for global variable ‘buttonsFrame’
    subMod: no visible binding for global variable ‘top’
    subMod : onOK: no visible binding for global variable ‘top’
    subMod: no visible binding for global variable ‘buttonsFrame’
    tsConv: no visible binding for global variable ‘top’
    tsConv : onOK: no visible binding for global variable ‘top’
    tsConv: no visible binding for global variable ‘buttonsFrame’
    
    Found the following assignments to the global environment:
    File ‘RcmdrPlugin.epack/R/RcmdrPlugin.epack.R’:
     assign("pd2", justDoIt(pd1), envir = .GlobalEnv)
     assign(modelValue, justDoIt(command), envir = .GlobalEnv)
     assign(dsnameValue, justDoIt(command), envir = .GlobalEnv)
     assign(modelValue, justDoIt(command), envir = .GlobalEnv)
     assign("pd2", justDoIt(pd1), envir = .GlobalEnv)
     assign(modelValue, justDoIt(command), envir = .GlobalEnv)
     assign(modelValue, justDoIt(command), envir = .GlobalEnv)
     assign(modelValue, justDoIt(command), envir = .GlobalEnv)
     assign(dsnameValue, justDoIt(command), envir = .GlobalEnv)
     assign("pd2", justDoIt(pd1), envir = .GlobalEnv)
Flavor: r-release-linux-x86_64

Version: 1.2.5
Check: R code for possible problems
Result: NOTE
    ArimaMod: no visible binding for global variable ‘top’
    ArimaMod : onOK: no visible binding for global variable
     ‘alternativeVariable’
    ArimaMod : onOK: no visible binding for global variable ‘pd2’
    ArimaMod : onOK: no visible binding for global variable ‘top’
    ArimaMod: no visible binding for global variable ‘alternativeFrame’
    ArimaMod: no visible binding for global variable ‘buttonsFrame’
    ArimaModIn: no visible binding for global variable ‘top’
    ArimaModIn : onOK: no visible binding for global variable
     ‘alternativeVariable’
    ArimaModIn : onOK: no visible binding for global variable ‘pd2’
    ArimaModIn : onOK: no visible binding for global variable ‘top’
    ArimaModIn: no visible binding for global variable ‘alternativeFrame’
    ArimaModIn: no visible binding for global variable ‘buttonsFrame’
    HoltWintersExpoMod: no visible binding for global variable ‘top’
    HoltWintersExpoMod : onOK: no visible binding for global variable ‘top’
    HoltWintersExpoMod: no visible binding for global variable
     ‘buttonsFrame’
    HoltWintersMod: no visible binding for global variable ‘top’
    HoltWintersMod : onOK: no visible binding for global variable
     ‘alternativeVariable’
    HoltWintersMod : onOK: no visible binding for global variable ‘top’
    HoltWintersMod: no visible binding for global variable
     ‘alternativeFrame’
    HoltWintersMod: no visible binding for global variable ‘buttonsFrame’
    HoltWintersNonMod: no visible binding for global variable ‘top’
    HoltWintersNonMod : onOK: no visible binding for global variable ‘top’
    HoltWintersNonMod: no visible binding for global variable
     ‘buttonsFrame’
    acfMod: no visible binding for global variable ‘top’
    acfMod : onOK: no visible binding for global variable ‘top’
    acfMod: no visible binding for global variable ‘buttonsFrame’
    aggConv: no visible binding for global variable ‘top’
    aggConv : onOK: no visible binding for global variable ‘newDataSet’
    aggConv : onOK: no visible global function definition for ‘newDataSet’
    aggConv : onOK: no visible binding for global variable
     ‘alternativeVariable’
    aggConv : onOK: no visible binding for global variable
     ‘alternativeaVariable’
    aggConv : onOK: no visible binding for global variable ‘top’
    aggConv: no visible binding for global variable ‘alternativeFrame’
    aggConv: no visible binding for global variable ‘alternativeaFrame’
    aggConv: no visible binding for global variable ‘buttonsFrame’
    bcMod: no visible binding for global variable ‘top’
    bcMod : onOK: no visible binding for global variable ‘top’
    bcMod: no visible binding for global variable ‘buttonsFrame’
    decomMod: no visible binding for global variable ‘top’
    decomMod : onOK: no visible binding for global variable ‘newDataSet’
    decomMod : onOK: no visible global function definition for ‘newDataSet’
    decomMod : onOK: no visible binding for global variable ‘top’
    decomMod: no visible binding for global variable ‘buttonsFrame’
    decomModcom: no visible binding for global variable ‘top’
    decomModcom : onOK: no visible binding for global variable ‘newDataSet’
    decomModcom : onOK: no visible global function definition for
     ‘newDataSet’
    decomModcom : onOK: no visible binding for global variable ‘.One’
    decomModcom : onOK: no visible binding for global variable ‘.Two’
    decomModcom : onOK: no visible binding for global variable ‘top’
    decomModcom: no visible binding for global variable ‘buttonsFrame’
    decomaMod: no visible binding for global variable ‘top’
    decomaMod : onOK: no visible binding for global variable ‘newDataSet’
    decomaMod : onOK: no visible global function definition for
     ‘newDataSet’
    decomaMod : onOK: no visible binding for global variable ‘top’
    decomaMod: no visible binding for global variable ‘buttonsFrame’
    editTSframe: no visible binding for global variable ‘top’
    editTSframe : onOK: no visible binding for global variable ‘newDataSet’
    editTSframe : onOK: no visible global function definition for
     ‘newDataSet’
    editTSframe: no visible binding for global variable ‘buttonsFrame’
    foreAllModel: no visible binding for global variable ‘top’
    foreAllModel : onOK: no visible binding for global variable ‘top’
    foreAllModel: no visible binding for global variable ‘buttonsFrame’
    foreMod: no visible binding for global variable ‘top’
    foreMod: no visible binding for global variable ‘buttonsFrame’
    forebMod: no visible binding for global variable ‘top’
    forebMod : onOK: no visible binding for global variable ‘newDataSet’
    forebMod : onOK: no visible global function definition for ‘newDataSet’
    forebMod: no visible binding for global variable ‘buttonsFrame’
    garchMod: no visible binding for global variable ‘top’
    garchMod : onOK: no visible binding for global variable ‘top’
    garchMod: no visible binding for global variable ‘buttonsFrame’
    hwexpoMod: no visible binding for global variable ‘top’
    hwexpoMod : onOK: no visible binding for global variable ‘top’
    hwexpoMod: no visible binding for global variable ‘buttonsFrame’
    hwnonseasMod: no visible binding for global variable ‘top’
    hwnonseasMod : onOK: no visible binding for global variable ‘top’
    hwnonseasMod: no visible binding for global variable ‘buttonsFrame’
    hwseasMod: no visible binding for global variable ‘top’
    hwseasMod : onOK: no visible binding for global variable ‘top’
    hwseasMod: no visible binding for global variable ‘buttonsFrame’
    newHistPrice: no visible binding for global variable ‘top’
    newHistPrice : onOK: no visible binding for global variable
     ‘newDataSet’
    newHistPrice : onOK: no visible global function definition for
     ‘newDataSet’
    newHistPrice : onOK: no visible binding for global variable
     ‘alternativeVariable’
    newHistPrice: no visible binding for global variable ‘alternativeFrame’
    newHistPrice: no visible binding for global variable ‘buttonsFrame’
    opMod: no visible binding for global variable ‘top’
    opMod : onOK: no visible binding for global variable ‘top’
    opMod: no visible binding for global variable ‘buttonsFrame’
    pacfMod: no visible binding for global variable ‘top’
    pacfMod : onOK: no visible binding for global variable ‘top’
    pacfMod: no visible binding for global variable ‘buttonsFrame’
    predARModel: no visible binding for global variable ‘top’
    predARModel: no visible binding for global variable ‘newDataSet’
    predARModel : onOK: no visible binding for global variable ‘top’
    predARModel: no visible binding for global variable ‘buttonsFrame’
    predAllModel: no visible binding for global variable ‘top’
    predAllModel : onOK: no visible binding for global variable
     ‘newDataSet’
    predAllModel : onOK: no visible global function definition for
     ‘newDataSet’
    predAllModel : onOK: no visible binding for global variable ‘top’
    predAllModel: no visible binding for global variable ‘buttonsFrame’
    runbulk: no visible binding for global variable ‘top’
    runbulk : onOK: no visible binding for global variable ‘top’
    runbulk: no visible binding for global variable ‘buttonsFrame’
    runbulkg: no visible binding for global variable ‘top’
    runbulkg : onOK: no visible binding for global variable ‘top’
    runbulkg: no visible binding for global variable ‘buttonsFrame’
    selectActiveARModel: no visible binding for global variable ‘top’
    selectActiveARModel: no visible binding for global variable
     ‘buttonsFrame’
    specMod: no visible binding for global variable ‘top’
    specMod : onOK: no visible binding for global variable ‘top’
    specMod: no visible binding for global variable ‘buttonsFrame’
    subMod: no visible binding for global variable ‘top’
    subMod : onOK: no visible binding for global variable ‘top’
    subMod: no visible binding for global variable ‘buttonsFrame’
    tsConv: no visible binding for global variable ‘top’
    tsConv : onOK: no visible binding for global variable ‘top’
    tsConv: no visible binding for global variable ‘buttonsFrame’
Flavors: r-release-osx-x86_64-mavericks, r-release-osx-x86_64-snowleopard, r-release-windows-ix86+x86_64, r-oldrel-windows-ix86+x86_64

Version: 1.2.5
Check: dependencies in R code
Result: NOTE
    'library' or 'require' calls to packages already attached by Depends:
     'MASS' 'tseries'
     Please remove these calls from your code.
    Packages in Depends field not imported from:
     'MASS' 'Rcmdr' 'TeachingDemos' 'abind' 'forecast' 'tseries' 'xts'
     These packages need to be imported from for the case when
     this namespace is loaded but not attached.
    See the information on DESCRIPTION files in the chapter 'Creating R
    packages' of the 'Writing R Extensions' manual.
Flavor: r-release-osx-x86_64-snowleopard