CRAN Package Check Results for Package RcmdrPlugin.epack

Last updated on 2014-07-27 21:47:26.

Flavor Version Tinstall Tcheck Ttotal Status Flags
r-devel-linux-x86_64-debian-clang 1.2.5 2.42 33.44 35.86 NOTE
r-devel-linux-x86_64-debian-gcc 1.2.5 2.42 32.99 35.41 NOTE
r-devel-linux-x86_64-fedora-clang 1.2.5 75.40 NOTE
r-devel-linux-x86_64-fedora-gcc 1.2.5 71.74 NOTE
r-devel-osx-x86_64-clang 1.2.5 73.29 NOTE
r-devel-windows-ix86+x86_64 1.2.5 35.00 63.00 98.00 NOTE
r-patched-linux-x86_64 1.2.5 2.74 33.90 36.63 NOTE
r-patched-solaris-sparc 1.2.5 422.00 NOTE
r-patched-solaris-x86 1.2.5 109.80 NOTE
r-release-linux-ix86 1.2.5 3.34 44.52 47.85 NOTE
r-release-linux-x86_64 1.2.5 2.60 34.39 36.99 NOTE
r-release-osx-x86_64-mavericks 1.2.5 NOTE
r-release-osx-x86_64-snowleopard 1.2.5 NOTE
r-release-windows-ix86+x86_64 1.2.5 23.00 73.00 96.00 NOTE
r-oldrel-windows-ix86+x86_64 1.2.5 20.00 69.00 89.00 NOTE

Check Details

Version: 1.2.5
Check: package dependencies
Result: NOTE
    Depends: includes the non-default packages:
     Rcmdr TeachingDemos tseries abind MASS xts forecast
    Adding so many packages to the search path is excessive and importing
    selectively is preferable.
Flavors: r-devel-linux-x86_64-debian-clang, r-devel-linux-x86_64-debian-gcc, r-devel-linux-x86_64-fedora-clang, r-devel-linux-x86_64-fedora-gcc, r-devel-osx-x86_64-clang, r-devel-windows-ix86+x86_64, r-patched-linux-x86_64, r-patched-solaris-sparc, r-patched-solaris-x86, r-release-linux-ix86, r-release-linux-x86_64, r-release-osx-x86_64-mavericks, r-release-osx-x86_64-snowleopard, r-release-windows-ix86+x86_64

Version: 1.2.5
Check: dependencies in R code
Result: NOTE
    'library' or 'require' calls to packages already attached by Depends:
     MASS tseries
     Please remove these calls from your code.
    Packages in Depends field not imported from:
     MASS Rcmdr TeachingDemos abind forecast tseries xts
     These packages need to be imported from (in the NAMESPACE file)
     for when this namespace is loaded but not attached.
    See the information on DESCRIPTION files in the chapter Creating R
    packages of the Writing R Extensions manual.
Flavors: r-devel-linux-x86_64-debian-clang, r-devel-linux-x86_64-debian-gcc, r-devel-linux-x86_64-fedora-clang, r-devel-linux-x86_64-fedora-gcc, r-devel-osx-x86_64-clang, r-devel-windows-ix86+x86_64, r-patched-linux-x86_64, r-patched-solaris-sparc, r-patched-solaris-x86, r-release-linux-ix86, r-release-linux-x86_64, r-release-osx-x86_64-mavericks, r-release-windows-ix86+x86_64, r-oldrel-windows-ix86+x86_64

Version: 1.2.5
Check: R code for possible problems
Result: NOTE
    ArimaMod: no visible binding for global variable top
    ArimaMod : onOK: no visible binding for global variable
     alternativeVariable
    ArimaMod : onOK: no visible binding for global variable pd2
    ArimaMod : onOK: no visible binding for global variable top
    ArimaMod: no visible binding for global variable alternativeFrame
    ArimaMod: no visible binding for global variable buttonsFrame
    ArimaModIn: no visible binding for global variable top
    ArimaModIn : onOK: no visible binding for global variable
     alternativeVariable
    ArimaModIn : onOK: no visible binding for global variable pd2
    ArimaModIn : onOK: no visible binding for global variable top
    ArimaModIn: no visible binding for global variable alternativeFrame
    ArimaModIn: no visible binding for global variable buttonsFrame
    HoltWintersExpoMod: no visible binding for global variable top
    HoltWintersExpoMod : onOK: no visible binding for global variable top
    HoltWintersExpoMod: no visible binding for global variable
     buttonsFrame
    HoltWintersMod: no visible binding for global variable top
    HoltWintersMod : onOK: no visible binding for global variable
     alternativeVariable
    HoltWintersMod : onOK: no visible binding for global variable top
    HoltWintersMod: no visible binding for global variable
     alternativeFrame
    HoltWintersMod: no visible binding for global variable buttonsFrame
    HoltWintersNonMod: no visible binding for global variable top
    HoltWintersNonMod : onOK: no visible binding for global variable top
    HoltWintersNonMod: no visible binding for global variable
     buttonsFrame
    acfMod: no visible binding for global variable top
    acfMod : onOK: no visible binding for global variable top
    acfMod: no visible binding for global variable buttonsFrame
    aggConv: no visible binding for global variable top
    aggConv : onOK: no visible binding for global variable newDataSet
    aggConv : onOK: no visible global function definition for newDataSet
    aggConv : onOK: no visible binding for global variable
     alternativeVariable
    aggConv : onOK: no visible binding for global variable
     alternativeaVariable
    aggConv : onOK: no visible binding for global variable top
    aggConv: no visible binding for global variable alternativeFrame
    aggConv: no visible binding for global variable alternativeaFrame
    aggConv: no visible binding for global variable buttonsFrame
    bcMod: no visible binding for global variable top
    bcMod : onOK: no visible binding for global variable top
    bcMod: no visible binding for global variable buttonsFrame
    decomMod: no visible binding for global variable top
    decomMod : onOK: no visible binding for global variable newDataSet
    decomMod : onOK: no visible global function definition for newDataSet
    decomMod : onOK: no visible binding for global variable top
    decomMod: no visible binding for global variable buttonsFrame
    decomModcom: no visible binding for global variable top
    decomModcom : onOK: no visible binding for global variable newDataSet
    decomModcom : onOK: no visible global function definition for
     newDataSet
    decomModcom : onOK: no visible binding for global variable .One
    decomModcom : onOK: no visible binding for global variable .Two
    decomModcom : onOK: no visible binding for global variable top
    decomModcom: no visible binding for global variable buttonsFrame
    decomaMod: no visible binding for global variable top
    decomaMod : onOK: no visible binding for global variable newDataSet
    decomaMod : onOK: no visible global function definition for
     newDataSet
    decomaMod : onOK: no visible binding for global variable top
    decomaMod: no visible binding for global variable buttonsFrame
    editTSframe: no visible binding for global variable top
    editTSframe : onOK: no visible binding for global variable newDataSet
    editTSframe : onOK: no visible global function definition for
     newDataSet
    editTSframe: no visible binding for global variable buttonsFrame
    foreAllModel: no visible binding for global variable top
    foreAllModel : onOK: no visible binding for global variable top
    foreAllModel: no visible binding for global variable buttonsFrame
    foreMod: no visible binding for global variable top
    foreMod: no visible binding for global variable buttonsFrame
    forebMod: no visible binding for global variable top
    forebMod : onOK: no visible binding for global variable newDataSet
    forebMod : onOK: no visible global function definition for newDataSet
    forebMod: no visible binding for global variable buttonsFrame
    garchMod: no visible binding for global variable top
    garchMod : onOK: no visible binding for global variable top
    garchMod: no visible binding for global variable buttonsFrame
    hwexpoMod: no visible binding for global variable top
    hwexpoMod : onOK: no visible binding for global variable top
    hwexpoMod: no visible binding for global variable buttonsFrame
    hwnonseasMod: no visible binding for global variable top
    hwnonseasMod : onOK: no visible binding for global variable top
    hwnonseasMod: no visible binding for global variable buttonsFrame
    hwseasMod: no visible binding for global variable top
    hwseasMod : onOK: no visible binding for global variable top
    hwseasMod: no visible binding for global variable buttonsFrame
    newHistPrice: no visible binding for global variable top
    newHistPrice : onOK: no visible binding for global variable
     newDataSet
    newHistPrice : onOK: no visible global function definition for
     newDataSet
    newHistPrice : onOK: no visible binding for global variable
     alternativeVariable
    newHistPrice: no visible binding for global variable alternativeFrame
    newHistPrice: no visible binding for global variable buttonsFrame
    opMod: no visible binding for global variable top
    opMod : onOK: no visible binding for global variable top
    opMod: no visible binding for global variable buttonsFrame
    pacfMod: no visible binding for global variable top
    pacfMod : onOK: no visible binding for global variable top
    pacfMod: no visible binding for global variable buttonsFrame
    predARModel: no visible binding for global variable top
    predARModel: no visible binding for global variable newDataSet
    predARModel : onOK: no visible binding for global variable top
    predARModel: no visible binding for global variable buttonsFrame
    predAllModel: no visible binding for global variable top
    predAllModel : onOK: no visible binding for global variable
     newDataSet
    predAllModel : onOK: no visible global function definition for
     newDataSet
    predAllModel : onOK: no visible binding for global variable top
    predAllModel: no visible binding for global variable buttonsFrame
    runbulk: no visible binding for global variable top
    runbulk : onOK: no visible binding for global variable top
    runbulk: no visible binding for global variable buttonsFrame
    runbulkg: no visible binding for global variable top
    runbulkg : onOK: no visible binding for global variable top
    runbulkg: no visible binding for global variable buttonsFrame
    selectActiveARModel: no visible binding for global variable top
    selectActiveARModel: no visible binding for global variable
     buttonsFrame
    specMod: no visible binding for global variable top
    specMod : onOK: no visible binding for global variable top
    specMod: no visible binding for global variable buttonsFrame
    subMod: no visible binding for global variable top
    subMod : onOK: no visible binding for global variable top
    subMod: no visible binding for global variable buttonsFrame
    tsConv: no visible binding for global variable top
    tsConv : onOK: no visible binding for global variable top
    tsConv: no visible binding for global variable buttonsFrame
    
    Found the following assignments to the global environment:
    File RcmdrPlugin.epack/R/RcmdrPlugin.epack.R :
     assign("pd2", justDoIt(pd1), envir = .GlobalEnv)
     assign(modelValue, justDoIt(command), envir = .GlobalEnv)
     assign(dsnameValue, justDoIt(command), envir = .GlobalEnv)
     assign(modelValue, justDoIt(command), envir = .GlobalEnv)
     assign("pd2", justDoIt(pd1), envir = .GlobalEnv)
     assign(modelValue, justDoIt(command), envir = .GlobalEnv)
     assign(modelValue, justDoIt(command), envir = .GlobalEnv)
     assign(modelValue, justDoIt(command), envir = .GlobalEnv)
     assign(dsnameValue, justDoIt(command), envir = .GlobalEnv)
     assign("pd2", justDoIt(pd1), envir = .GlobalEnv)
Flavors: r-devel-linux-x86_64-debian-clang, r-devel-linux-x86_64-debian-gcc, r-devel-linux-x86_64-fedora-clang, r-devel-osx-x86_64-clang, r-patched-linux-x86_64, r-release-linux-ix86, r-release-linux-x86_64

Version: 1.2.5
Check: top-level files
Result: NOTE
    Non-standard file/directory found at top level:
     histprice2.R
Flavors: r-devel-linux-x86_64-fedora-clang, r-devel-linux-x86_64-fedora-gcc

Version: 1.2.5
Check: R code for possible problems
Result: NOTE
    ArimaMod: no visible binding for global variable top
    ArimaMod : onOK: no visible binding for global variable
     alternativeVariable
    ArimaMod : onOK: no visible binding for global variable pd2
    ArimaMod : onOK: no visible binding for global variable top
    ArimaMod: no visible binding for global variable alternativeFrame
    ArimaMod: no visible binding for global variable buttonsFrame
    ArimaModIn: no visible binding for global variable top
    ArimaModIn : onOK: no visible binding for global variable
     alternativeVariable
    ArimaModIn : onOK: no visible binding for global variable pd2
    ArimaModIn : onOK: no visible binding for global variable top
    ArimaModIn: no visible binding for global variable alternativeFrame
    ArimaModIn: no visible binding for global variable buttonsFrame
    HoltWintersExpoMod: no visible binding for global variable top
    HoltWintersExpoMod : onOK: no visible binding for global variable top
    HoltWintersExpoMod: no visible binding for global variable
     buttonsFrame
    HoltWintersMod: no visible binding for global variable top
    HoltWintersMod : onOK: no visible binding for global variable
     alternativeVariable
    HoltWintersMod : onOK: no visible binding for global variable top
    HoltWintersMod: no visible binding for global variable
     alternativeFrame
    HoltWintersMod: no visible binding for global variable buttonsFrame
    HoltWintersNonMod: no visible binding for global variable top
    HoltWintersNonMod : onOK: no visible binding for global variable top
    HoltWintersNonMod: no visible binding for global variable
     buttonsFrame
    acfMod: no visible binding for global variable top
    acfMod : onOK: no visible binding for global variable top
    acfMod: no visible binding for global variable buttonsFrame
    aggConv: no visible binding for global variable top
    aggConv : onOK: no visible binding for global variable newDataSet
    aggConv : onOK: no visible global function definition for newDataSet
    aggConv : onOK: no visible binding for global variable
     alternativeVariable
    aggConv : onOK: no visible binding for global variable
     alternativeaVariable
    aggConv : onOK: no visible binding for global variable top
    aggConv: no visible binding for global variable alternativeFrame
    aggConv: no visible binding for global variable alternativeaFrame
    aggConv: no visible binding for global variable buttonsFrame
    bcMod: no visible binding for global variable top
    bcMod : onOK: no visible binding for global variable top
    bcMod: no visible binding for global variable buttonsFrame
    decomMod: no visible binding for global variable top
    decomMod : onOK: no visible binding for global variable newDataSet
    decomMod : onOK: no visible global function definition for newDataSet
    decomMod : onOK: no visible binding for global variable top
    decomMod: no visible binding for global variable buttonsFrame
    decomModcom: no visible binding for global variable top
    decomModcom : onOK: no visible binding for global variable newDataSet
    decomModcom : onOK: no visible global function definition for
     newDataSet
    decomModcom : onOK: no visible binding for global variable .One
    decomModcom : onOK: no visible binding for global variable .Two
    decomModcom : onOK: no visible binding for global variable top
    decomModcom: no visible binding for global variable buttonsFrame
    decomaMod: no visible binding for global variable top
    decomaMod : onOK: no visible binding for global variable newDataSet
    decomaMod : onOK: no visible global function definition for
     newDataSet
    decomaMod : onOK: no visible binding for global variable top
    decomaMod: no visible binding for global variable buttonsFrame
    editTSframe: no visible binding for global variable top
    editTSframe : onOK: no visible binding for global variable newDataSet
    editTSframe : onOK: no visible global function definition for
     newDataSet
    editTSframe: no visible binding for global variable buttonsFrame
    foreAllModel: no visible binding for global variable top
    foreAllModel : onOK: no visible binding for global variable top
    foreAllModel: no visible binding for global variable buttonsFrame
    foreMod: no visible binding for global variable top
    foreMod: no visible binding for global variable buttonsFrame
    forebMod: no visible binding for global variable top
    forebMod : onOK: no visible binding for global variable newDataSet
    forebMod : onOK: no visible global function definition for newDataSet
    forebMod: no visible binding for global variable buttonsFrame
    garchMod: no visible binding for global variable top
    garchMod : onOK: no visible binding for global variable top
    garchMod: no visible binding for global variable buttonsFrame
    hwexpoMod: no visible binding for global variable top
    hwexpoMod : onOK: no visible binding for global variable top
    hwexpoMod: no visible binding for global variable buttonsFrame
    hwnonseasMod: no visible binding for global variable top
    hwnonseasMod : onOK: no visible binding for global variable top
    hwnonseasMod: no visible binding for global variable buttonsFrame
    hwseasMod: no visible binding for global variable top
    hwseasMod : onOK: no visible binding for global variable top
    hwseasMod: no visible binding for global variable buttonsFrame
    newHistPrice: no visible binding for global variable top
    newHistPrice : onOK: no visible binding for global variable
     newDataSet
    newHistPrice : onOK: no visible global function definition for
     newDataSet
    newHistPrice : onOK: no visible binding for global variable
     alternativeVariable
    newHistPrice: no visible binding for global variable alternativeFrame
    newHistPrice: no visible binding for global variable buttonsFrame
    opMod: no visible binding for global variable top
    opMod : onOK: no visible binding for global variable top
    opMod: no visible binding for global variable buttonsFrame
    pacfMod: no visible binding for global variable top
    pacfMod : onOK: no visible binding for global variable top
    pacfMod: no visible binding for global variable buttonsFrame
    predARModel: no visible binding for global variable top
    predARModel: no visible binding for global variable newDataSet
    predARModel : onOK: no visible binding for global variable top
    predARModel: no visible binding for global variable buttonsFrame
    predAllModel: no visible binding for global variable top
    predAllModel : onOK: no visible binding for global variable
     newDataSet
    predAllModel : onOK: no visible global function definition for
     newDataSet
    predAllModel : onOK: no visible binding for global variable top
    predAllModel: no visible binding for global variable buttonsFrame
    runbulk: no visible binding for global variable top
    runbulk : onOK: no visible binding for global variable top
    runbulk: no visible binding for global variable buttonsFrame
    runbulkg: no visible binding for global variable top
    runbulkg : onOK: no visible binding for global variable top
    runbulkg: no visible binding for global variable buttonsFrame
    selectActiveARModel: no visible binding for global variable top
    selectActiveARModel: no visible binding for global variable
     buttonsFrame
    specMod: no visible binding for global variable top
    specMod : onOK: no visible binding for global variable top
    specMod: no visible binding for global variable buttonsFrame
    subMod: no visible binding for global variable top
    subMod : onOK: no visible binding for global variable top
    subMod: no visible binding for global variable buttonsFrame
    tsConv: no visible binding for global variable top
    tsConv : onOK: no visible binding for global variable top
    tsConv: no visible binding for global variable buttonsFrame
Flavors: r-devel-linux-x86_64-fedora-gcc, r-devel-windows-ix86+x86_64, r-patched-solaris-sparc, r-patched-solaris-x86, r-release-osx-x86_64-mavericks, r-release-osx-x86_64-snowleopard, r-release-windows-ix86+x86_64, r-oldrel-windows-ix86+x86_64

Version: 1.2.5
Check: dependencies in R code
Result: NOTE
    'library' or 'require' calls to packages already attached by Depends:
     'MASS' 'tseries'
     Please remove these calls from your code.
    Packages in Depends field not imported from:
     'MASS' 'Rcmdr' 'TeachingDemos' 'abind' 'forecast' 'tseries' 'xts'
     These packages need to be imported from for the case when
     this namespace is loaded but not attached.
    See the information on DESCRIPTION files in the chapter 'Creating R
    packages' of the 'Writing R Extensions' manual.
Flavor: r-release-osx-x86_64-snowleopard