CRAN Package Check Results for Package bifactorial

Last updated on 2014-08-20 21:47:22.

Flavor Version Tinstall Tcheck Ttotal Status Flags
r-devel-linux-x86_64-debian-clang 1.4.7 12.98 32.20 45.18 NOTE
r-devel-linux-x86_64-debian-gcc 1.4.7 16.91 33.48 50.39 NOTE
r-devel-linux-x86_64-fedora-clang 1.4.7 94.42 NOTE
r-devel-linux-x86_64-fedora-gcc 1.4.7 94.94 NOTE
r-devel-osx-x86_64-clang 1.4.7 77.80 NOTE
r-devel-windows-ix86+x86_64 1.4.7 53.00 76.00 129.00 NOTE
r-patched-linux-x86_64 1.4.7 18.04 33.76 51.80 NOTE
r-patched-solaris-sparc 1.4.7 640.30 NOTE
r-patched-solaris-x86 1.4.7 128.50 NOTE
r-release-linux-ix86 1.4.7 22.26 45.48 67.73 NOTE
r-release-linux-x86_64 1.4.7 17.14 35.20 52.34 NOTE
r-release-osx-x86_64-mavericks 1.4.7 NOTE
r-release-osx-x86_64-snowleopard 1.4.7 NOTE
r-release-windows-ix86+x86_64 1.4.7 57.00 78.00 135.00 NOTE
r-oldrel-windows-ix86+x86_64 1.4.7 58.00 81.00 139.00 NOTE

Memtest notes: valgrind

Check Details

Version: 1.4.7
Check: dependencies in R code
Result: NOTE
    'library' or 'require' call to ‘mvtnorm’ which was already attached by Depends.
     Please remove these calls from your code.
    Packages in Depends field not imported from:
     ‘Rcpp’ ‘mvtnorm’
     These packages need to be imported from (in the NAMESPACE file)
     for when this namespace is loaded but not attached.
    See the information on DESCRIPTION files in the chapter ‘Creating R
    packages’ of the ‘Writing R Extensions’ manual.
Flavors: r-devel-linux-x86_64-debian-clang, r-devel-linux-x86_64-debian-gcc, r-devel-linux-x86_64-fedora-clang, r-devel-linux-x86_64-fedora-gcc, r-devel-osx-x86_64-clang, r-devel-windows-ix86+x86_64, r-patched-linux-x86_64, r-patched-solaris-sparc, r-patched-solaris-x86, r-release-linux-ix86, r-release-linux-x86_64, r-release-osx-x86_64-mavericks, r-release-osx-x86_64-snowleopard, r-release-windows-ix86+x86_64, r-oldrel-windows-ix86+x86_64

Version: 1.4.7
Check: R code for possible problems
Result: NOTE
    maxstudent2 : padj.fun: no visible global function definition for
     ‘pmvnorm’
    pvstudent2 : padj.fun: no visible global function definition for
     ‘pmvnorm’
Flavors: r-devel-linux-x86_64-fedora-clang, r-devel-linux-x86_64-fedora-gcc, r-devel-osx-x86_64-clang