CRAN Package Check Results for Package bifactorial

Last updated on 2014-07-20 21:48:58.

Flavor Version Tinstall Tcheck Ttotal Status Flags
r-devel-linux-x86_64-debian-clang 1.4.7 13.92 32.86 46.78 NOTE
r-devel-linux-x86_64-debian-gcc 1.4.7 17.04 32.50 49.54 NOTE
r-devel-linux-x86_64-fedora-clang 1.4.7 94.49 NOTE
r-devel-linux-x86_64-fedora-gcc 1.4.7 97.95 NOTE
r-devel-osx-x86_64-clang 1.4.7 80.67 NOTE
r-devel-windows-ix86+x86_64 1.4.7 55.00 75.00 130.00 NOTE
r-patched-linux-x86_64 1.4.7 17.11 32.88 50.00 NOTE
r-patched-solaris-sparc 1.4.7 612.20 NOTE
r-patched-solaris-x86 1.4.7 127.40 NOTE
r-release-linux-ix86 1.4.7 22.34 45.51 67.86 NOTE
r-release-linux-x86_64 1.4.7 16.90 35.44 52.34 NOTE
r-release-osx-x86_64-mavericks 1.4.7 NOTE
r-release-osx-x86_64-snowleopard 1.4.7 NOTE
r-release-windows-ix86+x86_64 1.4.7 54.00 82.00 136.00 NOTE
r-oldrel-windows-ix86+x86_64 1.4.7 54.00 79.00 133.00 NOTE

Memtest notes: valgrind

Check Details

Version: 1.4.7
Check: dependencies in R code
Result: NOTE
    'library' or 'require' call to ‘mvtnorm’ which was already attached by Depends.
     Please remove these calls from your code.
    Packages in Depends field not imported from:
     ‘Rcpp’ ‘mvtnorm’
     These packages need to be imported from (in the NAMESPACE file)
     for when this namespace is loaded but not attached.
    See the information on DESCRIPTION files in the chapter ‘Creating R
    packages’ of the ‘Writing R Extensions’ manual.
Flavors: r-devel-linux-x86_64-debian-clang, r-devel-linux-x86_64-debian-gcc, r-devel-linux-x86_64-fedora-clang, r-devel-linux-x86_64-fedora-gcc, r-devel-osx-x86_64-clang, r-devel-windows-ix86+x86_64, r-patched-linux-x86_64, r-patched-solaris-sparc, r-patched-solaris-x86, r-release-linux-ix86, r-release-linux-x86_64, r-release-osx-x86_64-mavericks, r-release-osx-x86_64-snowleopard, r-release-windows-ix86+x86_64, r-oldrel-windows-ix86+x86_64