CRAN Package Check Results for Package bifactorial

Last updated on 2015-06-29 21:46:19.

Flavor Version Tinstall Tcheck Ttotal Status Flags
r-devel-linux-x86_64-debian-clang 1.4.7 14.45 26.30 40.75 NOTE
r-devel-linux-x86_64-debian-gcc 1.4.7 17.98 27.41 45.39 NOTE
r-devel-linux-x86_64-fedora-clang 1.4.7 80.67 NOTE
r-devel-linux-x86_64-fedora-gcc 1.4.7 81.97 NOTE
r-devel-osx-x86_64-clang 1.4.7 62.23 NOTE
r-devel-windows-ix86+x86_64 1.4.7 75.00 72.00 147.00 NOTE
r-patched-linux-x86_64 1.4.7 17.09 28.01 45.10 NOTE
r-patched-solaris-sparc 1.4.7 580.80 NOTE
r-patched-solaris-x86 1.4.7 117.30 NOTE
r-release-linux-x86_64 1.4.7 18.01 27.78 45.79 NOTE
r-release-osx-x86_64-mavericks 1.4.7 NOTE
r-release-windows-ix86+x86_64 1.4.7 72.00 67.00 139.00 NOTE
r-oldrel-windows-ix86+x86_64 1.4.7 60.00 84.00 144.00 NOTE

Memtest notes: valgrind

Check Details

Version: 1.4.7
Check: dependencies in R code
Result: NOTE
    'library' or 'require' call to ‘mvtnorm’ which was already attached by Depends.
     Please remove these calls from your code.
    Packages in Depends field not imported from:
     ‘Rcpp’ ‘mvtnorm’
     These packages need to be imported from (in the NAMESPACE file)
     for when this namespace is loaded but not attached.
Flavors: r-devel-linux-x86_64-debian-clang, r-devel-linux-x86_64-debian-gcc, r-devel-linux-x86_64-fedora-clang, r-devel-linux-x86_64-fedora-gcc, r-devel-osx-x86_64-clang, r-devel-windows-ix86+x86_64, r-patched-linux-x86_64, r-patched-solaris-sparc, r-patched-solaris-x86, r-release-linux-x86_64, r-release-osx-x86_64-mavericks, r-release-windows-ix86+x86_64, r-oldrel-windows-ix86+x86_64

Version: 1.4.7
Check: R code for possible problems
Result: NOTE
    avebinomial2Boot: no visible global function definition for ‘var’
    avebinomial3Boot: no visible global function definition for ‘var’
    avestudent2: no visible global function definition for ‘var’
    avestudent2: no visible global function definition for ‘pnorm’
    avestudent2Boot: no visible global function definition for ‘var’
    avestudent3Boot: no visible global function definition for ‘var’
    intbinomial2Boot: no visible global function definition for ‘quantile’
    intbinomial3Boot: no visible global function definition for ‘quantile’
    intstudent2: no visible global function definition for ‘confint’
    intstudent2: no visible global function definition for ‘lm’
    intstudent2Boot: no visible global function definition for ‘var’
    intstudent2Boot: no visible global function definition for ‘quantile’
    intstudent3Boot: no visible global function definition for ‘var’
    intstudent3Boot: no visible global function definition for ‘quantile’
    maxstudent2: no visible global function definition for ‘var’
    maxstudent2 : padj.fun: no visible global function definition for
     ‘pmvnorm’
    maxstudent2 : padj.fun: no visible global function definition for
     ‘qnorm’
    maxstudent2: no visible global function definition for ‘pt’
    pvstudent2: no visible global function definition for ‘var’
    pvstudent2 : padj.fun: no visible global function definition for
     ‘pmvnorm’
    pvstudent2 : padj.fun: no visible global function definition for
     ‘qnorm’
    pvstudent2: no visible global function definition for ‘pt’
    ttest: no visible global function definition for ‘var’
    show,carpet: no visible global function definition for ‘sd’
    show,cube: no visible global function definition for ‘sd’
Flavors: r-devel-linux-x86_64-debian-clang, r-devel-linux-x86_64-debian-gcc, r-devel-windows-ix86+x86_64

Version: 1.4.7
Check: compiled code
Result: NOTE
    File ‘bifactorial/libs/bifactorial.so’:
     Found ‘rand’, possibly from ‘rand’ (C)
     Object: ‘misc.o’
     Found ‘srand’, possibly from ‘srand’ (C)
     Objects: ‘krit.o’, ‘pv.o’
    
    Compiled code should not call entry points which might terminate R nor
    write to stdout/stderr instead of to the console, nor the system RNG.
    
    See ‘Writing portable packages’ in the ‘Writing R Extensions’ manual.
Flavors: r-devel-linux-x86_64-debian-clang, r-devel-linux-x86_64-debian-gcc, r-devel-linux-x86_64-fedora-clang, r-devel-linux-x86_64-fedora-gcc, r-patched-linux-x86_64, r-patched-solaris-sparc, r-patched-solaris-x86, r-release-linux-x86_64

Version: 1.4.7
Check: R code for possible problems
Result: NOTE
    maxstudent2 : padj.fun: no visible global function definition for
     ‘pmvnorm’
    pvstudent2 : padj.fun: no visible global function definition for
     ‘pmvnorm’
Flavors: r-devel-linux-x86_64-fedora-clang, r-devel-linux-x86_64-fedora-gcc, r-devel-osx-x86_64-clang, r-patched-linux-x86_64, r-patched-solaris-sparc, r-patched-solaris-x86, r-release-linux-x86_64, r-release-osx-x86_64-mavericks, r-release-windows-ix86+x86_64, r-oldrel-windows-ix86+x86_64

Version: 1.4.7
Check: compiled code
Result: NOTE
    File ‘bifactorial/libs/bifactorial.so’:
     Found ‘_rand’, possibly from ‘rand’ (C)
     Object: ‘misc.o’
     Found ‘_srand’, possibly from ‘srand’ (C)
     Objects: ‘krit.o’, ‘pv.o’
    
    Compiled code should not call entry points which might terminate R nor
    write to stdout/stderr instead of to the console, nor the system RNG.
    
    See ‘Writing portable packages’ in the ‘Writing R Extensions’ manual.
Flavors: r-devel-osx-x86_64-clang, r-release-osx-x86_64-mavericks

Version: 1.4.7
Check: compiled code
Result: NOTE
    File 'bifactorial/libs/i386/bifactorial.dll':
     Found 'rand', possibly from 'rand' (C)
     Object: 'misc.o'
     Found 'srand', possibly from 'srand' (C)
     Objects: 'krit.o', 'pv.o'
    File 'bifactorial/libs/x64/bifactorial.dll':
     Found 'rand', possibly from 'rand' (C)
     Object: 'misc.o'
     Found 'srand', possibly from 'srand' (C)
     Objects: 'krit.o', 'pv.o'
    
    Compiled code should not call entry points which might terminate R nor
    write to stdout/stderr instead of to the console, nor the system RNG.
    
    See 'Writing portable packages' in the 'Writing R Extensions' manual.
Flavors: r-devel-windows-ix86+x86_64, r-release-windows-ix86+x86_64, r-oldrel-windows-ix86+x86_64