CRAN Package Check Results for Package bifactorial

Last updated on 2015-04-27 21:46:26.

Flavor Version Tinstall Tcheck Ttotal Status Flags
r-devel-linux-x86_64-debian-clang 1.4.7 14.24 27.12 41.36 NOTE
r-devel-linux-x86_64-debian-gcc 1.4.7 16.75 27.22 43.98 NOTE
r-devel-linux-x86_64-fedora-clang 1.4.7 86.00 NOTE
r-devel-linux-x86_64-fedora-gcc 1.4.7 83.80 NOTE
r-devel-osx-x86_64-clang 1.4.7 67.24 NOTE
r-devel-windows-ix86+x86_64 1.4.7 56.00 74.00 130.00 NOTE
r-patched-linux-x86_64 1.4.7 17.66 28.96 46.62 NOTE
r-patched-solaris-sparc 1.4.7 601.10 NOTE
r-patched-solaris-x86 1.4.7 117.60 NOTE
r-release-linux-x86_64 1.4.7 16.93 27.27 44.20 NOTE
r-release-osx-x86_64-mavericks 1.4.7 ERROR
r-release-osx-x86_64-snowleopard 1.4.7 ERROR
r-release-windows-ix86+x86_64 1.4.7 77.00 84.00 161.00 NOTE
r-oldrel-windows-ix86+x86_64 1.4.7 51.00 77.00 128.00 NOTE

Memtest notes: valgrind

Check Details

Version: 1.4.7
Check: dependencies in R code
Result: NOTE
    'library' or 'require' call to ‘mvtnorm’ which was already attached by Depends.
     Please remove these calls from your code.
    Packages in Depends field not imported from:
     ‘Rcpp’ ‘mvtnorm’
     These packages need to be imported from (in the NAMESPACE file)
     for when this namespace is loaded but not attached.
Flavors: r-devel-linux-x86_64-debian-clang, r-devel-linux-x86_64-debian-gcc, r-devel-linux-x86_64-fedora-clang, r-devel-linux-x86_64-fedora-gcc, r-devel-osx-x86_64-clang, r-devel-windows-ix86+x86_64, r-patched-solaris-sparc, r-patched-solaris-x86, r-release-linux-x86_64, r-release-windows-ix86+x86_64, r-oldrel-windows-ix86+x86_64

Version: 1.4.7
Check: R code for possible problems
Result: NOTE
    maxstudent2 : padj.fun: no visible global function definition for
     ‘pmvnorm’
    pvstudent2 : padj.fun: no visible global function definition for
     ‘pmvnorm’
Flavors: r-devel-linux-x86_64-debian-clang, r-devel-linux-x86_64-debian-gcc, r-devel-linux-x86_64-fedora-clang, r-devel-linux-x86_64-fedora-gcc, r-devel-osx-x86_64-clang, r-devel-windows-ix86+x86_64, r-patched-solaris-sparc, r-patched-solaris-x86, r-release-linux-x86_64, r-release-windows-ix86+x86_64, r-oldrel-windows-ix86+x86_64

Version: 1.4.7
Check: compiled code
Result: NOTE
    File ‘bifactorial/libs/bifactorial.so’:
     Found ‘rand’, possibly from ‘rand’ (C)
     Object: ‘misc.o’
     Found ‘srand’, possibly from ‘srand’ (C)
     Objects: ‘krit.o’, ‘pv.o’
    
    Compiled code should not call entry points which might terminate R nor
    write to stdout/stderr instead of to the console, nor the system RNG.
    
    See ‘Writing portable packages’ in the ‘Writing R Extensions’ manual.
Flavors: r-devel-linux-x86_64-debian-clang, r-devel-linux-x86_64-debian-gcc, r-devel-linux-x86_64-fedora-clang, r-devel-linux-x86_64-fedora-gcc, r-patched-solaris-sparc, r-patched-solaris-x86, r-release-linux-x86_64

Version: 1.4.7
Check: compiled code
Result: NOTE
    File ‘bifactorial/libs/bifactorial.so’:
     Found ‘_rand’, possibly from ‘rand’ (C)
     Object: ‘misc.o’
     Found ‘_srand’, possibly from ‘srand’ (C)
     Objects: ‘krit.o’, ‘pv.o’
    
    Compiled code should not call entry points which might terminate R nor
    write to stdout/stderr instead of to the console, nor the system RNG.
    
    See ‘Writing portable packages’ in the ‘Writing R Extensions’ manual.
Flavor: r-devel-osx-x86_64-clang

Version: 1.4.7
Check: compiled code
Result: NOTE
    File 'bifactorial/libs/i386/bifactorial.dll':
     Found 'rand', possibly from 'rand' (C)
     Object: 'misc.o'
     Found 'srand', possibly from 'srand' (C)
     Objects: 'krit.o', 'pv.o'
    File 'bifactorial/libs/x64/bifactorial.dll':
     Found 'rand', possibly from 'rand' (C)
     Object: 'misc.o'
     Found 'srand', possibly from 'srand' (C)
     Objects: 'krit.o', 'pv.o'
    
    Compiled code should not call entry points which might terminate R nor
    write to stdout/stderr instead of to the console, nor the system RNG.
    
    See 'Writing portable packages' in the 'Writing R Extensions' manual.
Flavors: r-devel-windows-ix86+x86_64, r-release-windows-ix86+x86_64, r-oldrel-windows-ix86+x86_64

Version: 1.4.7
Check: package dependencies
Result: ERROR
    Package required but not available: ‘multcomp’
    
    See section ‘The DESCRIPTION file’ in the ‘Writing R Extensions’
    manual.
Flavors: r-release-osx-x86_64-mavericks, r-release-osx-x86_64-snowleopard