CRAN Package Check Results for Package bifactorial

Last updated on 2014-12-18 19:50:32.

Flavor Version Tinstall Tcheck Ttotal Status Flags
r-devel-linux-x86_64-debian-clang 1.4.7 13.32 31.15 44.46 NOTE
r-devel-linux-x86_64-debian-gcc 1.4.7 17.04 32.63 49.66 NOTE
r-devel-linux-x86_64-fedora-clang 1.4.7 99.24 NOTE
r-devel-linux-x86_64-fedora-gcc 1.4.7 96.53 NOTE
r-devel-osx-x86_64-clang 1.4.7 80.41 NOTE
r-devel-windows-ix86+x86_64 1.4.7 51.00 78.00 129.00 NOTE
r-patched-linux-x86_64 1.4.7 17.18 34.02 51.20 NOTE
r-patched-solaris-sparc 1.4.7 650.70 NOTE
r-patched-solaris-x86 1.4.7 130.70 NOTE
r-release-linux-ix86 1.4.7 21.26 43.32 64.58 NOTE
r-release-linux-x86_64 1.4.7 17.17 33.12 50.28 NOTE
r-release-osx-x86_64-mavericks 1.4.7 NOTE
r-release-osx-x86_64-snowleopard 1.4.7 NOTE
r-release-windows-ix86+x86_64 1.4.7 54.00 81.00 135.00 NOTE
r-oldrel-windows-ix86+x86_64 1.4.7 53.00 87.00 140.00 NOTE

Memtest notes: valgrind

Check Details

Version: 1.4.7
Check: dependencies in R code
Result: NOTE
    'library' or 'require' call to ‘mvtnorm’ which was already attached by Depends.
     Please remove these calls from your code.
    Packages in Depends field not imported from:
     ‘Rcpp’ ‘mvtnorm’
     These packages need to be imported from (in the NAMESPACE file)
     for when this namespace is loaded but not attached.
    See the information on DESCRIPTION files in the chapter ‘Creating R
    packages’ of the ‘Writing R Extensions’ manual.
Flavors: r-devel-linux-x86_64-debian-clang, r-devel-linux-x86_64-debian-gcc, r-devel-linux-x86_64-fedora-clang, r-devel-linux-x86_64-fedora-gcc, r-devel-osx-x86_64-clang, r-devel-windows-ix86+x86_64, r-patched-linux-x86_64, r-patched-solaris-sparc, r-patched-solaris-x86, r-release-linux-ix86, r-release-linux-x86_64, r-release-osx-x86_64-mavericks, r-release-osx-x86_64-snowleopard, r-release-windows-ix86+x86_64, r-oldrel-windows-ix86+x86_64

Version: 1.4.7
Check: R code for possible problems
Result: NOTE
    maxstudent2 : padj.fun: no visible global function definition for
     ‘pmvnorm’
    pvstudent2 : padj.fun: no visible global function definition for
     ‘pmvnorm’
Flavors: r-devel-linux-x86_64-debian-clang, r-devel-linux-x86_64-debian-gcc, r-devel-linux-x86_64-fedora-clang, r-devel-linux-x86_64-fedora-gcc, r-devel-osx-x86_64-clang, r-devel-windows-ix86+x86_64, r-patched-linux-x86_64, r-patched-solaris-sparc, r-patched-solaris-x86, r-release-linux-ix86, r-release-linux-x86_64, r-release-windows-ix86+x86_64

Version: 1.4.7
Check: compiled code
Result: NOTE
    File ‘bifactorial/libs/bifactorial.so’:
     Found ‘rand’, possibly from ‘rand’ (C)
     Object: ‘misc.o’
     Found ‘srand’, possibly from ‘srand’ (C)
     Objects: ‘krit.o’, ‘pv.o’
    
    Compiled code should not call entry points which might terminate R nor
    write to stdout/stderr instead of to the console, nor the system RNG.
    
    See ‘Writing portable packages’ in the ‘Writing R Extensions’ manual.
Flavors: r-devel-linux-x86_64-debian-clang, r-devel-linux-x86_64-debian-gcc, r-devel-linux-x86_64-fedora-clang, r-devel-linux-x86_64-fedora-gcc, r-patched-linux-x86_64, r-patched-solaris-sparc, r-patched-solaris-x86

Version: 1.4.7
Check: compiled code
Result: NOTE
    File ‘bifactorial/libs/bifactorial.so’:
     Found ‘_rand’, possibly from ‘rand’ (C)
     Object: ‘misc.o’
     Found ‘_srand’, possibly from ‘srand’ (C)
     Objects: ‘krit.o’, ‘pv.o’
    
    Compiled code should not call entry points which might terminate R nor
    write to stdout/stderr instead of to the console, nor the system RNG.
    
    See ‘Writing portable packages’ in the ‘Writing R Extensions’ manual.
Flavor: r-devel-osx-x86_64-clang

Version: 1.4.7
Check: compiled code
Result: NOTE
    File 'bifactorial/libs/i386/bifactorial.dll':
     Found 'rand', possibly from 'rand' (C)
     Object: 'misc.o'
     Found 'srand', possibly from 'srand' (C)
     Objects: 'krit.o', 'pv.o'
    File 'bifactorial/libs/x64/bifactorial.dll':
     Found 'rand', possibly from 'rand' (C)
     Object: 'misc.o'
     Found 'srand', possibly from 'srand' (C)
     Objects: 'krit.o', 'pv.o'
    
    Compiled code should not call entry points which might terminate R nor
    write to stdout/stderr instead of to the console, nor the system RNG.
    
    See 'Writing portable packages' in the 'Writing R Extensions' manual.
Flavor: r-devel-windows-ix86+x86_64

Version: 1.4.7
Check: compiled code
Result: NOTE
    File ‘bifactorial/libs/bifactorial.so’:
     Found ‘rand’, possibly from ‘rand’ (C)
     Object: ‘misc.o’
     Found ‘srand’, possibly from ‘srand’ (C)
     Objects: ‘krit.o’, ‘pv.o’
    
    Compiled code should not call entry points which might terminate R nor
    write to stdout/stderr instead of to the console, nor the C RNG.
    
    See ‘Writing portable packages’ in the ‘Writing R Extensions’ manual.
Flavors: r-release-linux-ix86, r-release-linux-x86_64

Version: 1.4.7
Check: compiled code
Result: NOTE
    File 'bifactorial/libs/i386/bifactorial.dll':
     Found 'rand', possibly from 'rand' (C)
     Object: 'misc.o'
     Found 'srand', possibly from 'srand' (C)
     Objects: 'krit.o', 'pv.o'
    File 'bifactorial/libs/x64/bifactorial.dll':
     Found 'rand', possibly from 'rand' (C)
     Object: 'misc.o'
     Found 'srand', possibly from 'srand' (C)
     Objects: 'krit.o', 'pv.o'
    
    Compiled code should not call entry points which might terminate R nor
    write to stdout/stderr instead of to the console, nor the C RNG.
    
    See 'Writing portable packages' in the 'Writing R Extensions' manual.
Flavor: r-release-windows-ix86+x86_64