CRAN Package Check Results for Package condGEE

Last updated on 2016-02-06 18:50:20.

Flavor Version Tinstall Tcheck Ttotal Status Flags
r-devel-linux-x86_64-debian-gcc 0.1-4 0.56 10.89 11.45 NOTE
r-devel-linux-x86_64-fedora-clang 0.1-4 25.66 NOTE
r-devel-linux-x86_64-fedora-gcc 0.1-4 24.80 NOTE
r-devel-osx-x86_64-clang 0.1-4 28.56 NOTE
r-devel-windows-ix86+x86_64 0.1-4 4.00 30.00 34.00 NOTE
r-patched-linux-x86_64 0.1-4 0.58 11.91 12.48 OK
r-patched-solaris-sparc 0.1-4 178.00 OK
r-patched-solaris-x86 0.1-4 36.60 OK
r-release-linux-x86_64 0.1-4 0.56 11.84 12.41 OK
r-release-osx-x86_64-mavericks 0.1-4 OK
r-release-windows-ix86+x86_64 0.1-4 2.00 29.00 31.00 OK
r-oldrel-windows-ix86+x86_64 0.1-4 4.00 31.00 35.00 OK

Check Details

Version: 0.1-4
Check: R code for possible problems
Result: NOTE
    K1.norm: no visible global function definition for ‘dnorm’
    K1.norm: no visible global function definition for ‘pnorm’
    K1.t3: no visible global function definition for ‘pt’
    K2.norm: no visible global function definition for ‘dnorm’
    K2.norm: no visible global function definition for ‘pnorm’
    K2.t3: no visible global function definition for ‘pt’
    Undefined global functions or variables:
     dnorm pnorm pt
    Consider adding
     importFrom("stats", "dnorm", "pnorm", "pt")
    to your NAMESPACE file.
Flavors: r-devel-linux-x86_64-debian-gcc, r-devel-linux-x86_64-fedora-clang, r-devel-osx-x86_64-clang

Version: 0.1-4
Check: R code for possible problems
Result: NOTE
    K1.norm: no visible global function definition for ‘dnorm’
    K1.norm: no visible global function definition for ‘pnorm’
    K1.t3: no visible global function definition for ‘pt’
    K2.norm: no visible global function definition for ‘dnorm’
    K2.norm: no visible global function definition for ‘pnorm’
    K2.t3: no visible global function definition for ‘pt’
    Undefined global functions or variables:
     dnorm pnorm pt
    Consider adding
     importFrom("stats", "dnorm", "pnorm", "pt")
    to your NAMESPACE.
Flavors: r-devel-linux-x86_64-fedora-gcc, r-devel-windows-ix86+x86_64