CRAN Package Check Results for Package condGEE

Last updated on 2016-05-31 21:46:33.

Flavor Version Tinstall Tcheck Ttotal Status Flags
r-devel-linux-x86_64-debian-gcc 0.1-4 0.55 13.01 13.56 NOTE
r-devel-linux-x86_64-fedora-clang 0.1-4 28.30 NOTE
r-devel-linux-x86_64-fedora-gcc 0.1-4 24.99 NOTE
r-devel-osx-x86_64-clang 0.1-4 28.91 NOTE
r-devel-windows-ix86+x86_64 0.1-4 2.00 34.00 36.00 NOTE
r-patched-linux-x86_64 0.1-4 0.56 12.92 13.48 NOTE
r-patched-solaris-sparc 0.1-4 171.10 NOTE
r-patched-solaris-x86 0.1-4 36.00 NOTE
r-release-linux-x86_64 0.1-4 0.54 12.09 12.64 NOTE
r-release-osx-x86_64-mavericks 0.1-4 NOTE
r-release-windows-ix86+x86_64 0.1-4 2.00 41.00 43.00 NOTE
r-oldrel-windows-ix86+x86_64 0.1-4 2.00 29.00 31.00 OK

Check Details

Version: 0.1-4
Check: R code for possible problems
Result: NOTE
    K1.norm: no visible global function definition for ‘dnorm’
    K1.norm: no visible global function definition for ‘pnorm’
    K1.t3: no visible global function definition for ‘pt’
    K2.norm: no visible global function definition for ‘dnorm’
    K2.norm: no visible global function definition for ‘pnorm’
    K2.t3: no visible global function definition for ‘pt’
    Undefined global functions or variables:
     dnorm pnorm pt
    Consider adding
     importFrom("stats", "dnorm", "pnorm", "pt")
    to your NAMESPACE file.
Flavors: r-devel-linux-x86_64-debian-gcc, r-devel-linux-x86_64-fedora-clang, r-devel-linux-x86_64-fedora-gcc, r-devel-osx-x86_64-clang, r-devel-windows-ix86+x86_64, r-patched-linux-x86_64, r-patched-solaris-sparc, r-patched-solaris-x86, r-release-linux-x86_64, r-release-osx-x86_64-mavericks, r-release-windows-ix86+x86_64