CRAN Package Check Results for Package condGEE

Last updated on 2016-09-28 21:48:05.

Flavor Version Tinstall Tcheck Ttotal Status Flags
r-devel-linux-x86_64-debian-clang 0.1-4 0.48 12.80 13.29 NOTE
r-devel-linux-x86_64-debian-gcc 0.1-4 0.56 11.92 12.49 NOTE
r-devel-linux-x86_64-fedora-clang 0.1-4 26.69 NOTE
r-devel-linux-x86_64-fedora-gcc 0.1-4 25.05 NOTE
r-devel-macos-x86_64-clang 0.1-4 21.93 NOTE
r-devel-windows-ix86+x86_64 0.1-4 4.00 48.00 52.00 NOTE
r-patched-linux-x86_64 0.1-4 0.58 12.11 12.69 NOTE
r-patched-solaris-sparc 0.1-4 172.40 NOTE
r-patched-solaris-x86 0.1-4 34.30 NOTE
r-release-linux-x86_64 0.1-4 0.60 12.36 12.96 NOTE
r-release-osx-x86_64-mavericks 0.1-4 NOTE
r-release-windows-ix86+x86_64 0.1-4 2.00 33.00 35.00 NOTE
r-oldrel-windows-ix86+x86_64 0.1-4 6.00 41.00 47.00 OK

Check Details

Version: 0.1-4
Check: R code for possible problems
Result: NOTE
    K1.norm: no visible global function definition for ‘dnorm’
    K1.norm: no visible global function definition for ‘pnorm’
    K1.t3: no visible global function definition for ‘pt’
    K2.norm: no visible global function definition for ‘dnorm’
    K2.norm: no visible global function definition for ‘pnorm’
    K2.t3: no visible global function definition for ‘pt’
    Undefined global functions or variables:
     dnorm pnorm pt
    Consider adding
     importFrom("stats", "dnorm", "pnorm", "pt")
    to your NAMESPACE file.
Flavors: r-devel-linux-x86_64-debian-clang, r-devel-linux-x86_64-debian-gcc, r-devel-linux-x86_64-fedora-clang, r-devel-linux-x86_64-fedora-gcc, r-devel-macos-x86_64-clang, r-devel-windows-ix86+x86_64, r-patched-linux-x86_64, r-patched-solaris-sparc, r-patched-solaris-x86, r-release-linux-x86_64, r-release-osx-x86_64-mavericks, r-release-windows-ix86+x86_64