CRAN Package Check Results for Package condGEE

Last updated on 2015-07-30 21:47:00.

Flavor Version Tinstall Tcheck Ttotal Status Flags
r-devel-linux-x86_64-debian-clang 0.1-4 0.50 11.15 11.66 NOTE
r-devel-linux-x86_64-debian-gcc 0.1-4 0.52 11.10 11.62 NOTE
r-devel-linux-x86_64-fedora-clang 0.1-4 28.62 NOTE
r-devel-linux-x86_64-fedora-gcc 0.1-4 26.24 NOTE
r-devel-osx-x86_64-clang 0.1-4 25.45 OK
r-devel-windows-ix86+x86_64 0.1-4 2.00 25.00 27.00 NOTE
r-patched-linux-x86_64 0.1-4 0.55 12.24 12.79 OK
r-patched-solaris-sparc 0.1-4 191.70 OK
r-patched-solaris-x86 0.1-4 41.30 OK
r-release-linux-x86_64 0.1-4 0.53 11.50 12.03 OK
r-release-osx-x86_64-mavericks 0.1-4 OK
r-release-windows-ix86+x86_64 0.1-4 2.00 23.00 25.00 OK
r-oldrel-windows-ix86+x86_64 0.1-4 4.00 25.00 29.00 OK

Check Details

Version: 0.1-4
Check: R code for possible problems
Result: NOTE
    K1.norm: no visible global function definition for ‘dnorm’
    K1.norm: no visible global function definition for ‘pnorm’
    K1.t3: no visible global function definition for ‘pt’
    K2.norm: no visible global function definition for ‘dnorm’
    K2.norm: no visible global function definition for ‘pnorm’
    K2.t3: no visible global function definition for ‘pt’
    Undefined global functions or variables:
     dnorm pnorm pt
    Consider adding
     importFrom("stats", "dnorm", "pnorm", "pt")
    to your NAMESPACE.
Flavors: r-devel-linux-x86_64-debian-clang, r-devel-linux-x86_64-debian-gcc, r-devel-linux-x86_64-fedora-clang, r-devel-linux-x86_64-fedora-gcc, r-devel-windows-ix86+x86_64