CRAN Package Check Results for Package condGEE

Last updated on 2015-08-30 21:46:38.

Flavor Version Tinstall Tcheck Ttotal Status Flags
r-devel-linux-x86_64-debian-clang 0.1-4 0.49 11.03 11.52 NOTE
r-devel-linux-x86_64-debian-gcc 0.1-4 0.47 10.74 11.22 NOTE
r-devel-linux-x86_64-fedora-clang 0.1-4 28.32 NOTE
r-devel-linux-x86_64-fedora-gcc 0.1-4 26.39 NOTE
r-devel-osx-x86_64-clang 0.1-4 25.05 OK
r-devel-windows-ix86+x86_64 0.1-4 4.00 40.00 44.00 NOTE
r-patched-linux-x86_64 0.1-4 0.54 11.38 11.92 OK
r-patched-solaris-sparc 0.1-4 191.70 OK
r-patched-solaris-x86 0.1-4 41.40 OK
r-release-linux-x86_64 0.1-4 0.56 11.58 12.14 OK
r-release-osx-x86_64-mavericks 0.1-4 OK
r-release-windows-ix86+x86_64 0.1-4 2.00 33.00 35.00 OK
r-oldrel-windows-ix86+x86_64 0.1-4 4.00 25.00 29.00 OK

Check Details

Version: 0.1-4
Check: R code for possible problems
Result: NOTE
    K1.norm: no visible global function definition for ‘dnorm’
    K1.norm: no visible global function definition for ‘pnorm’
    K1.t3: no visible global function definition for ‘pt’
    K2.norm: no visible global function definition for ‘dnorm’
    K2.norm: no visible global function definition for ‘pnorm’
    K2.t3: no visible global function definition for ‘pt’
    Undefined global functions or variables:
     dnorm pnorm pt
    Consider adding
     importFrom("stats", "dnorm", "pnorm", "pt")
    to your NAMESPACE.
Flavors: r-devel-linux-x86_64-debian-clang, r-devel-linux-x86_64-debian-gcc, r-devel-linux-x86_64-fedora-clang, r-devel-linux-x86_64-fedora-gcc, r-devel-windows-ix86+x86_64