CRAN Package Check Results for Package condGEE

Last updated on 2016-08-26 21:47:07.

Flavor Version Tinstall Tcheck Ttotal Status Flags
r-devel-linux-x86_64-debian-clang 0.1-4 0.51 11.56 12.07 NOTE
r-devel-linux-x86_64-debian-gcc 0.1-4 0.74 15.18 15.91 NOTE
r-devel-linux-x86_64-fedora-clang 0.1-4 26.26 NOTE
r-devel-linux-x86_64-fedora-gcc 0.1-4 24.47 NOTE
r-devel-osx-x86_64-clang 0.1-4 21.50 NOTE
r-devel-windows-ix86+x86_64 0.1-4 5.00 44.00 49.00 NOTE
r-patched-linux-x86_64 0.1-4 0.59 11.38 11.97 NOTE
r-patched-solaris-sparc 0.1-4 172.40 NOTE
r-patched-solaris-x86 0.1-4 36.00 NOTE
r-release-linux-x86_64 0.1-4 0.72 12.09 12.81 NOTE
r-release-osx-x86_64-mavericks 0.1-4 NOTE
r-release-windows-ix86+x86_64 0.1-4 2.00 41.00 43.00 NOTE
r-oldrel-windows-ix86+x86_64 0.1-4 2.00 29.00 31.00 OK

Check Details

Version: 0.1-4
Check: R code for possible problems
Result: NOTE
    K1.norm: no visible global function definition for ‘dnorm’
    K1.norm: no visible global function definition for ‘pnorm’
    K1.t3: no visible global function definition for ‘pt’
    K2.norm: no visible global function definition for ‘dnorm’
    K2.norm: no visible global function definition for ‘pnorm’
    K2.t3: no visible global function definition for ‘pt’
    Undefined global functions or variables:
     dnorm pnorm pt
    Consider adding
     importFrom("stats", "dnorm", "pnorm", "pt")
    to your NAMESPACE file.
Flavors: r-devel-linux-x86_64-debian-clang, r-devel-linux-x86_64-debian-gcc, r-devel-linux-x86_64-fedora-clang, r-devel-linux-x86_64-fedora-gcc, r-devel-osx-x86_64-clang, r-devel-windows-ix86+x86_64, r-patched-linux-x86_64, r-patched-solaris-sparc, r-patched-solaris-x86, r-release-linux-x86_64, r-release-osx-x86_64-mavericks, r-release-windows-ix86+x86_64