CRAN Package Check Results for Package expectreg

Last updated on 2015-03-05 19:47:52.

Flavor Version Tinstall Tcheck Ttotal Status Flags
r-devel-linux-x86_64-debian-clang 0.39 3.93 77.97 81.90 NOTE
r-devel-linux-x86_64-debian-gcc 0.39 3.70 79.01 82.70 NOTE
r-devel-linux-x86_64-fedora-clang 0.39 156.92 NOTE
r-devel-linux-x86_64-fedora-gcc 0.39 152.53 NOTE
r-devel-osx-x86_64-clang 0.39 141.29 NOTE
r-devel-windows-ix86+x86_64 0.39 11.00 102.00 113.00 NOTE
r-patched-linux-x86_64 0.39 5.06 95.60 100.66 NOTE
r-patched-solaris-sparc 0.39 838.00 NOTE --no-examples --no-tests --no-vignettes
r-patched-solaris-x86 0.39 266.40 NOTE
r-release-linux-ix86 0.39 5.79 89.69 95.48 ERROR
r-release-linux-x86_64 0.39 5.08 97.29 102.36 NOTE
r-release-osx-x86_64-mavericks 0.39 NOTE
r-release-osx-x86_64-snowleopard 0.39 OK
r-release-windows-ix86+x86_64 0.39 14.00 140.00 154.00 NOTE
r-oldrel-windows-ix86+x86_64 0.39 15.00 101.00 116.00 ERROR

Check Details

Version: 0.39
Check: dependencies in R code
Result: NOTE
    'library' or 'require' call to ‘fields’ in package code.
     Please use :: or requireNamespace() instead.
     See section 'Suggested packages' in the 'Writing R Extensions' manual.
    Package in Depends field not imported from: ‘parallel’
     These packages need to be imported from (in the NAMESPACE file)
     for when this namespace is loaded but not attached.
Flavors: r-devel-linux-x86_64-debian-clang, r-devel-linux-x86_64-debian-gcc, r-devel-linux-x86_64-fedora-clang, r-devel-linux-x86_64-fedora-gcc, r-devel-osx-x86_64-clang, r-devel-windows-ix86+x86_64, r-patched-linux-x86_64, r-patched-solaris-x86

Version: 0.39
Check: R code for possible problems
Result: NOTE
    expectreg.boost: no visible global function definition for ‘mclapply’
    expectreg.boost: no visible global function definition for
     ‘detectCores’
    laws: no visible global function definition for ‘mclapply’
    laws: no visible global function definition for ‘detectCores’
    quant.boost: no visible global function definition for ‘mclapply’
    quant.boost: no visible global function definition for ‘detectCores’
    rb: no visible global function definition for ‘cover.design’
Flavors: r-devel-linux-x86_64-debian-clang, r-devel-linux-x86_64-debian-gcc, r-devel-linux-x86_64-fedora-clang, r-devel-linux-x86_64-fedora-gcc, r-devel-osx-x86_64-clang, r-devel-windows-ix86+x86_64, r-patched-linux-x86_64, r-patched-solaris-x86, r-release-linux-ix86, r-release-linux-x86_64, r-release-osx-x86_64-mavericks, r-release-windows-ix86+x86_64

Version: 0.39
Flags: --no-examples --no-tests --no-vignettes
Check: dependencies in R code
Result: NOTE
    'library' or 'require' call to ‘fields’ in package code.
     Please use :: or requireNamespace() instead.
     See section 'Suggested packages' in the 'Writing R Extensions' manual.
    Package in Depends field not imported from: ‘parallel’
     These packages need to be imported from (in the NAMESPACE file)
     for when this namespace is loaded but not attached.
Flavor: r-patched-solaris-sparc

Version: 0.39
Flags: --no-examples --no-tests --no-vignettes
Check: R code for possible problems
Result: NOTE
    expectreg.boost: no visible global function definition for ‘mclapply’
    expectreg.boost: no visible global function definition for
     ‘detectCores’
    laws: no visible global function definition for ‘mclapply’
    laws: no visible global function definition for ‘detectCores’
    quant.boost: no visible global function definition for ‘mclapply’
    quant.boost: no visible global function definition for ‘detectCores’
    rb: no visible global function definition for ‘cover.design’
Flavor: r-patched-solaris-sparc

Version: 0.39
Check: dependencies in R code
Result: NOTE
    Package in Depends field not imported from: ‘parallel’
     These packages need to be imported from (in the NAMESPACE file)
     for when this namespace is loaded but not attached.
    See the information on DESCRIPTION files in the chapter ‘Creating R
    packages’ of the ‘Writing R Extensions’ manual.
Flavors: r-release-linux-ix86, r-release-linux-x86_64, r-release-osx-x86_64-mavericks, r-release-windows-ix86+x86_64

Version: 0.39
Check: examples
Result: ERROR
    Running examples in ‘expectreg-Ex.R’ failed
    The error most likely occurred in:
    
    > ### Name: quant.bundle
    > ### Title: Restricted expectile regression of additive models
    > ### Aliases: quant.bundle
    > ### Keywords: nonparametric smooth multivariate regression nonlinear models
    >
    > ### ** Examples
    >
    > qb = quant.bundle(dist ~ rb(speed),data=cars,smooth="f",lambda=5)
    iteration: 1 , convergence: 1.011775
    iteration: 2 , convergence: 0.7265555
    iteration: 3 , convergence: 0.1030417
    iteration: 4 , convergence: 0.01541923
    iteration: 5 , convergence: 0.001407704
    iteration: 6 , convergence: 0.000157713
    iteration: 7 , convergence: 1.775652e-05
    iteration: 8 , convergence: 1.997881e-06
    iteration: 9 , convergence: 2.305799e-07
    > plot(qb)
    >
    > qbund <- quant.bundle(dist ~ rb(speed),data=cars,smooth="f",lambda=50000,simple=FALSE)
    iteration: 1 , convergence: 6.920652
    iteration: 2 , convergence: 7.841755
    iteration: 3 , convergence: 8.26871
    iteration: 4 , convergence: 16.17013
    Error in solve.default(Q + P2, t(B) %*% r + Q %*% z) :
     system is computationally singular: reciprocal condition number = 8.3415e-17
    Calls: quant.bundle -> cdf.bundle -> solve -> solve.default
    Execution halted
Flavor: r-release-linux-ix86

Version: 0.39
Check: examples
Result: ERROR
    Running examples in 'expectreg-Ex.R' failed
    The error most likely occurred in:
    
    > ### Name: quant.bundle
    > ### Title: Restricted expectile regression of additive models
    > ### Aliases: quant.bundle
    > ### Keywords: nonparametric smooth multivariate regression nonlinear models
    >
    > ### ** Examples
    >
    > qb = quant.bundle(dist ~ rb(speed),data=cars,smooth="f",lambda=5)
    iteration: 1 , convergence: 1.011775
    iteration: 2 , convergence: 0.7265555
    iteration: 3 , convergence: 0.1030418
    iteration: 4 , convergence: 0.01541924
    iteration: 5 , convergence: 0.001407685
    iteration: 6 , convergence: 0.0001576836
    iteration: 7 , convergence: 1.776404e-05
    iteration: 8 , convergence: 2.021161e-06
    iteration: 9 , convergence: 1.951534e-07
    > plot(qb)
    >
    > qbund <- quant.bundle(dist ~ rb(speed),data=cars,smooth="f",lambda=50000,simple=FALSE)
    iteration: 1 , convergence: 6.952633
    iteration: 2 , convergence: 7.872934
    iteration: 3 , convergence: 8.263076
    iteration: 4 , convergence: 16.15313
    Error in solve.default(Q + P2, t(B) %*% r + Q %*% z) :
     system is computationally singular: reciprocal condition number = 8.4296e-17
    Calls: quant.bundle -> cdf.bundle -> solve -> solve.default
    Execution halted
Flavor: r-oldrel-windows-ix86+x86_64