CRAN Package Check Results for Package expectreg

Last updated on 2015-07-06 21:46:28.

Flavor Version Tinstall Tcheck Ttotal Status Flags
r-devel-linux-x86_64-debian-clang 0.39 3.60 72.86 76.45 NOTE
r-devel-linux-x86_64-debian-gcc 0.39 3.48 74.04 77.52 NOTE
r-devel-linux-x86_64-fedora-clang 0.39 157.20 NOTE
r-devel-linux-x86_64-fedora-gcc 0.39 158.30 NOTE
r-devel-osx-x86_64-clang 0.39 121.33 NOTE
r-devel-windows-ix86+x86_64 0.39 17.00 100.00 117.00 NOTE
r-patched-linux-x86_64 0.39 3.60 73.18 76.78 NOTE
r-patched-solaris-sparc 0.39 638.90 NOTE --no-examples --no-tests --no-vignettes
r-patched-solaris-x86 0.39 206.50 NOTE
r-release-linux-x86_64 0.39 3.68 73.86 77.54 NOTE
r-release-osx-x86_64-mavericks 0.39 NOTE
r-release-windows-ix86+x86_64 0.39 13.00 114.00 127.00 NOTE
r-oldrel-windows-ix86+x86_64 0.39 14.00 133.00 147.00 NOTE

Check Details

Version: 0.39
Check: dependencies in R code
Result: NOTE
    'library' or 'require' call to ‘fields’ in package code.
     Please use :: or requireNamespace() instead.
     See section 'Suggested packages' in the 'Writing R Extensions' manual.
    Package in Depends field not imported from: ‘parallel’
     These packages need to be imported from (in the NAMESPACE file)
     for when this namespace is loaded but not attached.
Flavors: r-devel-linux-x86_64-debian-clang, r-devel-linux-x86_64-debian-gcc, r-devel-linux-x86_64-fedora-clang, r-devel-linux-x86_64-fedora-gcc, r-devel-osx-x86_64-clang, r-devel-windows-ix86+x86_64, r-patched-linux-x86_64, r-patched-solaris-x86, r-release-linux-x86_64, r-release-osx-x86_64-mavericks, r-release-windows-ix86+x86_64, r-oldrel-windows-ix86+x86_64

Version: 0.39
Check: R code for possible problems
Result: NOTE
    eenorm: no visible global function definition for ‘plot’
    eenorm: no visible global function definition for ‘abline’
    eeplot: no visible global function definition for ‘plot’
    eeplot: no visible global function definition for ‘abline’
    expectreg.boost: no visible global function definition for ‘mclapply’
    expectreg.boost: no visible global function definition for
     ‘detectCores’
    laws: no visible global function definition for ‘mclapply’
    laws: no visible global function definition for ‘detectCores’
    lcurve: no visible global function definition for ‘matplot’
    plot.bundledensity: no visible global function definition for ‘hist’
    plot.bundledensity: no visible global function definition for ‘lines’
    plot.expectreg: no visible global function definition for ‘par’
    plot.expectreg: no visible global function definition for
     ‘dev.interactive’
    plot.expectreg: no visible global function definition for
     ‘devAskNewPage’
    plot.expectreg: no visible global function definition for ‘matplot’
    plot.expectreg: no visible global function definition for ‘matlines’
    plot.expectreg: no visible global function definition for ‘rainbow’
    plot.expectreg: no visible global function definition for ‘plot’
    plot.expectreg: no visible global function definition for ‘matpoints’
    plot.expectreg: no visible global function definition for ‘points’
    plot.expectreg: no visible global function definition for ‘persp’
    plot.expectreg: no visible global function definition for ‘image’
    quant.boost: no visible global function definition for ‘mclapply’
    quant.boost: no visible global function definition for ‘detectCores’
    rb: no visible global function definition for ‘cover.design’
    Undefined global functions or variables:
     abline cover.design detectCores dev.interactive devAskNewPage hist
     image lines matlines matplot matpoints mclapply par persp plot points
     rainbow
Flavors: r-devel-linux-x86_64-debian-clang, r-devel-linux-x86_64-debian-gcc, r-devel-linux-x86_64-fedora-clang, r-devel-linux-x86_64-fedora-gcc, r-devel-windows-ix86+x86_64

Version: 0.39
Check: R code for possible problems
Result: NOTE
    expectreg.boost: no visible global function definition for ‘mclapply’
    expectreg.boost: no visible global function definition for
     ‘detectCores’
    laws: no visible global function definition for ‘mclapply’
    laws: no visible global function definition for ‘detectCores’
    quant.boost: no visible global function definition for ‘mclapply’
    quant.boost: no visible global function definition for ‘detectCores’
    rb: no visible global function definition for ‘cover.design’
    Undefined global functions or variables:
     cover.design detectCores mclapply
Flavor: r-devel-osx-x86_64-clang

Version: 0.39
Check: R code for possible problems
Result: NOTE
    expectreg.boost: no visible global function definition for ‘mclapply’
    expectreg.boost: no visible global function definition for
     ‘detectCores’
    laws: no visible global function definition for ‘mclapply’
    laws: no visible global function definition for ‘detectCores’
    quant.boost: no visible global function definition for ‘mclapply’
    quant.boost: no visible global function definition for ‘detectCores’
    rb: no visible global function definition for ‘cover.design’
Flavors: r-patched-linux-x86_64, r-patched-solaris-x86, r-release-linux-x86_64, r-release-osx-x86_64-mavericks, r-release-windows-ix86+x86_64, r-oldrel-windows-ix86+x86_64

Version: 0.39
Flags: --no-examples --no-tests --no-vignettes
Check: dependencies in R code
Result: NOTE
    'library' or 'require' call to ‘fields’ in package code.
     Please use :: or requireNamespace() instead.
     See section 'Suggested packages' in the 'Writing R Extensions' manual.
    Package in Depends field not imported from: ‘parallel’
     These packages need to be imported from (in the NAMESPACE file)
     for when this namespace is loaded but not attached.
Flavor: r-patched-solaris-sparc

Version: 0.39
Flags: --no-examples --no-tests --no-vignettes
Check: R code for possible problems
Result: NOTE
    expectreg.boost: no visible global function definition for ‘mclapply’
    expectreg.boost: no visible global function definition for
     ‘detectCores’
    laws: no visible global function definition for ‘mclapply’
    laws: no visible global function definition for ‘detectCores’
    quant.boost: no visible global function definition for ‘mclapply’
    quant.boost: no visible global function definition for ‘detectCores’
    rb: no visible global function definition for ‘cover.design’
Flavor: r-patched-solaris-sparc