CRAN Package Check Results for Package extRemes

Last updated on 2014-04-23 20:47:11.

Flavor Version Tinstall Tcheck Ttotal Status Flags
r-devel-linux-x86_64-debian-clang 2.0-0 1.53 48.34 49.87 OK
r-devel-linux-x86_64-debian-gcc 2.0-0 1.54 48.86 50.40 OK
r-devel-linux-x86_64-fedora-clang 2.0-0 98.75 OK
r-devel-linux-x86_64-fedora-gcc 2.0-0 94.07 OK
r-devel-osx-x86_64-clang 2.0-0 78.37 OK
r-devel-osx-x86_64-gcc 2.0-0 ERROR
r-devel-windows-ix86+x86_64 2.0-0 4.00 63.00 67.00 OK
r-patched-linux-x86_64 2.0-0 1.48 50.98 52.46 OK
r-patched-solaris-sparc 2.0-0 520.80 OK
r-patched-solaris-x86 2.0-0 108.70 OK
r-release-linux-ix86 2.0-0 3.00 74.00 77.00 OK
r-release-linux-x86_64 2.0-0 1.54 48.87 50.41 OK
r-release-osx-x86_64-mavericks 2.0-0 WARN
r-release-osx-x86_64-snowleopard 2.0-0 OK
r-release-windows-ix86+x86_64 2.0-0 5.00 67.00 72.00 OK
r-oldrel-windows-ix86+x86_64 2.0-0 5.00 61.00 66.00 OK

Check Details

Version: 2.0-0
Check: package dependencies
Result: ERROR
    Package required but not available: ‘car’
    
    See the information on DESCRIPTION files in the chapter ‘Creating R
    packages’ of the ‘Writing R Extensions’ manual.
Flavor: r-devel-osx-x86_64-gcc

Version: 2.0-0
Check: PDF version of manual
Result: WARNING
    LaTeX errors when creating PDF version.
    This typically indicates Rd problems.
    LaTeX errors found:
    ! LaTeX Error: File `upquote.sty' not found.
    
    Type X to quit or <RETURN> to proceed,
    or enter new name. (Default extension: sty)
    
    94e8265/Rd2.tex:8: ==> Fatal error occurred, no output PDF file produced!
Flavor: r-release-osx-x86_64-mavericks