CRAN Package Check Results for Package tolerance

Last updated on 2015-06-29 21:46:52.

Flavor Version Tinstall Tcheck Ttotal Status Flags
r-devel-linux-x86_64-debian-clang 1.1.0 1.28 38.91 40.20 NOTE
r-devel-linux-x86_64-debian-gcc 1.1.0 1.19 38.49 39.68 NOTE
r-devel-linux-x86_64-fedora-clang 1.1.0 76.68 OK
r-devel-linux-x86_64-fedora-gcc 1.1.0 74.08 OK
r-devel-osx-x86_64-clang 1.1.0 55.94 OK
r-devel-windows-ix86+x86_64 1.1.0 8.00 57.00 65.00 NOTE
r-patched-linux-x86_64 1.1.0 1.25 39.12 40.37 OK
r-patched-solaris-sparc 1.1.0 533.30 OK
r-patched-solaris-x86 1.1.0 103.40 OK
r-release-linux-x86_64 1.1.0 1.25 39.37 40.62 OK
r-release-osx-x86_64-mavericks 1.1.0 OK
r-release-windows-ix86+x86_64 1.1.0 6.00 61.00 67.00 OK
r-oldrel-windows-ix86+x86_64 1.1.0 7.00 91.00 98.00 OK

Check Details

Version: 1.1.0
Check: R code for possible problems
Result: NOTE
    F1: no visible global function definition for ‘integrate’
    K.factor: no visible global function definition for ‘qnorm’
    K.factor: no visible global function definition for ‘qt’
    K.factor : K.temp: no visible global function definition for ‘qchisq’
    K.factor : K.temp : TEMP4: no visible global function definition for
     ‘qchisq’
    K.factor : K.temp : TEMP4: no visible global function definition for
     ‘qnorm’
    K.factor : K.temp: no visible global function definition for ‘qnorm’
    K.factor : K.temp: no visible global function definition for ‘pnorm’
    K.factor : K.temp: no visible global function definition for ‘dnorm’
    K.factor : K.temp : fun1: no visible global function definition for
     ‘pchisq’
    K.factor : K.temp : fun1: no visible global function definition for
     ‘qchisq’
    K.factor : K.temp : fun2: no visible global function definition for
     ‘integrate’
    K.factor : K.temp: no visible global function definition for ‘uniroot’
    K.factor : K.temp : Fun1: no visible global function definition for
     ‘pnorm’
    K.factor : K.temp : Fun1: no visible global function definition for
     ‘dchisq’
    K.factor : K.temp : Fun2: no visible global function definition for
     ‘integrate’
    K.factor : K.temp: no visible global function definition for ‘optim’
    acc.samp : ff: no visible global function definition for ‘phyper’
    acc.samp: no visible global function definition for ‘uniroot’
    acc.samp: no visible global function definition for ‘phyper’
    anovatol.int: no visible global function definition for ‘anova’
    bintol.int: no visible global function definition for ‘qnorm’
    bintol.int: no visible global function definition for ‘qbeta’
    bintol.int: no visible global function definition for ‘qf’
    bintol.int: no visible global function definition for ‘pnorm’
    bintol.int: no visible global function definition for ‘dnorm’
    bintol.int: no visible global function definition for ‘qbinom’
    cautol.int: no visible global function definition for ‘median’
    cautol.int: no visible global function definition for ‘IQR’
    cautol.int : cau.ll: no visible global function definition for
     ‘dcauchy’
    cautol.int: no visible global function definition for ‘nlm’
    cautol.int: no visible global function definition for ‘qcauchy’
    cautol.int: no visible global function definition for ‘qnorm’
    diffnormtol.int: no visible global function definition for ‘var’
    diffnormtol.int: no visible global function definition for ‘qnorm’
    diffnormtol.int: no visible global function definition for ‘qt’
    distfree.est : dist.free.est2: no visible global function definition
     for ‘uniroot’
    exp2tol.int: no visible global function definition for ‘qnorm’
    exp2tol.int: no visible global function definition for ‘qchisq’
    exptol.int: no visible global function definition for ‘qchisq’
    extrap: no visible global function definition for ‘pbinom’
    extrap: no visible global function definition for ‘dbinom’
    extrap : f.lb: no visible global function definition for ‘pbeta’
    extrap : f.ub: no visible global function definition for ‘pbeta’
    extrap: no visible global function definition for ‘uniroot’
    exttol.int : k.t: no visible global function definition for ‘qt’
    fidbintol.int: no visible global function definition for ‘rbeta’
    fidbintol.int : <anonymous>: no visible global function definition for
     ‘quantile’
    fidbintol.int : <anonymous>: no visible global function definition for
     ‘rbinom’
    fidbintol.int: no visible global function definition for ‘quantile’
    fidnegbintol.int: no visible global function definition for ‘rbeta’
    fidnegbintol.int : <anonymous>: no visible global function definition
     for ‘quantile’
    fidnegbintol.int : <anonymous>: no visible global function definition
     for ‘rnbinom’
    fidnegbintol.int: no visible global function definition for ‘quantile’
    fidpoistol.int: no visible global function definition for ‘rchisq’
    fidpoistol.int : <anonymous>: no visible global function definition for
     ‘quantile’
    fidpoistol.int : <anonymous>: no visible global function definition for
     ‘rpois’
    fidpoistol.int: no visible global function definition for ‘quantile’
    gamtol.int : gamma.ll: no visible global function definition for
     ‘dgamma’
    gamtol.int: no visible global function definition for ‘nlm’
    hypertol.int: no visible global function definition for ‘qnorm’
    hypertol.int: no visible global function definition for ‘phyper’
    hypertol.int: no visible global function definition for ‘qhyper’
    interp: no visible global function definition for ‘pbinom’
    interp: no visible global function definition for ‘dbinom’
    interp : f.l: no visible global function definition for ‘pbeta’
    interp : f.u: no visible global function definition for ‘pbeta’
    interp: no visible global function definition for ‘uniroot’
    laptol.int: no visible global function definition for ‘median’
    laptol.int: no visible global function definition for ‘qnorm’
    logistol.int : log.ll: no visible global function definition for
     ‘dlogis’
    logistol.int: no visible global function definition for ‘nlm’
    logistol.int: no visible global function definition for ‘qlogis’
    logistol.int: no visible global function definition for ‘qnorm’
    mvregtol.region : <anonymous>: no visible global function definition
     for ‘rchisq’
    mvregtol.region : <anonymous>: no visible global function definition
     for ‘qchisq’
    mvregtol.region: no visible binding for global variable ‘quantile’
    mvtol.region: no visible global function definition for ‘rchisq’
    mvtol.region : <anonymous>: no visible global function definition for
     ‘qchisq’
    mvtol.region : <anonymous>: no visible binding for global variable
     ‘quantile’
    mvtol.region : <anonymous>: no visible global function definition for
     ‘qgamma’
    mvtol.region: no visible global function definition for ‘rnorm’
    mvtol.region : <anonymous>: no visible global function definition for
     ‘rnorm’
    mvtol.region : <anonymous> : <anonymous>: no visible global function
     definition for ‘quantile’
    negbintol.int: no visible global function definition for ‘qnorm’
    negbintol.int: no visible global function definition for ‘qf’
    negbintol.int: no visible global function definition for ‘qchisq’
    negbintol.int : fun.l: no visible global function definition for
     ‘dnbinom’
    negbintol.int : fun.l: no visible global function definition for
     ‘qchisq’
    negbintol.int: no visible global function definition for ‘uniroot’
    negbintol.int : fun.u: no visible global function definition for
     ‘dnbinom’
    negbintol.int : fun.u: no visible global function definition for
     ‘qchisq’
    negbintol.int : fun.sp: no visible global function definition for
     ‘pnorm’
    negbintol.int : fun.sp: no visible global function definition for
     ‘dnorm’
    negbintol.int: no visible global function definition for ‘qnbinom’
    neghypertol.int: no visible global function definition for ‘qnorm’
    nlregtol.int: no visible global function definition for ‘as.formula’
    nlregtol.int: no visible global function definition for ‘nls’
    nlregtol.int: no visible global function definition for ‘deriv’
    nlregtol.int: no visible global function definition for ‘predict’
    nlregtol.int: no visible global function definition for ‘qnorm’
    nlregtol.int: no visible global function definition for ‘qt’
    nlregtol.int: no visible global function definition for ‘qchisq’
    normtol.int: no visible global function definition for ‘sd’
    np.order : f: no visible global function definition for ‘pbeta’
    np.order: no visible global function definition for ‘uniroot’
    nptol.int: no visible global function definition for ‘pbeta’
    nptol.int: no visible global function definition for ‘qbinom’
    nptol.int: no visible global function definition for ‘pbinom’
    pdiffprop : pdiffprop2: no visible global function definition for
     ‘integrate’
    plottol: no visible global function definition for ‘par’
    plottol: no visible global function definition for ‘points’
    plottol: no visible global function definition for ‘axis’
    plottol: no visible global function definition for ‘title’
    plottol: no visible global function definition for ‘segments’
    plottol: no visible global function definition for ‘cov’
    plottol: no visible global function definition for ‘lines’
    plottol: no visible global function definition for ‘abline’
    plottol: no visible global function definition for ‘hist’
    plottol: no visible global function definition for ‘lm’
    plottol: no visible global function definition for ‘fitted’
    poislindtol.int: no visible global function definition for ‘qnorm’
    poistol.int: no visible global function definition for ‘qchisq’
    poistol.int: no visible global function definition for ‘qnorm’
    poistol.int: no visible global function definition for ‘qpois’
    qdiffprop : qdiffprop2 : temp.fun: no visible global function
     definition for ‘integrate’
    qdiffprop : qdiffprop2: no visible global function definition for
     ‘uniroot’
    qzipfman: no visible global function definition for ‘lm’
    r2exp: no visible global function definition for ‘runif’
    rdiffprop: no visible global function definition for ‘rbeta’
    regtol.int: no visible global function definition for ‘predict’
    regtol.int: no visible global function definition for ‘anova’
    regtol.int: no visible global function definition for ‘qnorm’
    regtol.int: no visible global function definition for ‘qt’
    regtol.int: no visible global function definition for ‘qchisq’
    rnhyper: no visible global function definition for ‘runif’
    rpoislind: no visible global function definition for ‘runif’
    rpoislind: no visible global function definition for ‘rexp’
    rpoislind: no visible global function definition for ‘rpois’
    rwishart: no visible global function definition for ‘rchisq’
    rwishart: no visible global function definition for ‘rnorm’
    rzipfman: no visible global function definition for ‘runif’
    two.sided: no visible global function definition for ‘pbinom’
    two.sided: no visible global function definition for ‘predict’
    two.sided: no visible global function definition for ‘lm’
    umatol.int: no visible global function definition for ‘qbeta’
    umatol.int : f.2: no visible global function definition for ‘qbeta’
    umatol.int: no visible global function definition for ‘qchisq’
    zipftol.int: no visible global function definition for ‘qnorm’
Flavors: r-devel-linux-x86_64-debian-clang, r-devel-linux-x86_64-debian-gcc, r-devel-windows-ix86+x86_64