CRAN Package Check Results for Package tolerance

Last updated on 2016-09-27 21:47:28.

Flavor Version Tinstall Tcheck Ttotal Status Flags
r-devel-linux-x86_64-debian-clang 1.2.0 1.64 51.18 52.82 OK
r-devel-linux-x86_64-debian-gcc 1.2.0 1.75 49.10 50.85 OK
r-devel-linux-x86_64-fedora-clang 1.2.0 92.67 OK
r-devel-linux-x86_64-fedora-gcc 1.2.0 85.12 OK
r-devel-macos-x86_64-clang 1.2.0 67.72 OK
r-devel-windows-ix86+x86_64 1.2.0 9.00 119.00 128.00 OK
r-patched-linux-x86_64 1.2.0 1.60 47.37 48.97 OK
r-patched-solaris-sparc 1.2.0 551.70 OK
r-patched-solaris-x86 1.2.0 110.30 OK
r-release-linux-x86_64 1.2.0 2.27 47.11 49.38 OK
r-release-osx-x86_64-mavericks 1.2.0 WARN
r-release-windows-ix86+x86_64 1.2.0 10.00 81.00 91.00 OK
r-oldrel-windows-ix86+x86_64 1.2.0 12.00 102.00 114.00 OK

Check Details

Version: 1.2.0
Check: whether package can be installed
Result: WARN
    Found the following significant warnings:
     Warning: 'rgl_init' failed, running with rgl.useNULL = TRUE
Flavor: r-release-osx-x86_64-mavericks

Version: 1.2.0
Check: dependencies in R code
Result: NOTE
    Invalid MIT-MAGIC-COOKIE-1 key
Flavor: r-release-osx-x86_64-mavericks

Version: 1.2.0
Check: S3 generic/method consistency
Result: WARN
    Invalid MIT-MAGIC-COOKIE-1 key
    See section ‘Generic functions and methods’ in the ‘Writing R
    Extensions’ manual.
Flavor: r-release-osx-x86_64-mavericks

Version: 1.2.0
Check: replacement functions
Result: WARN
    Invalid MIT-MAGIC-COOKIE-1 key
    The argument of a replacement function which corresponds to the right
    hand side must be named ‘value’.
Flavor: r-release-osx-x86_64-mavericks

Version: 1.2.0
Check: foreign function calls
Result: NOTE
    Invalid MIT-MAGIC-COOKIE-1 key
    See chapter ‘System and foreign language interfaces’ in the ‘Writing R
    Extensions’ manual.
Flavor: r-release-osx-x86_64-mavericks

Version: 1.2.0
Check: R code for possible problems
Result: NOTE
    Invalid MIT-MAGIC-COOKIE-1 key
Flavor: r-release-osx-x86_64-mavericks

Version: 1.2.0
Check: for missing documentation entries
Result: WARN
    Invalid MIT-MAGIC-COOKIE-1 key
    All user-level objects in a package should have documentation entries.
    See chapter ‘Writing R documentation files’ in the ‘Writing R
    Extensions’ manual.
Flavor: r-release-osx-x86_64-mavericks

Version: 1.2.0
Check: for code/documentation mismatches
Result: WARN
    Invalid MIT-MAGIC-COOKIE-1 key
    Invalid MIT-MAGIC-COOKIE-1 key
    Invalid MIT-MAGIC-COOKIE-1 key
Flavor: r-release-osx-x86_64-mavericks

Version: 1.2.0
Check: Rd \usage sections
Result: NOTE
    Invalid MIT-MAGIC-COOKIE-1 key
    The \usage entries for S3 methods should use the \method markup and not
    their full name.
    See chapter ‘Writing R documentation files’ in the ‘Writing R
    Extensions’ manual.
Flavor: r-release-osx-x86_64-mavericks