CRAN Package Check Results for Package tolerance

Last updated on 2014-12-19 19:49:25.

Flavor Version Tinstall Tcheck Ttotal Status Flags
r-devel-linux-x86_64-debian-clang 1.0.0 1.49 42.66 44.15 OK
r-devel-linux-x86_64-debian-gcc 1.0.0 1.42 41.20 42.61 OK
r-devel-linux-x86_64-fedora-clang 1.0.0 87.49 OK
r-devel-linux-x86_64-fedora-gcc 1.0.0 77.84 OK
r-devel-osx-x86_64-clang 1.0.0 70.94 OK
r-devel-windows-ix86+x86_64 1.0.0 6.00 56.00 62.00 OK
r-patched-linux-x86_64 1.0.0 1.42 44.54 45.96 OK
r-patched-solaris-sparc 1.0.0 498.80 OK
r-patched-solaris-x86 1.0.0 109.00 OK
r-release-linux-ix86 1.0.0 1.81 60.38 62.20 OK
r-release-linux-x86_64 1.0.0 1.50 44.56 46.06 OK
r-release-osx-x86_64-mavericks 1.0.0 OK
r-release-osx-x86_64-snowleopard 1.0.0 ERROR
r-release-windows-ix86+x86_64 1.0.0 6.00 68.00 74.00 OK
r-oldrel-windows-ix86+x86_64 1.0.0 5.00 61.00 66.00 OK

Check Details

Version: 1.0.0
Check: examples
Result: ERROR
    Running examples in ‘tolerance-Ex.R’ failed
    The error most likely occurred in:
    
    > ### Name: mvtol.region
    > ### Title: Multivariate Normal Tolerance Regions
    > ### Aliases: mvtol.region
    > ### Keywords: file
    >
    > ### ** Examples
    >
    > ## 90%/90% bivariate normal tolerance region.
    >
    > set.seed(100)
    > x1 <- rnorm(100, 0, 0.2)
    > x2 <- rnorm(100, 0, 0.5)
    > x <- cbind(x1, x2)
    >
    > out1 <- mvtol.region(x = x, alpha = 0.10, P = 0.90, B = 1000,
    + method = "KM")
    > out1
     0.1
    0.9 5.506321
    > plottol(out1, x)
    >
    > ## 90%/90% trivariate normal tolerance region.
    >
    > set.seed(100)
    > x1 <- rnorm(100, 0, 0.2)
    > x2 <- rnorm(100, 0, 0.5)
    > x3 <- rnorm(100, 5, 1)
    > x <- cbind(x1, x2, x3)
    > mvtol.region(x = x, alpha = c(0.10, 0.05, 0.01),
    + P = c(0.90, 0.95, 0.99), B = 1000, method = "KM")
     0.1 0.05 0.01
    0.9 7.405843 7.595072 8.108129
    0.95 9.302529 9.576672 10.207717
    0.99 13.658717 14.099432 15.095717
    >
    > out2 <- mvtol.region(x = x, alpha = 0.10, P = 0.90, B = 1000,
    + method = "KM")
    > out2
     0.1
    0.9 7.389876
    > plottol(out2, x)
    Fri Dec 19 12:34:07 hagal.research.att.com R[69417] <Error>: unknown error code: invalid pixel format
    Fri Dec 19 12:34:07 hagal.research.att.com R[69417] <Error>: kCGErrorFailure: Set a breakpoint @ CGErrorBreakpoint() to catch errors as they are logged.
    X Error of failed request: GLXBadContext
     Major opcode of failed request: 0 ()
     Serial number of failed request: 27
     Current serial number in output stream: 27
Flavor: r-release-osx-x86_64-snowleopard