CRAN Package Check Results for Package tsDyn

Last updated on 2016-08-24 20:54:40.

Flavor Version Tinstall Tcheck Ttotal Status Flags
r-devel-linux-x86_64-debian-clang 0.9-44 5.21 147.70 152.91 OK
r-devel-linux-x86_64-debian-gcc 0.9-44 5.36 139.19 144.55 OK
r-devel-linux-x86_64-fedora-clang 0.9-44 282.89 OK
r-devel-linux-x86_64-fedora-gcc 0.9-44 268.66 OK
r-devel-osx-x86_64-clang 0.9-44 219.84 OK
r-devel-windows-ix86+x86_64 0.9-44 24.00 446.00 470.00 OK
r-patched-linux-x86_64 0.9-44 4.82 137.39 142.21 OK
r-patched-solaris-sparc 0.9-44 1656.70 OK
r-patched-solaris-x86 0.9-44 325.80 OK
r-release-linux-x86_64 0.9-44 4.96 136.54 141.50 OK
r-release-osx-x86_64-mavericks 0.9-44 NOTE
r-release-windows-ix86+x86_64 0.9-44 22.00 395.00 417.00 OK
r-oldrel-windows-ix86+x86_64 0.9-44 18.00 333.00 351.00 OK

Check Details

Version: 0.9-44
Check: dependencies in R code
Result: NOTE
    Invalid MIT-MAGIC-COOKIE-1 key
Flavor: r-release-osx-x86_64-mavericks