CRAN Package Check Results for Package tsDyn

Last updated on 2014-08-28 21:46:55.

Flavor Version Tinstall Tcheck Ttotal Status Flags
r-devel-linux-x86_64-debian-clang 0.9-41 6.94 173.18 180.12 OK
r-devel-linux-x86_64-debian-gcc 0.9-41 6.36 164.74 171.09 OK
r-devel-linux-x86_64-fedora-clang 0.9-41 398.79 OK
r-devel-linux-x86_64-fedora-gcc 0.9-41 378.47 OK
r-devel-osx-x86_64-clang 0.9-41 299.95 OK
r-devel-windows-ix86+x86_64 0.9-33 22.00 347.00 369.00 NOTE
r-patched-linux-x86_64 0.9-41 6.58 174.33 180.91 OK
r-patched-solaris-sparc 0.9-41 2049.30 OK
r-patched-solaris-x86 0.9-41 412.60 OK
r-release-linux-ix86 0.9-33 8.06 207.78 215.84 OK
r-release-linux-x86_64 0.9-41 6.98 175.36 182.34 OK
r-release-osx-x86_64-mavericks 0.9-41 OK
r-release-osx-x86_64-snowleopard 0.9-33 OK
r-release-windows-ix86+x86_64 0.9-41 19.00 369.00 388.00 OK
r-oldrel-windows-ix86+x86_64 0.9-41 22.00 380.00 402.00 OK

Check Details

Version: 0.9-33
Check: R code for possible problems
Result: NOTE
    autopairs : <anonymous>: no visible global function definition for
     'sm.density'
    autopairs : <anonymous>: no visible global function definition for
     'sm.regression'
    autopairs: no visible global function definition for 'hnorm'
    autotriples : <anonymous>: no visible global function definition for
     'scatterplot3d'
    autotriples: no visible global function definition for 'hnorm'
    autotriples: no visible global function definition for 'sm.regression'
    autotriples.rgl: no visible global function definition for 'rgl.clear'
    autotriples.rgl: no visible global function definition for
     'rgl.linestrips'
    autotriples.rgl: no visible global function definition for 'rgl.points'
Flavor: r-devel-windows-ix86+x86_64