CRAN Package Check Results for Package tsDyn

Last updated on 2016-07-25 20:48:06.

Flavor Version Tinstall Tcheck Ttotal Status Flags
r-devel-linux-x86_64-debian-clang 0.9-44 6.02 163.35 169.37 OK
r-devel-linux-x86_64-debian-gcc 0.9-44 7.90 157.11 165.01 OK
r-devel-linux-x86_64-fedora-clang 0.9-44 280.23 OK
r-devel-linux-x86_64-fedora-gcc 0.9-44 269.37 OK
r-devel-osx-x86_64-clang 0.9-44 218.37 OK
r-devel-windows-ix86+x86_64 0.9-44 25.00 435.00 460.00 OK
r-patched-linux-x86_64 0.9-44 6.01 154.34 160.35 OK
r-patched-solaris-sparc 0.9-44 1656.70 OK
r-patched-solaris-x86 0.9-44 327.20 OK
r-release-linux-x86_64 0.9-44 5.67 153.73 159.40 OK
r-release-osx-x86_64-mavericks 0.9-44 NOTE
r-release-windows-ix86+x86_64 0.9-44 25.00 405.00 430.00 OK
r-oldrel-windows-ix86+x86_64 0.9-44 28.00 458.00 486.00 OK

Check Details

Version: 0.9-44
Check: dependencies in R code
Result: NOTE
    Invalid MIT-MAGIC-COOKIE-1 key
Flavor: r-release-osx-x86_64-mavericks