CRAN Package Check Results for Package tsDyn

Last updated on 2015-03-27 19:48:41.

Flavor Version Tinstall Tcheck Ttotal Status Flags
r-devel-linux-x86_64-debian-clang 0.9-41 5.14 146.30 151.43 NOTE
r-devel-linux-x86_64-debian-gcc 0.9-41 4.84 144.40 149.24 NOTE
r-devel-linux-x86_64-fedora-clang 0.9-41 313.33 NOTE
r-devel-linux-x86_64-fedora-gcc 0.9-41 308.12 NOTE
r-devel-osx-x86_64-clang 0.9-41 273.81 NOTE
r-prerel-windows-ix86+x86_64 0.9-41 20.00 298.00 318.00 NOTE
r-prerel-linux-x86_64 0.9-41 4.87 143.79 148.66 NOTE
r-prerel-solaris-sparc 0.9-41 1790.60 NOTE
r-prerel-solaris-x86 0.9-41 362.40 NOTE
r-release-linux-x86_64 0.9-41 6.62 177.17 183.79 NOTE
r-release-osx-x86_64-mavericks 0.9-41 OK
r-release-osx-x86_64-snowleopard 0.9-41 OK
r-release-windows-ix86+x86_64 0.9-41 23.00 366.00 389.00 NOTE
r-oldrel-windows-ix86+x86_64 0.9-41 24.00 388.00 412.00 OK

Check Details

Version: 0.9-41
Check: DESCRIPTION meta-information
Result: NOTE
    Authors@R field gives more than one person with maintainer role:
     Antonio Fabio Di Narzo [aut, cre]
     Matthieu Stigler <Matthieu.Stigler@gmail.com> [aut, cre]
Flavors: r-devel-linux-x86_64-debian-clang, r-devel-linux-x86_64-debian-gcc, r-devel-linux-x86_64-fedora-clang, r-devel-linux-x86_64-fedora-gcc, r-devel-osx-x86_64-clang, r-prerel-windows-ix86+x86_64, r-prerel-linux-x86_64, r-prerel-solaris-sparc, r-prerel-solaris-x86, r-release-linux-x86_64, r-release-windows-ix86+x86_64