CRAN Package Check Results for Package tsDyn

Last updated on 2015-05-24 21:47:10.

Flavor Version Tinstall Tcheck Ttotal Status Flags
r-devel-linux-x86_64-debian-clang 0.9-43 5.27 150.60 155.87 OK
r-devel-linux-x86_64-debian-gcc 0.9-43 4.81 147.26 152.07 OK
r-devel-linux-x86_64-fedora-clang 0.9-43 311.77 OK
r-devel-linux-x86_64-fedora-gcc 0.9-43 297.29 OK
r-devel-osx-x86_64-clang 0.9-43 262.77 OK
r-devel-windows-ix86+x86_64 0.9-43 18.00 321.00 339.00 OK
r-patched-linux-x86_64 0.9-43 5.26 148.81 154.06 OK
r-patched-solaris-sparc 0.9-43 1823.90 OK
r-patched-solaris-x86 0.9-43 371.60 OK
r-release-linux-x86_64 0.9-43 4.87 147.80 152.67 OK
r-release-osx-x86_64-mavericks 0.9-43 OK
r-release-osx-x86_64-snowleopard 0.9-43 ERROR
r-release-windows-ix86+x86_64 0.9-43 16.00 308.00 324.00 OK
r-oldrel-windows-ix86+x86_64 0.9-43 23.00 355.00 378.00 OK

Check Details

Version: 0.9-43
Check: package dependencies
Result: ERROR
    Packages required but not available: ‘tseries’ ‘vars’ ‘forecast’
    
    Package suggested but not available for checking: ‘FinTS’
    
    See section ‘The DESCRIPTION file’ in the ‘Writing R Extensions’
    manual.
Flavor: r-release-osx-x86_64-snowleopard