CRAN Package Check Results for Package tsDyn

Last updated on 2015-04-17 19:49:11.

Flavor Version Tinstall Tcheck Ttotal Status Flags
r-devel-linux-x86_64-debian-clang 0.9-41 4.80 105.59 110.38 ERROR
r-devel-linux-x86_64-debian-gcc 0.9-41 4.78 98.35 103.12 ERROR
r-devel-linux-x86_64-fedora-clang 0.9-41 218.62 ERROR
r-devel-linux-x86_64-fedora-gcc 0.9-41 211.26 ERROR
r-devel-osx-x86_64-clang 0.9-41 188.68 ERROR
r-prerel-windows-ix86+x86_64 0.9-41 19.00 187.00 206.00 ERROR
r-prerel-linux-x86_64 0.9-41 4.94 104.07 109.01 ERROR
r-prerel-solaris-sparc 0.9-41 1790.60 NOTE
r-prerel-solaris-x86 0.9-41 260.80 ERROR
r-release-linux-x86_64 0.9-41 6.92 94.06 100.98 ERROR
r-release-osx-x86_64-mavericks 0.9-41 OK
r-release-osx-x86_64-snowleopard 0.9-41 OK
r-release-windows-ix86+x86_64 0.9-41 26.00 235.00 261.00 ERROR
r-oldrel-windows-ix86+x86_64 0.9-41 26.00 225.00 251.00 ERROR

Check Details

Version: 0.9-41
Check: DESCRIPTION meta-information
Result: NOTE
    Authors@R field gives more than one person with maintainer role:
     Antonio Fabio Di Narzo [aut, cre]
     Matthieu Stigler <Matthieu.Stigler@gmail.com> [aut, cre]
Flavors: r-devel-linux-x86_64-debian-clang, r-devel-linux-x86_64-debian-gcc, r-devel-linux-x86_64-fedora-clang, r-devel-linux-x86_64-fedora-gcc, r-devel-osx-x86_64-clang, r-prerel-windows-ix86+x86_64, r-prerel-linux-x86_64, r-prerel-solaris-sparc, r-prerel-solaris-x86, r-release-linux-x86_64, r-release-windows-ix86+x86_64

Version: 0.9-41
Check: examples
Result: ERROR
    Running examples in ‘tsDyn-Ex.R’ failed
    The error most likely occurred in:
    
    > ### Name: TVAR.sim
    > ### Title: Simulation of a multivariate Threshold Autoregressive model
    > ### (TVAR)
    > ### Aliases: TVAR.sim VAR.sim
    > ### Keywords: bootstrap ts
    >
    > ### ** Examples
    >
    > ##simulate VAR as in Enders 2004, p 268
    > B1<-matrix(c(0.7, 0.2, 0.2, 0.7), 2)
    > var1<-TVAR.sim(B=B1,nthresh=0,n=100, include="none")
    Error in rmnorm(n, mean = 0, varcov = varcov) :
     mismatch in dimensions of arguments
    Calls: TVAR.sim -> TVAR.gen -> rmnorm
    Execution halted
Flavors: r-devel-linux-x86_64-debian-clang, r-devel-linux-x86_64-debian-gcc, r-devel-linux-x86_64-fedora-clang, r-devel-linux-x86_64-fedora-gcc, r-devel-osx-x86_64-clang, r-prerel-linux-x86_64, r-prerel-solaris-x86, r-release-linux-x86_64

Version: 0.9-41
Check: tests
Result: ERROR
    Running the tests in ‘tests/TVECM.sim.R’ failed.
    Last 13 lines of output:
     [2,] 2.246 1.545
     [3,] 2.237 1.403
     [4,] 1.610 0.940
     [5,] 1.441 0.650
     [6,] 0.697 -0.067
     >
     > tv_1_sim <-TVECM.sim(B=tsDyn:::coefMat.nlVar(TVECMobject),type="simul",
     + beta=TVECMobject$model.specific$beta,
     + Thresh=getTh(TVECMobject), show.parMat=TRUE, seed=123)
     Error in rmnorm(n, mean = 0, varcov = varcov) :
     mismatch in dimensions of arguments
     Calls: TVECM.sim -> rmnorm
     Execution halted
Flavors: r-devel-linux-x86_64-debian-clang, r-devel-linux-x86_64-debian-gcc, r-devel-linux-x86_64-fedora-clang, r-devel-linux-x86_64-fedora-gcc, r-devel-osx-x86_64-clang, r-prerel-linux-x86_64, r-prerel-solaris-x86

Version: 0.9-41
Check: running examples for arch 'i386'
Result: ERROR
    Running examples in 'tsDyn-Ex.R' failed
    The error most likely occurred in:
    
    > ### Name: TVAR.sim
    > ### Title: Simulation of a multivariate Threshold Autoregressive model
    > ### (TVAR)
    > ### Aliases: TVAR.sim VAR.sim
    > ### Keywords: bootstrap ts
    >
    > ### ** Examples
    >
    > ##simulate VAR as in Enders 2004, p 268
    > B1<-matrix(c(0.7, 0.2, 0.2, 0.7), 2)
    > var1<-TVAR.sim(B=B1,nthresh=0,n=100, include="none")
    Error in rmnorm(n, mean = 0, varcov = varcov) :
     mismatch in dimensions of arguments
    Calls: TVAR.sim -> TVAR.gen -> rmnorm
    Execution halted
Flavors: r-prerel-windows-ix86+x86_64, r-release-windows-ix86+x86_64, r-oldrel-windows-ix86+x86_64

Version: 0.9-41
Check: running examples for arch 'x64'
Result: ERROR
    Running examples in 'tsDyn-Ex.R' failed
    The error most likely occurred in:
    
    > ### Name: TVAR.sim
    > ### Title: Simulation of a multivariate Threshold Autoregressive model
    > ### (TVAR)
    > ### Aliases: TVAR.sim VAR.sim
    > ### Keywords: bootstrap ts
    >
    > ### ** Examples
    >
    > ##simulate VAR as in Enders 2004, p 268
    > B1<-matrix(c(0.7, 0.2, 0.2, 0.7), 2)
    > var1<-TVAR.sim(B=B1,nthresh=0,n=100, include="none")
    Error in rmnorm(n, mean = 0, varcov = varcov) :
     mismatch in dimensions of arguments
    Calls: TVAR.sim -> TVAR.gen -> rmnorm
    Execution halted
Flavors: r-prerel-windows-ix86+x86_64, r-release-windows-ix86+x86_64, r-oldrel-windows-ix86+x86_64

Version: 0.9-41
Check: running tests for arch 'i386'
Result: ERROR
    Running the tests in 'tests/TVECM.sim.R' failed.
    Last 13 lines of output:
     [2,] 2.246 1.545
     [3,] 2.237 1.403
     [4,] 1.610 0.940
     [5,] 1.441 0.650
     [6,] 0.697 -0.067
     >
     > tv_1_sim <-TVECM.sim(B=tsDyn:::coefMat.nlVar(TVECMobject),type="simul",
     + beta=TVECMobject$model.specific$beta,
     + Thresh=getTh(TVECMobject), show.parMat=TRUE, seed=123)
     Error in rmnorm(n, mean = 0, varcov = varcov) :
     mismatch in dimensions of arguments
     Calls: TVECM.sim -> rmnorm
     Execution halted
Flavor: r-prerel-windows-ix86+x86_64

Version: 0.9-41
Check: running tests for arch 'x64'
Result: ERROR
    Running the tests in 'tests/TVECM.sim.R' failed.
    Last 13 lines of output:
     [2,] 2.246 1.545
     [3,] 2.237 1.403
     [4,] 1.610 0.940
     [5,] 1.441 0.650
     [6,] 0.697 -0.067
     >
     > tv_1_sim <-TVECM.sim(B=tsDyn:::coefMat.nlVar(TVECMobject),type="simul",
     + beta=TVECMobject$model.specific$beta,
     + Thresh=getTh(TVECMobject), show.parMat=TRUE, seed=123)
     Error in rmnorm(n, mean = 0, varcov = varcov) :
     mismatch in dimensions of arguments
     Calls: TVECM.sim -> rmnorm
     Execution halted
Flavor: r-prerel-windows-ix86+x86_64