CRAN Package Check Results for Package tsDyn

Last updated on 2016-09-27 21:47:28.

Flavor Version Tinstall Tcheck Ttotal Status Flags
r-devel-linux-x86_64-debian-clang 0.9-44 4.36 476.07 480.43 OK
r-devel-linux-x86_64-debian-gcc 0.9-44 4.34 134.38 138.72 OK
r-devel-linux-x86_64-fedora-clang 0.9-44 280.82 OK
r-devel-linux-x86_64-fedora-gcc 0.9-44 189.98 OK
r-devel-macos-x86_64-clang 0.9-44 203.96 OK
r-devel-windows-ix86+x86_64 0.9-44 21.00 443.00 464.00 OK
r-patched-linux-x86_64 0.9-44 4.82 135.00 139.83 OK
r-patched-solaris-sparc 0.9-44 1656.70 OK
r-patched-solaris-x86 0.9-44 324.60 OK
r-release-linux-x86_64 0.9-44 4.58 139.38 143.96 OK
r-release-osx-x86_64-mavericks 0.9-44 NOTE
r-release-windows-ix86+x86_64 0.9-44 22.00 299.00 321.00 OK
r-oldrel-windows-ix86+x86_64 0.9-44 27.00 503.00 530.00 OK

Check Details

Version: 0.9-44
Check: dependencies in R code
Result: NOTE
    Invalid MIT-MAGIC-COOKIE-1 key
Flavor: r-release-osx-x86_64-mavericks