CRAN Package Check Results for Package tsDyn

Last updated on 2014-04-24 21:47:52.

Flavor Version Tinstall Tcheck Ttotal Status Flags
r-devel-linux-x86_64-debian-clang 0.9-33 6.99 178.31 185.30 OK
r-devel-linux-x86_64-debian-gcc 0.9-33 7.22 176.66 183.88 OK
r-devel-linux-x86_64-fedora-clang 0.9-33 404.32 OK
r-devel-linux-x86_64-fedora-gcc 0.9-33 393.44 OK
r-devel-osx-x86_64-clang 0.9-33 313.27 OK
r-devel-osx-x86_64-gcc 0.9-33 ERROR
r-devel-windows-ix86+x86_64 0.9-33 21.00 347.00 368.00 OK
r-patched-linux-x86_64 0.9-33 7.14 177.44 184.58 OK
r-patched-solaris-sparc 0.9-33 1976.20 OK
r-patched-solaris-x86 0.9-33 409.90 OK
r-release-linux-ix86 0.9-33 11.00 261.00 272.00 OK
r-release-linux-x86_64 0.9-33 6.95 179.34 186.29 OK
r-release-osx-x86_64-mavericks 0.9-33 ERROR
r-release-osx-x86_64-snowleopard 0.9-33 OK
r-release-windows-ix86+x86_64 0.9-33 21.00 361.00 382.00 OK
r-oldrel-windows-ix86+x86_64 0.9-33 20.00 358.00 378.00 OK

Check Details

Version: 0.9-33
Check: package dependencies
Result: ERROR
    Packages required but not available: ‘tseries’ ‘vars’ ‘forecast’
    
    Package suggested but not available for checking: ‘FinTS’
    
    See the information on DESCRIPTION files in the chapter ‘Creating R
    packages’ of the ‘Writing R Extensions’ manual.
Flavor: r-devel-osx-x86_64-gcc

Version: 0.9-33
Check: package dependencies
Result: ERROR
    Package required but not available: ‘forecast’
    
    See the information on DESCRIPTION files in the chapter ‘Creating R
    packages’ of the ‘Writing R Extensions’ manual.
Flavor: r-release-osx-x86_64-mavericks