CRAN Package Check Results for Package tsDyn

Last updated on 2016-06-26 20:50:18.

Flavor Version Tinstall Tcheck Ttotal Status Flags
r-devel-linux-x86_64-debian-gcc 0.9-44 4.69 134.88 139.57 OK
r-devel-linux-x86_64-fedora-clang 0.9-44 275.07 OK
r-devel-linux-x86_64-fedora-gcc 0.9-44 273.82 OK
r-devel-osx-x86_64-clang 0.9-44 214.50 OK
r-devel-windows-ix86+x86_64 0.9-44 25.00 482.00 507.00 OK
r-patched-linux-x86_64 0.9-44 5.12 142.70 147.82 OK
r-patched-solaris-sparc 0.9-44 1656.70 OK
r-patched-solaris-x86 0.9-44 336.00 OK
r-release-linux-x86_64 0.9-44 5.21 140.14 145.35 OK
r-release-osx-x86_64-mavericks 0.9-44 NOTE
r-release-windows-ix86+x86_64 0.9-44 18.00 305.00 323.00 OK
r-oldrel-windows-ix86+x86_64 0.9-44 27.00 526.00 553.00 OK

Check Details

Version: 0.9-44
Check: dependencies in R code
Result: NOTE
    Invalid MIT-MAGIC-COOKIE-1 key
Flavor: r-release-osx-x86_64-mavericks