CRAN Package Check Results for Package xlsx

Last updated on 2016-05-28 21:47:36.

Flavor Version Tinstall Tcheck Ttotal Status Flags
r-devel-linux-x86_64-debian-gcc 0.5.7 2.00 33.42 35.42 NOTE
r-devel-linux-x86_64-fedora-clang 0.5.7 88.67 NOTE
r-devel-linux-x86_64-fedora-gcc 0.5.7 85.27 NOTE
r-devel-osx-x86_64-clang 0.5.7 75.00 NOTE
r-devel-windows-ix86+x86_64 0.5.7 6.00 68.00 74.00 NOTE
r-patched-linux-x86_64 0.5.7 1.98 33.16 35.13 NOTE
r-patched-solaris-sparc 0.5.7 387.60 NOTE
r-patched-solaris-x86 0.5.7 85.80 NOTE
r-release-linux-x86_64 0.5.7 2.25 32.62 34.86 NOTE
r-release-osx-x86_64-mavericks 0.5.7 NOTE
r-release-windows-ix86+x86_64 0.5.7 6.00 89.00 95.00 NOTE
r-oldrel-windows-ix86+x86_64 0.5.7 10.00 57.00 67.00 OK

Check Details

Version: 0.5.7
Check: S3 generic/method consistency
Result: NOTE
    Found the following apparent S3 methods exported but not registered:
     +.CellStyle CellBlock.default CellStyle.default
    See section ‘Registering S3 methods’ in the ‘Writing R Extensions’
    manual.
Flavors: r-devel-linux-x86_64-debian-gcc, r-devel-linux-x86_64-fedora-clang, r-devel-linux-x86_64-fedora-gcc, r-devel-osx-x86_64-clang, r-patched-linux-x86_64, r-patched-solaris-sparc, r-patched-solaris-x86, r-release-linux-x86_64

Version: 0.5.7
Check: R code for possible problems
Result: NOTE
    .xssfcolor: no visible global function definition for ‘col2rgb’
    Undefined global functions or variables:
     col2rgb
    Consider adding
     importFrom("grDevices", "col2rgb")
    to your NAMESPACE file.
Flavors: r-devel-linux-x86_64-debian-gcc, r-devel-linux-x86_64-fedora-clang, r-devel-linux-x86_64-fedora-gcc, r-devel-osx-x86_64-clang, r-devel-windows-ix86+x86_64, r-patched-linux-x86_64, r-patched-solaris-sparc, r-patched-solaris-x86, r-release-linux-x86_64, r-release-osx-x86_64-mavericks, r-release-windows-ix86+x86_64