CRAN Package Check Results for Package xlsx

Last updated on 2015-04-27 21:46:52.

Flavor Version Tinstall Tcheck Ttotal Status Flags
r-devel-linux-x86_64-debian-clang 0.5.7 1.91 35.73 37.64 NOTE
r-devel-linux-x86_64-debian-gcc 0.5.7 1.89 34.61 36.50 NOTE
r-devel-linux-x86_64-fedora-clang 0.5.7 96.74 NOTE
r-devel-linux-x86_64-fedora-gcc 0.5.7 93.38 NOTE
r-devel-osx-x86_64-clang 0.5.7 72.51 NOTE
r-devel-windows-ix86+x86_64 0.5.7 7.00 54.00 61.00 OK
r-patched-linux-x86_64 0.5.7 1.86 35.24 37.10 NOTE
r-patched-solaris-sparc 0.5.7 436.60 OK
r-patched-solaris-x86 0.5.7 98.00 NOTE
r-release-linux-x86_64 0.5.7 1.91 34.54 36.45 NOTE
r-release-osx-x86_64-mavericks 0.5.7 OK
r-release-osx-x86_64-snowleopard 0.5.7 OK
r-release-windows-ix86+x86_64 0.5.7 7.00 64.00 71.00 OK
r-oldrel-windows-ix86+x86_64 0.5.7 10.00 69.00 79.00 OK

Check Details

Version: 0.5.7
Check: S3 generic/method consistency
Result: NOTE
    Found the following apparent S3 methods exported but not registered:
     +.CellStyle CellBlock.default CellStyle.default
    See section ‘Registering S3 methods’ in the ‘Writing R Extensions’
    manual.
Flavors: r-devel-linux-x86_64-debian-clang, r-devel-linux-x86_64-debian-gcc, r-devel-linux-x86_64-fedora-clang, r-devel-linux-x86_64-fedora-gcc, r-devel-osx-x86_64-clang, r-patched-solaris-x86, r-release-linux-x86_64