CRAN Package Check Results for Package xlsx

Last updated on 2015-05-22 21:46:48.

Flavor Version Tinstall Tcheck Ttotal Status Flags
r-devel-linux-x86_64-debian-clang 0.5.7 1.94 34.68 36.62 NOTE
r-devel-linux-x86_64-debian-gcc 0.5.7 1.98 35.02 37.00 NOTE
r-devel-linux-x86_64-fedora-clang 0.5.7 96.82 NOTE
r-devel-linux-x86_64-fedora-gcc 0.5.7 93.96 NOTE
r-devel-osx-x86_64-clang 0.5.7 72.98 NOTE
r-devel-windows-ix86+x86_64 0.5.7 8.00 56.00 64.00 OK
r-patched-linux-x86_64 0.5.7 1.89 34.33 36.22 NOTE
r-patched-solaris-sparc 0.5.7 435.50 NOTE
r-patched-solaris-x86 0.5.7 95.80 NOTE
r-release-linux-x86_64 0.5.7 1.91 34.36 36.27 NOTE
r-release-osx-x86_64-mavericks 0.5.7 OK
r-release-osx-x86_64-snowleopard 0.5.7 OK
r-release-windows-ix86+x86_64 0.5.7 7.00 64.00 71.00 OK
r-oldrel-windows-ix86+x86_64 0.5.7 10.00 69.00 79.00 OK

Check Details

Version: 0.5.7
Check: S3 generic/method consistency
Result: NOTE
    Found the following apparent S3 methods exported but not registered:
     +.CellStyle CellBlock.default CellStyle.default
    See section ‘Registering S3 methods’ in the ‘Writing R Extensions’
    manual.
Flavors: r-devel-linux-x86_64-debian-clang, r-devel-linux-x86_64-debian-gcc, r-devel-linux-x86_64-fedora-clang, r-devel-linux-x86_64-fedora-gcc, r-devel-osx-x86_64-clang, r-patched-linux-x86_64, r-patched-solaris-sparc, r-patched-solaris-x86, r-release-linux-x86_64