CRAN Package Check Results for Package xlsx

Last updated on 2015-03-01 19:48:22.

Flavor Version Tinstall Tcheck Ttotal Status Flags
r-devel-linux-x86_64-debian-clang 0.5.7 2.12 34.79 36.91 NOTE
r-devel-linux-x86_64-debian-gcc 0.5.7 2.50 34.49 37.00 NOTE
r-devel-linux-x86_64-fedora-clang 0.5.7 83.81 NOTE
r-devel-linux-x86_64-fedora-gcc 0.5.7 80.18 NOTE
r-devel-osx-x86_64-clang 0.5.7 74.02 NOTE
r-devel-windows-ix86+x86_64 0.5.7 6.00 58.00 64.00 OK
r-patched-linux-x86_64 0.5.7 3.43 39.85 43.28 OK
r-patched-solaris-sparc 0.5.7 493.40 OK
r-patched-solaris-x86 0.5.7 114.20 OK
r-release-linux-ix86 0.5.7 3.31 48.61 51.92 OK
r-release-linux-x86_64 0.5.7 2.50 39.42 41.92 OK
r-release-osx-x86_64-mavericks 0.5.7 OK
r-release-osx-x86_64-snowleopard 0.5.7 OK
r-release-windows-ix86+x86_64 0.5.7 6.00 80.00 86.00 OK
r-oldrel-windows-ix86+x86_64 0.5.7 8.00 56.00 64.00 OK

Check Details

Version: 0.5.7
Check: S3 generic/method consistency
Result: NOTE
    Found the following apparent S3 methods exported but not registered:
     +.CellStyle CellBlock.default CellStyle.default
    See section ‘Registering S3 methods’ in the ‘Writing R Extensions’
    manual.
Flavors: r-devel-linux-x86_64-debian-clang, r-devel-linux-x86_64-debian-gcc, r-devel-linux-x86_64-fedora-clang, r-devel-linux-x86_64-fedora-gcc, r-devel-osx-x86_64-clang