CRAN Package Check Results for Package ACEt

Last updated on 2024-03-03 19:56:15 CET.

Flavor Version Tinstall Tcheck Ttotal Status Flags
r-devel-linux-x86_64-debian-clang 1.9.0 133.88 281.53 415.41 OK
r-devel-linux-x86_64-debian-gcc 1.9.0 91.92 186.91 278.83 OK
r-devel-linux-x86_64-fedora-clang 1.9.0 536.61 OK
r-devel-linux-x86_64-fedora-gcc 1.9.0 526.65 OK
r-devel-windows-x86_64 1.9.0 83.00 292.00 375.00 OK
r-patched-linux-x86_64 1.9.0 113.02 258.61 371.63 OK
r-release-linux-x86_64 1.9.0 109.50 258.94 368.44 OK
r-release-macos-arm64 1.9.0 116.00 NOTE
r-release-macos-x86_64 1.9.0 358.00 NOTE
r-release-windows-x86_64 1.9.0 83.00 421.00 504.00 OK
r-oldrel-macos-arm64 1.9.0 119.00 NOTE
r-oldrel-windows-x86_64 1.9.0 97.00 404.00 501.00 OK

Check Details

Version: 1.9.0
Check: installed package size
Result: NOTE installed size is 7.8Mb sub-directories of 1Mb or more: doc 1.7Mb libs 5.8Mb Flavors: r-release-macos-arm64, r-release-macos-x86_64, r-oldrel-macos-arm64