CRAN Package Check Results for Package ADGofTest

Last updated on 2022-01-20 19:50:47 CET.

Flavor Version Tinstall Tcheck Ttotal Status Flags
r-devel-linux-x86_64-debian-clang 0.3 NOTE
r-devel-linux-x86_64-debian-gcc 0.3 1.51 22.12 23.63 NOTE
r-devel-linux-x86_64-fedora-clang 0.3 36.49 NOTE
r-devel-linux-x86_64-fedora-gcc 0.3 27.79 NOTE
r-devel-windows-x86_64-new-UL 0.3 20.00 48.00 68.00 NOTE
r-devel-windows-x86_64-new-TK 0.3 NOTE
r-patched-linux-x86_64 0.3 1.52 30.11 31.63 NOTE
r-release-linux-x86_64 0.3 1.86 30.05 31.91 NOTE
r-release-macos-arm64 0.3 NOTE
r-release-macos-x86_64 0.3 NOTE
r-release-windows-ix86+x86_64 0.3 5.00 32.00 37.00 NOTE
r-oldrel-macos-x86_64 0.3 NOTE
r-oldrel-windows-ix86+x86_64 0.3 4.00 30.00 34.00 NOTE

Check Details

Version: 0.3
Check: DESCRIPTION meta-information
Result: NOTE
    Malformed Description field: should contain one or more complete sentences.
Flavors: r-devel-linux-x86_64-debian-clang, r-devel-linux-x86_64-debian-gcc, r-devel-linux-x86_64-fedora-clang, r-devel-linux-x86_64-fedora-gcc, r-devel-windows-x86_64-new-UL, r-devel-windows-x86_64-new-TK, r-patched-linux-x86_64, r-release-linux-x86_64, r-release-macos-arm64, r-release-macos-x86_64, r-release-windows-ix86+x86_64, r-oldrel-macos-x86_64, r-oldrel-windows-ix86+x86_64