CRAN Package Check Results for Package ADPclust

Last updated on 2021-12-03 19:50:03 CET.

Flavor Version Tinstall Tcheck Ttotal Status Flags
r-devel-linux-x86_64-debian-clang 0.7 3.07 64.50 67.57 OK
r-devel-linux-x86_64-debian-gcc 0.7 2.64 44.61 47.25 OK
r-devel-linux-x86_64-fedora-clang 0.7 91.49 NOTE
r-devel-linux-x86_64-fedora-gcc 0.7 90.84 NOTE
r-devel-windows-x86_64-new-UL 0.7 11.00 126.00 137.00 OK
r-devel-windows-x86_64-new-TK 0.7 NOTE
r-devel-windows-x86_64-old 0.7 15.00 86.00 101.00 OK
r-patched-linux-x86_64 0.7 3.55 58.62 62.17 OK
r-release-linux-x86_64 0.7 3.07 60.84 63.91 OK
r-release-macos-arm64 0.7 NOTE
r-release-macos-x86_64 0.7 NOTE
r-release-windows-ix86+x86_64 0.7 6.00 89.00 95.00 OK
r-oldrel-macos-x86_64 0.7 NOTE
r-oldrel-windows-ix86+x86_64 0.7 6.00 92.00 98.00 OK

Check Details

Version: 0.7
Check: dependencies in R code
Result: NOTE
    Namespaces in Imports field not imported from:
     ‘fields’ ‘knitr’
     All declared Imports should be used.
Flavors: r-devel-linux-x86_64-fedora-clang, r-devel-linux-x86_64-fedora-gcc, r-devel-windows-x86_64-new-TK, r-release-macos-arm64, r-release-macos-x86_64, r-oldrel-macos-x86_64