Last updated on 2022-05-28 21:50:34 CEST.
Flavor | Version | Tinstall | Tcheck | Ttotal | Status | Flags |
---|---|---|---|---|---|---|
r-devel-linux-x86_64-debian-clang | 0.20.0 | 1.92 | 36.12 | 38.04 | NOTE | |
r-devel-linux-x86_64-debian-gcc | 0.20.0 | 1.94 | 27.70 | 29.64 | NOTE | |
r-devel-linux-x86_64-fedora-clang | 0.20.0 | 46.43 | NOTE | |||
r-devel-linux-x86_64-fedora-gcc | 0.20.0 | 49.58 | NOTE | |||
r-devel-windows-x86_64 | 0.20.0 | 17.00 | 50.00 | 67.00 | NOTE | |
r-patched-linux-x86_64 | 0.20.0 | 2.13 | 35.40 | 37.53 | NOTE | |
r-release-linux-x86_64 | 0.20.0 | 1.57 | 34.45 | 36.02 | NOTE | |
r-release-macos-arm64 | 0.20.0 | 18.00 | NOTE | |||
r-release-macos-x86_64 | 0.20.0 | 23.00 | NOTE | |||
r-release-windows-x86_64 | 0.20.0 | 10.00 | 52.00 | 62.00 | NOTE | |
r-oldrel-macos-arm64 | 0.20.0 | 21.00 | NOTE | |||
r-oldrel-macos-x86_64 | 0.20.0 | 26.00 | NOTE | |||
r-oldrel-windows-ix86+x86_64 | 0.20.0 | 6.00 | 45.00 | 51.00 | NOTE |
Version: 0.20.0
Check: LazyData
Result: NOTE
'LazyData' is specified without a 'data' directory
Flavors: r-devel-linux-x86_64-debian-clang, r-devel-linux-x86_64-debian-gcc, r-devel-linux-x86_64-fedora-clang, r-devel-linux-x86_64-fedora-gcc, r-devel-windows-x86_64, r-patched-linux-x86_64, r-release-linux-x86_64, r-release-macos-arm64, r-release-macos-x86_64, r-release-windows-x86_64, r-oldrel-macos-arm64, r-oldrel-macos-x86_64, r-oldrel-windows-ix86+x86_64