CRAN Package Check Results for Package AER

Last updated on 2021-04-22 21:49:29 CEST.

Flavor Version Tinstall Tcheck Ttotal Status Flags
r-devel-linux-x86_64-debian-clang 1.2-9 14.07 331.53 345.60 OK
r-devel-linux-x86_64-debian-gcc 1.2-9 9.63 256.83 266.46 OK
r-devel-linux-x86_64-fedora-clang 1.2-9 415.73 OK
r-devel-linux-x86_64-fedora-gcc 1.2-9 405.74 OK
r-devel-windows-ix86+x86_64 1.2-9 29.00 435.00 464.00 OK
r-devel-windows-x86_64-gcc10-UCRT 1.2-9 NOTE
r-patched-linux-x86_64 1.2-9 14.48 319.58 334.06 WARN
r-patched-solaris-x86 1.2-9 602.30 OK
r-release-linux-x86_64 1.2-9 11.86 320.28 332.14 OK
r-release-macos-x86_64 1.2-9 OK
r-release-windows-ix86+x86_64 1.2-9 31.00 456.00 487.00 OK
r-oldrel-macos-x86_64 1.2-9 OK
r-oldrel-windows-ix86+x86_64 1.2-9 26.00 444.00 470.00 OK

Check Details

Version: 1.2-9
Check: package dependencies
Result: NOTE
    Package suggested but not available for checking: 'rgl'
Flavor: r-devel-windows-x86_64-gcc10-UCRT

Version: 1.2-9
Check: whether package can be installed
Result: WARN
    Found the following significant warnings:
     Rd warning: /tmp/RtmpBzuR82/R.INSTALLc22181654c4/AER/man/ivreg.fit.Rd:22: file link ‘lm.wfit’ in package ‘stats’ does not exist and so has been treated as a topic
Flavor: r-patched-linux-x86_64