CRAN Package Check Results for Package AEenrich

Last updated on 2024-02-28 19:49:29 CET.

Flavor Version Tinstall Tcheck Ttotal Status Flags
r-devel-linux-x86_64-debian-clang 1.1.0 8.14 58.87 67.01 NOTE
r-devel-linux-x86_64-debian-gcc 1.1.0 6.36 44.06 50.42 NOTE
r-devel-linux-x86_64-fedora-clang 1.1.0 80.24 NOTE
r-devel-linux-x86_64-fedora-gcc 1.1.0 79.51 NOTE
r-devel-windows-x86_64 1.1.0 8.00 68.00 76.00 OK
r-patched-linux-x86_64 1.1.0 6.37 57.26 63.63 OK
r-release-linux-x86_64 1.1.0 4.91 55.97 60.88 OK
r-release-macos-arm64 1.1.0 27.00 OK
r-release-macos-x86_64 1.1.0 42.00 OK
r-release-windows-x86_64 1.1.0 11.00 71.00 82.00 OK
r-oldrel-macos-arm64 1.1.0 31.00 OK
r-oldrel-windows-x86_64 1.1.0 10.00 82.00 92.00 OK

Check Details

Version: 1.1.0
Check: Rd files
Result: NOTE checkRd: (-1) count_cases.Rd:49: Lost braces in \itemize; \value handles \item{}{} directly checkRd: (-1) count_cases.Rd:50: Lost braces in \itemize; \value handles \item{}{} directly checkRd: (-1) count_cases.Rd:51: Lost braces in \itemize; \value handles \item{}{} directly checkRd: (-1) count_cases.Rd:52: Lost braces in \itemize; \value handles \item{}{} directly checkRd: (-1) count_cases.Rd:53: Lost braces in \itemize; \value handles \item{}{} directly checkRd: (-1) enrich.Rd:75: Lost braces in \itemize; \value handles \item{}{} directly checkRd: (-1) enrich.Rd:76: Lost braces in \itemize; \value handles \item{}{} directly checkRd: (-1) enrich.Rd:77: Lost braces in \itemize; \value handles \item{}{} directly checkRd: (-1) enrich.Rd:78: Lost braces in \itemize; \value handles \item{}{} directly checkRd: (-1) enrich.Rd:83: Lost braces in \itemize; \value handles \item{}{} directly checkRd: (-1) enrich.Rd:84: Lost braces in \itemize; \value handles \item{}{} directly checkRd: (-1) enrich.Rd:85: Lost braces in \itemize; \value handles \item{}{} directly checkRd: (-1) enrich.Rd:86: Lost braces in \itemize; \value handles \item{}{} directly checkRd: (-1) enrich.Rd:87: Lost braces in \itemize; \value handles \item{}{} directly checkRd: (-1) enrich.Rd:88: Lost braces in \itemize; \value handles \item{}{} directly Flavors: r-devel-linux-x86_64-debian-clang, r-devel-linux-x86_64-debian-gcc, r-devel-linux-x86_64-fedora-clang, r-devel-linux-x86_64-fedora-gcc