CRAN Package Check Results for Package ASV

Last updated on 2024-03-01 19:48:52 CET.

Flavor Version Tinstall Tcheck Ttotal Status Flags
r-devel-linux-x86_64-debian-clang 1.1.4 52.47 49.04 101.51 OK
r-devel-linux-x86_64-debian-gcc 1.1.4 43.28 36.81 80.09 OK
r-devel-linux-x86_64-fedora-clang 1.1.4 143.54 OK
r-devel-linux-x86_64-fedora-gcc 1.1.4 156.73 OK
r-devel-windows-x86_64 1.1.4 41.00 95.00 136.00 OK
r-patched-linux-x86_64 1.1.4 50.46 48.69 99.15 OK
r-release-linux-x86_64 1.1.4 58.69 48.95 107.64 OK
r-release-macos-arm64 1.1.4 45.00 NOTE
r-release-macos-x86_64 1.1.4 69.00 NOTE
r-release-windows-x86_64 1.1.4 42.00 106.00 148.00 OK
r-oldrel-macos-arm64 1.1.4 46.00 NOTE
r-oldrel-windows-x86_64 1.1.4 50.00 98.00 148.00 OK

Check Details

Version: 1.1.4
Check: installed package size
Result: NOTE installed size is 6.1Mb sub-directories of 1Mb or more: libs 6.0Mb Flavors: r-release-macos-arm64, r-release-macos-x86_64, r-oldrel-macos-arm64