CRAN Package Check Results for Package ATAforecasting

Last updated on 2023-06-07 22:02:37 CEST.

Flavor Version Tinstall Tcheck Ttotal Status Flags
r-devel-linux-x86_64-debian-clang 0.0.57 58.97 203.92 262.89 NOTE
r-devel-linux-x86_64-debian-gcc 0.0.57 45.68 149.68 195.36 NOTE
r-devel-linux-x86_64-fedora-clang 0.0.57 337.72 NOTE
r-devel-linux-x86_64-fedora-gcc 0.0.57 328.44 NOTE
r-devel-windows-x86_64 0.0.57 47.00 174.00 221.00 NOTE
r-patched-linux-x86_64 0.0.57 54.22 189.36 243.58 NOTE
r-release-linux-x86_64 0.0.57 40.71 188.11 228.82 NOTE
r-release-macos-arm64 0.0.57 78.00 NOTE
r-release-macos-x86_64 0.0.57 135.00 NOTE
r-release-windows-x86_64 0.0.57 63.00 218.00 281.00 NOTE
r-oldrel-macos-arm64 0.0.57 83.00 OK
r-oldrel-macos-x86_64 0.0.57 114.00 OK
r-oldrel-windows-x86_64 0.0.57 63.00 205.00 268.00 OK

Check Details

Version: 0.0.57
Check: C++ specification
Result: NOTE
     Specified C++11: please drop specification unless essential
Flavors: r-devel-linux-x86_64-debian-clang, r-devel-linux-x86_64-debian-gcc, r-devel-linux-x86_64-fedora-clang, r-devel-linux-x86_64-fedora-gcc, r-devel-windows-x86_64, r-patched-linux-x86_64, r-release-linux-x86_64, r-release-macos-arm64, r-release-macos-x86_64, r-release-windows-x86_64