CRAN Package Check Results for Package ATNr

Last updated on 2024-02-28 19:49:30 CET.

Flavor Version Tinstall Tcheck Ttotal Status Flags
r-devel-linux-x86_64-debian-clang 1.1.0 135.42 114.09 249.51 OK
r-devel-linux-x86_64-debian-gcc 1.1.0 107.60 204.36 311.96 OK
r-devel-linux-x86_64-fedora-clang 1.1.0 341.97 NOTE
r-devel-linux-x86_64-fedora-gcc 1.1.0 401.33 NOTE
r-devel-windows-x86_64 1.1.0 97.00 208.00 305.00 OK
r-patched-linux-x86_64 1.1.0 136.06 187.08 323.14 OK
r-release-linux-x86_64 1.1.0 134.70 164.02 298.72 OK
r-release-macos-arm64 1.1.0 92.00 NOTE
r-release-macos-x86_64 1.1.0 141.00 NOTE
r-release-windows-x86_64 1.1.0 127.00 200.00 327.00 OK
r-oldrel-macos-arm64 1.1.0 86.00 NOTE
r-oldrel-windows-x86_64 1.1.0 115.00 197.00 312.00 OK

Check Details

Version: 1.1.0
Check: dependencies in R code
Result: NOTE Namespace in Imports field not imported from: ‘R.rsp’ All declared Imports should be used. Flavors: r-devel-linux-x86_64-fedora-clang, r-devel-linux-x86_64-fedora-gcc

Version: 1.1.0
Check: installed package size
Result: NOTE installed size is 10.2Mb sub-directories of 1Mb or more: libs 9.5Mb Flavors: r-release-macos-arm64, r-release-macos-x86_64, r-oldrel-macos-arm64