CRAN Package Check Results for Package Amelia

Last updated on 2022-05-24 21:51:36 CEST.

Flavor Version Tinstall Tcheck Ttotal Status Flags
r-devel-linux-x86_64-debian-clang 1.8.0 43.41 81.54 124.95 WARN
r-devel-linux-x86_64-debian-gcc 1.8.0 35.04 62.46 97.50 NOTE
r-devel-linux-x86_64-fedora-clang 1.8.0 160.90 WARN
r-devel-linux-x86_64-fedora-gcc 1.8.0 161.03 NOTE
r-devel-windows-x86_64 1.8.0 62.00 150.00 212.00 OK
r-patched-linux-x86_64 1.8.0 36.48 78.64 115.12 NOTE
r-release-linux-x86_64 1.8.0 NOTE
r-release-macos-arm64 1.8.0 52.00 NOTE
r-release-macos-x86_64 1.8.0 61.00 NOTE
r-release-windows-x86_64 1.8.0 56.00 153.00 209.00 OK
r-oldrel-macos-arm64 1.8.0 54.00 NOTE
r-oldrel-macos-x86_64 1.8.0 86.00 NOTE
r-oldrel-windows-ix86+x86_64 1.8.0 94.00 134.00 228.00 OK

Additional issues

clang14

Check Details

Version: 1.8.0
Check: package dependencies
Result: NOTE
    Package suggested but not available for checking: 'Zelig'
Flavors: r-devel-linux-x86_64-debian-clang, r-devel-linux-x86_64-debian-gcc, r-devel-linux-x86_64-fedora-clang, r-devel-linux-x86_64-fedora-gcc, r-patched-linux-x86_64, r-release-linux-x86_64, r-release-macos-x86_64

Version: 1.8.0
Check: whether package can be installed
Result: WARN
    Found the following significant warnings:
     em.cpp:89:9: warning: use of bitwise '&' with boolean operands [-Wbitwise-instead-of-logical]
     em.cpp:89:53: warning: use of bitwise '|' with boolean operands [-Wbitwise-instead-of-logical]
Flavors: r-devel-linux-x86_64-debian-clang, r-devel-linux-x86_64-fedora-clang

Version: 1.8.0
Check: installed package size
Result: NOTE
     installed size is 5.8Mb
     sub-directories of 1Mb or more:
     doc 1.4Mb
     libs 3.7Mb
Flavors: r-release-macos-arm64, r-release-macos-x86_64, r-oldrel-macos-arm64, r-oldrel-macos-x86_64