Last updated on 2022-05-27 21:51:16 CEST.
Flavor | Version | Tinstall | Tcheck | Ttotal | Status | Flags |
---|---|---|---|---|---|---|
r-devel-linux-x86_64-debian-clang | 1.2 | 58.32 | 274.73 | 333.05 | OK | |
r-devel-linux-x86_64-debian-gcc | 1.2 | 54.56 | 206.94 | 261.50 | OK | |
r-devel-linux-x86_64-fedora-clang | 1.2 | 412.41 | NOTE | |||
r-devel-linux-x86_64-fedora-gcc | 1.2 | 445.22 | OK | |||
r-devel-windows-x86_64 | 1.2 | 65.00 | 244.00 | 309.00 | NOTE | |
r-patched-linux-x86_64 | 1.2 | 63.41 | 265.53 | 328.94 | OK | |
r-release-linux-x86_64 | 1.2 | 51.45 | 266.36 | 317.81 | OK | |
r-release-macos-arm64 | 1.2 | 103.00 | NOTE | |||
r-release-macos-x86_64 | 1.2 | 227.00 | NOTE | |||
r-release-windows-x86_64 | 1.2 | 71.00 | 235.00 | 306.00 | NOTE | |
r-oldrel-macos-arm64 | 1.2 | 139.00 | NOTE | |||
r-oldrel-macos-x86_64 | 1.2 | 244.00 | NOTE | |||
r-oldrel-windows-ix86+x86_64 | 1.2 | 129.00 | 259.00 | 388.00 | NOTE |
Version: 1.2
Check: installed package size
Result: NOTE
installed size is 35.4Mb
sub-directories of 1Mb or more:
R 35.3Mb
Flavors: r-devel-linux-x86_64-fedora-clang, r-devel-windows-x86_64, r-release-macos-arm64, r-release-macos-x86_64, r-release-windows-x86_64, r-oldrel-macos-arm64, r-oldrel-macos-x86_64, r-oldrel-windows-ix86+x86_64