Last updated on 2023-12-09 19:54:03 CET.
Flavor | Version | Tinstall | Tcheck | Ttotal | Status | Flags |
---|---|---|---|---|---|---|
r-devel-linux-x86_64-debian-clang | 2.0.5 | 12.57 | 122.13 | 134.70 | OK | |
r-devel-linux-x86_64-debian-gcc | 2.0.5 | 12.53 | 94.96 | 107.49 | OK | |
r-devel-linux-x86_64-fedora-clang | 2.0.5 | 172.41 | NOTE | |||
r-devel-linux-x86_64-fedora-gcc | 2.0.5 | 166.06 | OK | |||
r-devel-windows-x86_64 | 2.0.5 | 14.00 | 114.00 | 128.00 | NOTE | |
r-patched-linux-x86_64 | 2.0.5 | 10.15 | 122.62 | 132.77 | OK | |
r-release-linux-x86_64 | 2.0.5 | 12.83 | 120.00 | 132.83 | OK | |
r-release-macos-arm64 | 2.0.5 | 52.00 | NOTE | |||
r-release-macos-x86_64 | 2.0.5 | 91.00 | NOTE | |||
r-release-windows-x86_64 | 2.0.5 | 18.00 | 140.00 | 158.00 | NOTE | |
r-oldrel-macos-arm64 | 2.0.5 | 49.00 | NOTE | |||
r-oldrel-macos-x86_64 | 2.0.5 | 74.00 | NOTE | |||
r-oldrel-windows-x86_64 | 2.0.5 | 18.00 | 133.00 | 151.00 | NOTE |
Version: 2.0.5
Check: installed package size
Result: NOTE
installed size is 5.4Mb
sub-directories of 1Mb or more:
data 5.1Mb
Flavors: r-devel-linux-x86_64-fedora-clang, r-devel-windows-x86_64, r-release-macos-arm64, r-release-macos-x86_64, r-release-windows-x86_64, r-oldrel-macos-arm64, r-oldrel-macos-x86_64, r-oldrel-windows-x86_64