CRAN Package Check Results for Package AssetPricing

Last updated on 2024-07-13 21:44:35 CEST.

Flavor Version Tinstall Tcheck Ttotal Status Flags
r-devel-linux-x86_64-debian-clang 1.0-3 3.98 46.79 50.77 NOTE
r-devel-linux-x86_64-debian-gcc 1.0-3 3.28 34.41 37.69 NOTE
r-devel-linux-x86_64-fedora-clang 1.0-3 62.81 NOTE
r-devel-linux-x86_64-fedora-gcc 1.0-3 59.32 NOTE
r-devel-windows-x86_64 1.0-3 4.00 53.00 57.00 NOTE
r-patched-linux-x86_64 1.0-3 4.68 45.10 49.78 NOTE
r-release-linux-x86_64 1.0-3 3.36 44.13 47.49 NOTE
r-release-macos-arm64 1.0-3 20.00 NOTE
r-release-macos-x86_64 1.0-3 31.00 NOTE
r-release-windows-x86_64 1.0-3 5.00 55.00 60.00 NOTE
r-oldrel-macos-arm64 1.0-3 23.00 OK
r-oldrel-macos-x86_64 1.0-3 34.00 OK
r-oldrel-windows-x86_64 1.0-3 5.00 62.00 67.00 OK

Check Details

Version: 1.0-3
Check: Rd files
Result: NOTE checkRd: (-1) plot.AssetPricing.Rd:199-200: Lost braces 199 | yakka. (Note that \code{flap} stands for dQuote{function list | ^ Flavors: r-devel-linux-x86_64-debian-clang, r-devel-linux-x86_64-debian-gcc, r-devel-linux-x86_64-fedora-clang, r-devel-linux-x86_64-fedora-gcc, r-devel-windows-x86_64, r-patched-linux-x86_64, r-release-linux-x86_64, r-release-macos-arm64, r-release-macos-x86_64, r-release-windows-x86_64