Last updated on 2023-03-27 20:52:08 CEST.
Flavor | Version | Tinstall | Tcheck | Ttotal | Status | Flags |
---|---|---|---|---|---|---|
r-devel-linux-x86_64-debian-clang | 3.7.0 | 6.44 | 50.36 | 56.80 | OK | |
r-devel-linux-x86_64-debian-gcc | 3.7.0 | 5.47 | 38.17 | 43.64 | OK | |
r-devel-linux-x86_64-fedora-clang | 3.7.0 | 79.57 | NOTE | |||
r-devel-linux-x86_64-fedora-gcc | 3.7.0 | 84.04 | NOTE | |||
r-devel-windows-x86_64 | 3.7.0 | 67.00 | 90.00 | 157.00 | OK | |
r-patched-linux-x86_64 | 3.7.0 | 12.80 | 50.88 | 63.68 | OK | |
r-release-linux-x86_64 | 3.7.0 | 6.89 | 46.84 | 53.73 | OK | |
r-release-macos-arm64 | 3.7.0 | 27.00 | NOTE | |||
r-release-macos-x86_64 | 3.7.0 | 33.00 | NOTE | |||
r-release-windows-x86_64 | 3.7.0 | 88.00 | 87.00 | 175.00 | OK | |
r-oldrel-macos-arm64 | 3.7.0 | 28.00 | NOTE | |||
r-oldrel-macos-x86_64 | 3.7.0 | 36.00 | NOTE | |||
r-oldrel-windows-ix86+x86_64 | 3.7.0 | 12.00 | 73.00 | 85.00 | OK |
Version: 3.7.0
Check: dependencies in R code
Result: NOTE
Namespace in Imports field not imported from: ‘R6’
All declared Imports should be used.
Flavors: r-devel-linux-x86_64-fedora-clang, r-devel-linux-x86_64-fedora-gcc, r-release-macos-arm64, r-release-macos-x86_64, r-oldrel-macos-arm64, r-oldrel-macos-x86_64