CRAN Package Check Results for Package BASiNET

Last updated on 2021-12-03 19:50:03 CET.

Flavor Version Tinstall Tcheck Ttotal Status Flags
r-devel-linux-x86_64-debian-clang 0.0.4 21.19 209.07 230.26 NOTE
r-devel-linux-x86_64-debian-gcc 0.0.4 16.71 159.30 176.01 NOTE
r-devel-linux-x86_64-fedora-clang 0.0.4 279.10 NOTE
r-devel-linux-x86_64-fedora-gcc 0.0.4 288.77 NOTE
r-devel-windows-x86_64-new-UL 0.0.4 33.00 222.00 255.00 NOTE
r-devel-windows-x86_64-new-TK 0.0.4 NOTE
r-devel-windows-x86_64-old 0.0.4 27.00 155.00 182.00 NOTE
r-patched-linux-x86_64 0.0.4 19.30 207.88 227.18 NOTE
r-release-linux-x86_64 0.0.4 19.07 205.97 225.04 NOTE
r-release-macos-arm64 0.0.4 NOTE
r-release-macos-x86_64 0.0.4 NOTE
r-release-windows-ix86+x86_64 0.0.4 52.00 226.00 278.00 NOTE
r-oldrel-macos-x86_64 0.0.4 OK
r-oldrel-windows-ix86+x86_64 0.0.4 40.00 203.00 243.00 OK

Check Details

Version: 0.0.4
Check: LazyData
Result: NOTE
     'LazyData' is specified without a 'data' directory
Flavors: r-devel-linux-x86_64-debian-clang, r-devel-linux-x86_64-debian-gcc, r-devel-linux-x86_64-fedora-clang, r-devel-linux-x86_64-fedora-gcc, r-devel-windows-x86_64-new-UL, r-devel-windows-x86_64-new-TK, r-devel-windows-x86_64-old, r-patched-linux-x86_64, r-release-linux-x86_64, r-release-macos-arm64, r-release-macos-x86_64, r-release-windows-ix86+x86_64