CRAN Package Check Results for Package BBmisc

Last updated on 2024-07-14 21:48:06 CEST.

Flavor Version Tinstall Tcheck Ttotal Status Flags
r-devel-linux-x86_64-debian-clang 1.13 7.29 59.58 66.87 NOTE
r-devel-linux-x86_64-debian-gcc 1.13 5.75 44.21 49.96 NOTE
r-devel-linux-x86_64-fedora-clang 1.13 83.98 NOTE
r-devel-linux-x86_64-fedora-gcc 1.13 74.81 NOTE
r-devel-windows-x86_64 1.13 10.00 91.00 101.00 NOTE
r-patched-linux-x86_64 1.13 5.80 56.12 61.92 NOTE
r-release-linux-x86_64 1.13 5.51 56.66 62.17 NOTE
r-release-macos-arm64 1.13 34.00 NOTE
r-release-macos-x86_64 1.13 50.00 NOTE
r-release-windows-x86_64 1.13 11.00 91.00 102.00 NOTE
r-oldrel-macos-arm64 1.13 38.00 OK
r-oldrel-macos-x86_64 1.13 49.00 OK
r-oldrel-windows-x86_64 1.13 12.00 99.00 111.00 OK

Check Details

Version: 1.13
Check: Rd files
Result: NOTE checkRd: (-1) getOperatingSystem.Rd:26: Lost braces in \itemize; meant \describe ? checkRd: (-1) getOperatingSystem.Rd:27: Lost braces in \itemize; meant \describe ? checkRd: (-1) getOperatingSystem.Rd:28: Lost braces in \itemize; meant \describe ? checkRd: (-1) getOperatingSystem.Rd:29: Lost braces in \itemize; meant \describe ? checkRd: (-1) getOperatingSystem.Rd:30: Lost braces in \itemize; meant \describe ? Flavors: r-devel-linux-x86_64-debian-clang, r-devel-linux-x86_64-debian-gcc, r-devel-linux-x86_64-fedora-clang, r-devel-linux-x86_64-fedora-gcc, r-devel-windows-x86_64, r-patched-linux-x86_64, r-release-linux-x86_64, r-release-macos-arm64, r-release-macos-x86_64, r-release-windows-x86_64