Last updated on 2023-01-27 19:49:26 CET.
Flavor | Version | Tinstall | Tcheck | Ttotal | Status | Flags |
---|---|---|---|---|---|---|
r-devel-linux-x86_64-debian-clang | 1.00 | 3.51 | 41.92 | 45.43 | NOTE | |
r-devel-linux-x86_64-debian-gcc | 1.00 | 2.68 | 32.05 | 34.73 | NOTE | |
r-devel-linux-x86_64-fedora-clang | 1.00 | 62.38 | NOTE | |||
r-devel-linux-x86_64-fedora-gcc | 1.00 | 80.55 | NOTE | |||
r-devel-windows-x86_64 | 1.00 | 17.00 | 72.00 | 89.00 | NOTE | |
r-patched-linux-x86_64 | 1.00 | 3.25 | 40.92 | 44.17 | NOTE | |
r-release-linux-x86_64 | 1.00 | 3.17 | 52.88 | 56.05 | NOTE | |
r-release-macos-arm64 | 1.00 | 30.00 | NOTE | |||
r-release-macos-x86_64 | 1.00 | 37.00 | NOTE | |||
r-release-windows-x86_64 | 1.00 | 14.00 | 87.00 | 101.00 | NOTE | |
r-oldrel-macos-arm64 | 1.00 | 29.00 | NOTE | |||
r-oldrel-macos-x86_64 | 1.00 | 44.00 | NOTE | |||
r-oldrel-windows-ix86+x86_64 | 1.00 | 8.00 | 74.00 | 82.00 | NOTE |
Version: 1.00
Check: LazyData
Result: NOTE
'LazyData' is specified without a 'data' directory
Flavors: r-devel-linux-x86_64-debian-clang, r-devel-linux-x86_64-debian-gcc, r-devel-linux-x86_64-fedora-clang, r-devel-linux-x86_64-fedora-gcc, r-devel-windows-x86_64, r-patched-linux-x86_64, r-release-linux-x86_64, r-release-macos-arm64, r-release-macos-x86_64, r-release-windows-x86_64, r-oldrel-macos-arm64, r-oldrel-macos-x86_64, r-oldrel-windows-ix86+x86_64
Version: 1.00
Check: dependencies in R code
Result: NOTE
Namespaces in Imports field not imported from:
‘coda’ ‘knitr’ ‘plyr’
All declared Imports should be used.
Flavors: r-devel-linux-x86_64-fedora-clang, r-devel-linux-x86_64-fedora-gcc, r-release-macos-arm64, r-release-macos-x86_64, r-oldrel-macos-arm64, r-oldrel-macos-x86_64