Last updated on 2021-03-03 19:48:01 CET.
Flavor | Version | Tinstall | Tcheck | Ttotal | Status | Flags |
---|---|---|---|---|---|---|
r-devel-linux-x86_64-debian-clang | 0.3.4 | 6.50 | 66.53 | 73.03 | NOTE | |
r-devel-linux-x86_64-debian-gcc | 0.3.4 | 5.09 | 49.60 | 54.69 | NOTE | |
r-devel-linux-x86_64-fedora-clang | 0.3.4 | 94.44 | OK | |||
r-devel-linux-x86_64-fedora-gcc | 0.3.4 | 85.05 | OK | |||
r-devel-windows-ix86+x86_64 | 0.3.4 | 15.00 | 83.00 | 98.00 | NOTE | |
r-patched-linux-x86_64 | 0.3.4 | 5.85 | 63.04 | 68.89 | NOTE | |
r-patched-solaris-x86 | 0.3.4 | 122.00 | OK | |||
r-release-linux-x86_64 | 0.3.4 | 5.80 | 63.26 | 69.06 | NOTE | |
r-release-macos-x86_64 | 0.3.4 | OK | ||||
r-release-windows-ix86+x86_64 | 0.3.4 | 12.00 | 66.00 | 78.00 | NOTE | |
r-oldrel-macos-x86_64 | 0.3.4 | OK | ||||
r-oldrel-windows-ix86+x86_64 | 0.3.4 | 13.00 | 65.00 | 78.00 | OK |
Version: 0.3.4
Check: package vignettes
Result: NOTE
Package vignette with placeholder title 'Vignette Title':
'vignette.Rmd'
Flavors: r-devel-linux-x86_64-debian-clang, r-devel-linux-x86_64-debian-gcc, r-devel-windows-ix86+x86_64, r-patched-linux-x86_64, r-release-linux-x86_64, r-release-windows-ix86+x86_64