CRAN Package Check Results for Package BDgraph

Last updated on 2022-09-25 21:54:45 CEST.

Flavor Version Tinstall Tcheck Ttotal Status Flags
r-devel-linux-x86_64-debian-clang 2.68 55.43 118.67 174.10 OK
r-devel-linux-x86_64-debian-gcc 2.68 57.32 169.04 226.36 OK
r-devel-linux-x86_64-fedora-clang 2.68 192.32 OK
r-devel-linux-x86_64-fedora-gcc 2.68 208.13 OK
r-devel-windows-x86_64 2.68 60.00 136.00 196.00 OK
r-patched-linux-x86_64 2.68 61.20 149.60 210.80 OK
r-release-linux-x86_64 2.68 53.26 131.38 184.64 OK
r-release-macos-arm64 2.68 52.00 NOTE
r-release-macos-x86_64 2.68 72.00 OK
r-release-windows-x86_64 2.68 63.00 127.00 190.00 OK
r-oldrel-macos-arm64 2.68 53.00 NOTE
r-oldrel-macos-x86_64 2.68 68.00 OK
r-oldrel-windows-ix86+x86_64 2.68 105.00 128.00 233.00 OK

Check Details

Version: 2.68
Check: installed package size
Result: NOTE
     installed size is 5.0Mb
     sub-directories of 1Mb or more:
     doc 1.0Mb
     libs 3.4Mb
Flavors: r-release-macos-arm64, r-oldrel-macos-arm64