Last updated on 2023-02-06 19:54:16 CET.
Flavor | Version | Tinstall | Tcheck | Ttotal | Status | Flags |
---|---|---|---|---|---|---|
r-devel-linux-x86_64-debian-clang | 2.0.4 | 106.30 | 261.63 | 367.93 | NOTE | |
r-devel-linux-x86_64-debian-gcc | 2.0.4 | 71.24 | 190.73 | 261.97 | NOTE | |
r-devel-linux-x86_64-fedora-clang | 2.0.4 | 461.86 | NOTE | |||
r-devel-linux-x86_64-fedora-gcc | 2.0.4 | 450.53 | NOTE | |||
r-devel-windows-x86_64 | 2.0.4 | 115.00 | 351.00 | 466.00 | NOTE | |
r-patched-linux-x86_64 | 2.0.4 | 80.82 | 237.20 | 318.02 | OK | |
r-release-linux-x86_64 | 2.0.4 | 69.11 | 223.35 | 292.46 | OK | |
r-release-macos-arm64 | 2.0.4 | 119.00 | NOTE | |||
r-release-macos-x86_64 | 2.0.4 | 198.00 | NOTE | |||
r-release-windows-x86_64 | 2.0.4 | 125.00 | 337.00 | 462.00 | NOTE | |
r-oldrel-macos-arm64 | 2.0.4 | 142.00 | NOTE | |||
r-oldrel-macos-x86_64 | 2.0.4 | 168.00 | NOTE | |||
r-oldrel-windows-ix86+x86_64 | 2.0.4 | 183.00 | 373.00 | 556.00 | NOTE |
Version: 2.0.4
Check: C++ specification
Result: NOTE
Specified C++11: please update to current default of C++17
Flavors: r-devel-linux-x86_64-debian-clang, r-devel-linux-x86_64-debian-gcc, r-devel-linux-x86_64-fedora-clang, r-devel-linux-x86_64-fedora-gcc, r-devel-windows-x86_64
Version: 2.0.4
Check: installed package size
Result: NOTE
installed size is 6.6Mb
sub-directories of 1Mb or more:
doc 3.8Mb
help 1.1Mb
Flavors: r-devel-linux-x86_64-fedora-clang, r-devel-windows-x86_64, r-release-macos-arm64, r-release-macos-x86_64, r-release-windows-x86_64, r-oldrel-macos-arm64, r-oldrel-macos-x86_64, r-oldrel-windows-ix86+x86_64