CRAN Package Check Results for Package BOSSreg

Last updated on 2024-07-12 21:49:54 CEST.

Flavor Version Tinstall Tcheck Ttotal Status Flags
r-devel-linux-x86_64-debian-clang 0.2.0 34.61 54.35 88.96 NOTE
r-devel-linux-x86_64-debian-gcc 0.2.0 23.81 41.01 64.82 NOTE
r-devel-linux-x86_64-fedora-clang 0.2.0 120.01 NOTE
r-devel-linux-x86_64-fedora-gcc 0.2.0 131.92 NOTE
r-devel-windows-x86_64 0.2.0 29.00 131.00 160.00 NOTE
r-patched-linux-x86_64 0.2.0 29.23 51.52 80.75 NOTE
r-release-linux-x86_64 0.2.0 27.66 51.52 79.18 NOTE
r-release-macos-arm64 0.2.0 42.00 NOTE
r-release-macos-x86_64 0.2.0 86.00 NOTE
r-release-windows-x86_64 0.2.0 29.00 105.00 134.00 NOTE
r-oldrel-macos-arm64 0.2.0 47.00 NOTE
r-oldrel-macos-x86_64 0.2.0 59.00 NOTE
r-oldrel-windows-x86_64 0.2.0 35.00 109.00 144.00 NOTE

Check Details

Version: 0.2.0
Check: C++ specification
Result: NOTE Specified C++11: please drop specification unless essential Flavors: r-devel-linux-x86_64-debian-clang, r-devel-linux-x86_64-debian-gcc, r-devel-linux-x86_64-fedora-clang, r-devel-linux-x86_64-fedora-gcc, r-devel-windows-x86_64, r-patched-linux-x86_64, r-release-linux-x86_64, r-release-macos-arm64, r-release-macos-x86_64, r-release-windows-x86_64, r-oldrel-macos-arm64, r-oldrel-macos-x86_64, r-oldrel-windows-x86_64

Version: 0.2.0
Check: LazyData
Result: NOTE 'LazyData' is specified without a 'data' directory Flavors: r-devel-linux-x86_64-debian-clang, r-devel-linux-x86_64-debian-gcc, r-devel-linux-x86_64-fedora-clang, r-devel-linux-x86_64-fedora-gcc, r-devel-windows-x86_64, r-patched-linux-x86_64, r-release-linux-x86_64, r-release-macos-arm64, r-release-macos-x86_64, r-release-windows-x86_64, r-oldrel-macos-arm64, r-oldrel-macos-x86_64, r-oldrel-windows-x86_64

Version: 0.2.0
Check: package dependencies
Result: NOTE Package suggested but not available for checking: ‘sparsenet’ Flavor: r-oldrel-macos-x86_64