CRAN Package Check Results for Package BOSSreg

Last updated on 2024-02-25 19:49:52 CET.

Flavor Version Tinstall Tcheck Ttotal Status Flags
r-devel-linux-x86_64-debian-clang 0.2.0 35.56 50.89 86.45 NOTE
r-devel-linux-x86_64-debian-gcc 0.2.0 27.04 39.03 66.07 NOTE
r-devel-linux-x86_64-fedora-clang 0.2.0 115.28 NOTE
r-devel-linux-x86_64-fedora-gcc 0.2.0 129.41 NOTE
r-devel-windows-x86_64 0.2.0 29.00 102.00 131.00 NOTE
r-patched-linux-x86_64 0.2.0 33.82 49.92 83.74 NOTE
r-release-linux-x86_64 0.2.0 31.73 49.78 81.51 NOTE
r-release-macos-arm64 0.2.0 47.00 NOTE
r-release-macos-x86_64 0.2.0 59.00 NOTE
r-release-windows-x86_64 0.2.0 35.00 106.00 141.00 NOTE
r-oldrel-macos-arm64 0.2.0 37.00 NOTE
r-oldrel-windows-x86_64 0.2.0 34.00 107.00 141.00 NOTE

Check Details

Version: 0.2.0
Check: C++ specification
Result: NOTE Specified C++11: please drop specification unless essential Flavors: r-devel-linux-x86_64-debian-clang, r-devel-linux-x86_64-debian-gcc, r-devel-linux-x86_64-fedora-clang, r-devel-linux-x86_64-fedora-gcc, r-devel-windows-x86_64, r-patched-linux-x86_64, r-release-linux-x86_64, r-release-macos-arm64, r-release-macos-x86_64, r-release-windows-x86_64

Version: 0.2.0
Check: LazyData
Result: NOTE 'LazyData' is specified without a 'data' directory Flavors: r-devel-linux-x86_64-debian-clang, r-devel-linux-x86_64-debian-gcc, r-devel-linux-x86_64-fedora-clang, r-devel-linux-x86_64-fedora-gcc, r-devel-windows-x86_64, r-patched-linux-x86_64, r-release-linux-x86_64, r-release-macos-arm64, r-release-macos-x86_64, r-release-windows-x86_64, r-oldrel-macos-arm64, r-oldrel-windows-x86_64

Version: 0.2.0
Check: package dependencies
Result: NOTE Package suggested but not available for checking: ‘sparsenet’ Flavor: r-release-macos-x86_64