CRAN Package Check Results for Package BRDT

Last updated on 2021-11-28 19:48:46 CET.

Flavor Version Tinstall Tcheck Ttotal Status Flags
r-devel-linux-x86_64-debian-clang 0.1.0 NOTE
r-devel-linux-x86_64-debian-gcc 0.1.0 1.67 26.43 28.10 NOTE
r-devel-linux-x86_64-fedora-clang 0.1.0 54.84 NOTE
r-devel-linux-x86_64-fedora-gcc 0.1.0 44.14 NOTE
r-devel-windows-x86_64-new-UL 0.1.0 7.00 71.00 78.00 NOTE
r-devel-windows-x86_64-new-TK 0.1.0 NOTE
r-devel-windows-x86_64-old 0.1.0 4.00 47.00 51.00 NOTE
r-patched-linux-x86_64 0.1.0 2.16 33.54 35.70 NOTE
r-patched-solaris-x86 0.1.0 50.10 NOTE
r-release-linux-x86_64 0.1.0 1.77 33.74 35.51 NOTE
r-release-macos-arm64 0.1.0 NOTE
r-release-macos-x86_64 0.1.0 NOTE
r-release-windows-ix86+x86_64 0.1.0 5.00 55.00 60.00 NOTE
r-oldrel-macos-x86_64 0.1.0 OK
r-oldrel-windows-ix86+x86_64 0.1.0 4.00 56.00 60.00 OK

Check Details

Version: 0.1.0
Check: LazyData
Result: NOTE
     'LazyData' is specified without a 'data' directory
Flavors: r-devel-linux-x86_64-debian-clang, r-devel-linux-x86_64-debian-gcc, r-devel-linux-x86_64-fedora-clang, r-devel-linux-x86_64-fedora-gcc, r-devel-windows-x86_64-new-UL, r-devel-windows-x86_64-new-TK, r-devel-windows-x86_64-old, r-patched-linux-x86_64, r-patched-solaris-x86, r-release-linux-x86_64, r-release-macos-arm64, r-release-macos-x86_64, r-release-windows-ix86+x86_64