Last updated on 2023-06-06 22:07:42 CEST.
Flavor | Version | Tinstall | Tcheck | Ttotal | Status | Flags |
---|---|---|---|---|---|---|
r-devel-linux-x86_64-debian-clang | 1.0.5 | 48.64 | 172.13 | 220.77 | NOTE | |
r-devel-linux-x86_64-debian-gcc | 1.0.5 | 39.28 | 127.54 | 166.82 | NOTE | |
r-devel-linux-x86_64-fedora-clang | 1.0.5 | 282.92 | NOTE | |||
r-devel-linux-x86_64-fedora-gcc | 1.0.5 | 294.48 | NOTE | |||
r-devel-windows-x86_64 | 1.0.5 | 43.00 | 151.00 | 194.00 | NOTE | |
r-patched-linux-x86_64 | 1.0.5 | 50.86 | 160.48 | 211.34 | NOTE | |
r-release-linux-x86_64 | 1.0.5 | 43.34 | 160.92 | 204.26 | NOTE | |
r-release-macos-arm64 | 1.0.5 | 91.00 | NOTE | |||
r-release-macos-x86_64 | 1.0.5 | 141.00 | NOTE | |||
r-release-windows-x86_64 | 1.0.5 | 54.00 | 181.00 | 235.00 | NOTE | |
r-oldrel-macos-arm64 | 1.0.5 | 73.00 | NOTE | |||
r-oldrel-macos-x86_64 | 1.0.5 | 101.00 | NOTE | |||
r-oldrel-windows-x86_64 | 1.0.5 | 53.00 | 181.00 | 234.00 | NOTE |
Version: 1.0.5
Check: C++ specification
Result: NOTE
Specified C++11: please drop specification unless essential
Flavors: r-devel-linux-x86_64-debian-clang, r-devel-linux-x86_64-debian-gcc, r-devel-linux-x86_64-fedora-clang, r-devel-linux-x86_64-fedora-gcc, r-devel-windows-x86_64, r-patched-linux-x86_64, r-release-linux-x86_64, r-release-macos-arm64, r-release-macos-x86_64, r-release-windows-x86_64
Version: 1.0.5
Check: for GNU extensions in Makefiles
Result: NOTE
GNU make is a SystemRequirements.
Flavors: r-devel-linux-x86_64-debian-clang, r-devel-linux-x86_64-debian-gcc, r-devel-linux-x86_64-fedora-clang, r-devel-linux-x86_64-fedora-gcc, r-devel-windows-x86_64, r-patched-linux-x86_64, r-release-linux-x86_64, r-release-macos-arm64, r-release-macos-x86_64, r-release-windows-x86_64, r-oldrel-macos-arm64, r-oldrel-macos-x86_64, r-oldrel-windows-x86_64