CRAN Package Check Results for Package BTSPAS

Last updated on 2021-04-17 21:48:48 CEST.

Flavor Version Tinstall Tcheck Ttotal Status Flags
r-devel-linux-x86_64-debian-clang 2021.1.1 11.67 98.02 109.69 OK
r-devel-linux-x86_64-debian-gcc 2021.1.1 8.59 72.65 81.24 OK
r-devel-linux-x86_64-fedora-clang 2021.1.1 136.90 NOTE
r-devel-linux-x86_64-fedora-gcc 2021.1.1 127.97 OK
r-devel-windows-ix86+x86_64 2021.1.1 31.00 120.00 151.00 NOTE
r-devel-windows-x86_64-gcc10-UCRT 2021.1.1 OK
r-patched-linux-x86_64 2021.1.1 10.97 89.97 100.94 OK
r-patched-solaris-x86 2021.1.1 177.40 NOTE
r-release-linux-x86_64 2021.1.1 10.80 88.90 99.70 OK
r-release-macos-x86_64 2021.1.1 NOTE
r-release-windows-ix86+x86_64 2021.1.1 33.00 118.00 151.00 NOTE
r-oldrel-macos-x86_64 2021.1.1 NOTE
r-oldrel-windows-ix86+x86_64 2021.1.1 17.00 96.00 113.00 NOTE

Check Details

Version: 2021.1.1
Check: installed package size
Result: NOTE
     installed size is 5.2Mb
     sub-directories of 1Mb or more:
     doc 4.8Mb
Flavors: r-devel-linux-x86_64-fedora-clang, r-devel-windows-ix86+x86_64, r-patched-solaris-x86, r-release-macos-x86_64, r-release-windows-ix86+x86_64, r-oldrel-macos-x86_64, r-oldrel-windows-ix86+x86_64