CRAN Package Check Results for Package BVARverse

Last updated on 2021-12-03 19:50:05 CET.

Flavor Version Tinstall Tcheck Ttotal Status Flags
r-devel-linux-x86_64-debian-clang 0.0.1 6.10 53.20 59.30 NOTE
r-devel-linux-x86_64-debian-gcc 0.0.1 3.90 38.85 42.75 NOTE
r-devel-linux-x86_64-fedora-clang 0.0.1 83.02 NOTE
r-devel-linux-x86_64-fedora-gcc 0.0.1 73.15 NOTE
r-devel-windows-x86_64-new-UL 0.0.1 13.00 84.00 97.00 NOTE
r-devel-windows-x86_64-new-TK 0.0.1 NOTE
r-devel-windows-x86_64-old 0.0.1 10.00 51.00 61.00 NOTE
r-patched-linux-x86_64 0.0.1 4.99 48.32 53.31 NOTE
r-release-linux-x86_64 0.0.1 5.49 48.05 53.54 NOTE
r-release-macos-arm64 0.0.1 NOTE
r-release-macos-x86_64 0.0.1 NOTE
r-release-windows-ix86+x86_64 0.0.1 16.00 76.00 92.00 NOTE
r-oldrel-macos-x86_64 0.0.1 OK
r-oldrel-windows-ix86+x86_64 0.0.1 14.00 75.00 89.00 OK

Check Details

Version: 0.0.1
Check: LazyData
Result: NOTE
     'LazyData' is specified without a 'data' directory
Flavors: r-devel-linux-x86_64-debian-clang, r-devel-linux-x86_64-debian-gcc, r-devel-linux-x86_64-fedora-clang, r-devel-linux-x86_64-fedora-gcc, r-devel-windows-x86_64-new-UL, r-devel-windows-x86_64-new-TK, r-devel-windows-x86_64-old, r-patched-linux-x86_64, r-release-linux-x86_64, r-release-macos-arm64, r-release-macos-x86_64, r-release-windows-ix86+x86_64

Version: 0.0.1
Check: Rd cross-references
Result: NOTE
    Undeclared package ‘tibble’ in Rd xrefs
Flavor: r-devel-linux-x86_64-fedora-clang