CRAN Package Check Results for Package BaseSet

Last updated on 2022-01-26 19:50:25 CET.

Flavor Version Tinstall Tcheck Ttotal Status Flags
r-devel-linux-x86_64-debian-clang 0.0.17 9.76 313.33 323.09 OK
r-devel-linux-x86_64-debian-gcc 0.0.17 7.20 223.91 231.11 OK
r-devel-linux-x86_64-fedora-clang 0.0.17 380.36 OK
r-devel-linux-x86_64-fedora-gcc 0.0.17 371.41 OK
r-devel-windows-x86_64-new-UL 0.0.17 142.00 344.00 486.00 OK
r-devel-windows-x86_64-new-TK 0.0.17 OK
r-patched-linux-x86_64 0.0.17 11.72 298.70 310.42 OK
r-release-linux-x86_64 0.0.17 9.78 298.07 307.85 OK
r-release-macos-arm64 0.0.17 NOTE
r-release-macos-x86_64 0.0.17 NOTE
r-release-windows-ix86+x86_64 0.0.17 22.00 367.00 389.00 OK
r-oldrel-macos-x86_64 0.0.17 NOTE
r-oldrel-windows-ix86+x86_64 0.0.17 22.00 366.00 388.00 OK

Check Details

Version: 0.0.17
Check: package dependencies
Result: NOTE
    Packages suggested but not available for checking:
     'GO.db', 'GSEABase', 'org.Hs.eg.db', 'reactome.db'
Flavor: r-release-macos-arm64

Version: 0.0.17
Check: package dependencies
Result: NOTE
    Packages suggested but not available for checking:
     'GO.db', 'org.Hs.eg.db', 'reactome.db'
Flavor: r-release-macos-x86_64

Version: 0.0.17
Check: package dependencies
Result: NOTE
    Package suggested but not available for checking: ‘reactome.db’
Flavor: r-oldrel-macos-x86_64