Last updated on 2023-09-24 22:07:52 CEST.
Flavor | Version | Tinstall | Tcheck | Ttotal | Status | Flags |
---|---|---|---|---|---|---|
r-devel-linux-x86_64-debian-clang | 0.1.1 | 6.71 | 67.41 | 74.12 | NOTE | |
r-devel-linux-x86_64-debian-gcc | 0.1.1 | 4.93 | 48.23 | 53.16 | NOTE | |
r-devel-linux-x86_64-fedora-clang | 0.1.1 | 86.20 | NOTE | |||
r-devel-linux-x86_64-fedora-gcc | 0.1.1 | 85.09 | NOTE | |||
r-devel-windows-x86_64 | 0.1.1 | 7.00 | 65.00 | 72.00 | NOTE | |
r-patched-linux-x86_64 | 0.1.1 | 6.58 | 61.77 | 68.35 | NOTE | |
r-release-linux-x86_64 | 0.1.1 | 7.78 | 61.92 | 69.70 | NOTE | |
r-release-macos-arm64 | 0.1.1 | 31.00 | NOTE | |||
r-release-macos-x86_64 | 0.1.1 | 44.00 | NOTE | |||
r-release-windows-x86_64 | 0.1.1 | 10.00 | 73.00 | 83.00 | NOTE | |
r-oldrel-macos-arm64 | 0.1.1 | 29.00 | NOTE | |||
r-oldrel-macos-x86_64 | 0.1.1 | 42.00 | NOTE | |||
r-oldrel-windows-x86_64 | 0.1.1 | 11.00 | 78.00 | 89.00 | NOTE |
Version: 0.1.1
Check: LazyData
Result: NOTE
'LazyData' is specified without a 'data' directory
Flavors: r-devel-linux-x86_64-debian-clang, r-devel-linux-x86_64-debian-gcc, r-devel-linux-x86_64-fedora-clang, r-devel-linux-x86_64-fedora-gcc, r-devel-windows-x86_64, r-patched-linux-x86_64, r-release-linux-x86_64, r-release-macos-arm64, r-release-macos-x86_64, r-release-windows-x86_64, r-oldrel-macos-arm64, r-oldrel-macos-x86_64, r-oldrel-windows-x86_64