Last updated on 2022-06-25 21:52:54 CEST.
Flavor | Version | Tinstall | Tcheck | Ttotal | Status | Flags |
---|---|---|---|---|---|---|
r-devel-linux-x86_64-debian-clang | 0.1.1 | 17.26 | 142.19 | 159.45 | OK | |
r-devel-linux-x86_64-debian-gcc | 0.1.1 | 12.18 | 104.02 | 116.20 | OK | |
r-devel-linux-x86_64-fedora-clang | 0.1.1 | 194.83 | NOTE | |||
r-devel-linux-x86_64-fedora-gcc | 0.1.1 | 206.21 | NOTE | |||
r-devel-windows-x86_64 | 0.1.1 | 38.00 | 157.00 | 195.00 | OK | |
r-patched-linux-x86_64 | 0.1.1 | 14.96 | 132.88 | 147.84 | OK | |
r-release-linux-x86_64 | 0.1.1 | 15.71 | 134.21 | 149.92 | OK | |
r-release-macos-arm64 | 0.1.1 | 64.00 | NOTE | |||
r-release-macos-x86_64 | 0.1.1 | 72.00 | NOTE | |||
r-release-windows-x86_64 | 0.1.1 | 45.00 | 157.00 | 202.00 | OK | |
r-oldrel-macos-arm64 | 0.1.1 | 59.00 | NOTE | |||
r-oldrel-macos-x86_64 | 0.1.1 | 68.00 | NOTE | |||
r-oldrel-windows-ix86+x86_64 | 0.1.1 | 34.00 | 159.00 | 193.00 | OK |
Version: 0.1.1
Check: dependencies in R code
Result: NOTE
Namespaces in Imports field not imported from:
‘DescTools’ ‘fda’ ‘tidyverse’
All declared Imports should be used.
Flavors: r-devel-linux-x86_64-fedora-clang, r-devel-linux-x86_64-fedora-gcc, r-release-macos-arm64, r-release-macos-x86_64, r-oldrel-macos-arm64, r-oldrel-macos-x86_64