CRAN Package Check Results for Package BayesRGMM

Last updated on 2024-02-28 19:49:30 CET.

Flavor Version Tinstall Tcheck Ttotal Status Flags
r-devel-linux-x86_64-debian-clang 2.2 136.65 189.38 326.03 NOTE
r-devel-linux-x86_64-debian-gcc 2.2 114.48 128.30 242.78 NOTE
r-devel-linux-x86_64-fedora-clang 2.2 439.00 NOTE
r-devel-linux-x86_64-fedora-gcc 2.2 445.55 NOTE
r-devel-windows-x86_64 2.2 107.00 183.00 290.00 NOTE
r-patched-linux-x86_64 2.2 134.62 162.33 296.95 NOTE
r-release-linux-x86_64 2.2 130.25 165.22 295.47 NOTE
r-release-macos-arm64 2.2 151.00 NOTE
r-release-macos-x86_64 2.2 235.00 NOTE
r-release-windows-x86_64 2.2 131.00 209.00 340.00 NOTE
r-oldrel-macos-arm64 2.2 147.00 NOTE
r-oldrel-windows-x86_64 2.2 129.00 214.00 343.00 OK

Check Details

Version: 2.2
Check: C++ specification
Result: NOTE Specified C++11: please drop specification unless essential Flavors: r-devel-linux-x86_64-debian-clang, r-devel-linux-x86_64-debian-gcc, r-devel-linux-x86_64-fedora-clang, r-devel-linux-x86_64-fedora-gcc, r-devel-windows-x86_64, r-patched-linux-x86_64, r-release-linux-x86_64, r-release-macos-arm64, r-release-macos-x86_64, r-release-windows-x86_64

Version: 2.2
Check: installed package size
Result: NOTE installed size is 8.4Mb sub-directories of 1Mb or more: libs 7.9Mb Flavors: r-release-macos-arm64, r-release-macos-x86_64, r-oldrel-macos-arm64