CRAN Package Check Results for Package BayesSenMC

Last updated on 2022-05-20 21:52:46 CEST.

Flavor Version Tinstall Tcheck Ttotal Status Flags
r-devel-linux-x86_64-debian-clang 0.1.4 631.53 216.69 848.22 NOTE
r-devel-linux-x86_64-debian-gcc 0.1.4 599.63 180.86 780.49 NOTE
r-devel-linux-x86_64-fedora-clang 0.1.4 1172.11 NOTE
r-devel-linux-x86_64-fedora-gcc 0.1.4 1276.16 NOTE
r-devel-windows-x86_64 0.1.4 437.00 299.00 736.00 NOTE
r-patched-linux-x86_64 0.1.4 594.10 246.72 840.82 NOTE
r-release-linux-x86_64 0.1.4 627.85 240.36 868.21 NOTE
r-release-macos-arm64 0.1.4 296.00 NOTE
r-release-macos-x86_64 0.1.4 461.00 NOTE
r-release-windows-x86_64 0.1.4 432.00 300.00 732.00 NOTE
r-oldrel-macos-arm64 0.1.4 332.00 NOTE
r-oldrel-macos-x86_64 0.1.4 346.00 NOTE
r-oldrel-windows-ix86+x86_64 0.1.4 1444.00 409.00 1853.00 NOTE

Additional issues

clang-UBSAN

Check Details

Version: 0.1.4
Check: for GNU extensions in Makefiles
Result: NOTE
    GNU make is a SystemRequirements.
Flavors: r-devel-linux-x86_64-debian-clang, r-devel-linux-x86_64-debian-gcc, r-devel-linux-x86_64-fedora-clang, r-devel-linux-x86_64-fedora-gcc, r-devel-windows-x86_64, r-patched-linux-x86_64, r-release-linux-x86_64, r-release-macos-arm64, r-release-macos-x86_64, r-release-windows-x86_64, r-oldrel-macos-arm64, r-oldrel-macos-x86_64, r-oldrel-windows-ix86+x86_64

Version: 0.1.4
Check: installed package size
Result: NOTE
     installed size is 60.8Mb
     sub-directories of 1Mb or more:
     libs 60.4Mb
Flavors: r-devel-linux-x86_64-fedora-clang, r-devel-windows-x86_64, r-release-macos-arm64, r-release-macos-x86_64, r-release-windows-x86_64, r-oldrel-macos-arm64, r-oldrel-macos-x86_64, r-oldrel-windows-ix86+x86_64

Version: 0.1.4
Check: dependencies in R code
Result: NOTE
    Namespaces in Imports field not imported from:
     ‘RcppParallel’ ‘rstantools’
     All declared Imports should be used.
Flavors: r-devel-linux-x86_64-fedora-clang, r-devel-linux-x86_64-fedora-gcc, r-release-macos-arm64, r-release-macos-x86_64, r-oldrel-macos-arm64, r-oldrel-macos-x86_64