CRAN Package Check Results for Package BayesTools

Last updated on 2021-12-03 19:50:04 CET.

Flavor Version Tinstall Tcheck Ttotal Status Flags
r-devel-linux-x86_64-debian-clang 0.1.3 10.18 168.61 178.79 OK
r-devel-linux-x86_64-debian-gcc 0.1.3 9.19 120.73 129.92 OK
r-devel-linux-x86_64-fedora-clang 0.1.3 229.65 NOTE
r-devel-linux-x86_64-fedora-gcc 0.1.3 249.24 NOTE
r-devel-windows-x86_64-new-UL 0.1.3 29.00 234.00 263.00 OK
r-devel-windows-x86_64-new-TK 0.1.3 NOTE
r-devel-windows-x86_64-old 0.1.3 17.00 167.00 184.00 OK
r-patched-linux-x86_64 0.1.3 11.12 155.24 166.36 OK
r-release-linux-x86_64 0.1.3 11.37 156.81 168.18 OK
r-release-macos-arm64 0.1.3 NOTE
r-release-macos-x86_64 0.1.3 NOTE
r-release-windows-ix86+x86_64 0.1.3 19.00 222.00 241.00 OK
r-oldrel-macos-x86_64 0.1.3 NOTE
r-oldrel-windows-ix86+x86_64 0.1.3 19.00 230.00 249.00 OK

Check Details

Version: 0.1.3
Check: dependencies in R code
Result: NOTE
    Namespace in Imports field not imported from: ‘Rdpack’
     All declared Imports should be used.
Flavors: r-devel-linux-x86_64-fedora-clang, r-devel-linux-x86_64-fedora-gcc, r-devel-windows-x86_64-new-TK, r-release-macos-arm64, r-release-macos-x86_64, r-oldrel-macos-x86_64