CRAN Package Check Results for Package BayesTree

Last updated on 2024-02-27 19:54:32 CET.

Flavor Version Tinstall Tcheck Ttotal Status Flags
r-devel-linux-x86_64-debian-clang 0.3-1.5 23.83 30.28 54.11 OK
r-devel-linux-x86_64-debian-gcc 0.3-1.5 16.16 23.49 39.65 OK
r-devel-linux-x86_64-fedora-clang 0.3-1.5 86.95 NOTE
r-devel-linux-x86_64-fedora-gcc 0.3-1.5 67.22 NOTE
r-devel-windows-x86_64 0.3-1.5 20.00 62.00 82.00 OK
r-patched-linux-x86_64 0.3-1.5 20.28 30.02 50.30 OK
r-release-linux-x86_64 0.3-1.5 21.01 30.03 51.04 OK
r-release-macos-arm64 0.3-1.5 30.00 OK
r-release-macos-x86_64 0.3-1.5 77.00 OK
r-release-windows-x86_64 0.3-1.5 21.00 71.00 92.00 OK
r-oldrel-macos-arm64 0.3-1.5 31.00 OK
r-oldrel-windows-x86_64 0.3-1.5 25.00 68.00 93.00 OK

Check Details

Version: 0.3-1.5
Check: compiled code
Result: NOTE File ‘BayesTree/libs/BayesTree.so’: Found no calls to: ‘R_registerRoutines’, ‘R_useDynamicSymbols’ It is good practice to register native routines and to disable symbol search. See ‘Writing portable packages’ in the ‘Writing R Extensions’ manual. Flavors: r-devel-linux-x86_64-fedora-clang, r-devel-linux-x86_64-fedora-gcc