CRAN Package Check Results for Package BayesianReasoning

Last updated on 2022-01-19 20:00:22 CET.

Flavor Version Tinstall Tcheck Ttotal Status Flags
r-devel-linux-x86_64-debian-clang 0.4.1 OK
r-devel-linux-x86_64-debian-gcc 0.4.1 4.50 92.26 96.76 OK
r-devel-linux-x86_64-fedora-clang 0.4.1 140.37 NOTE
r-devel-linux-x86_64-fedora-gcc 0.4.1 127.37 NOTE
r-devel-windows-x86_64-new-UL 0.4.1 60.00 147.00 207.00 OK
r-devel-windows-x86_64-new-TK 0.4.1 NOTE
r-patched-linux-x86_64 0.4.1 5.15 101.63 106.78 OK
r-release-linux-x86_64 0.4.1 OK
r-release-macos-arm64 0.4.1 NOTE
r-release-macos-x86_64 0.4.1 WARN --as-cran
r-release-windows-ix86+x86_64 0.4.1 15.00 128.00 143.00 OK
r-oldrel-macos-x86_64 0.4.0 OK
r-oldrel-windows-ix86+x86_64 0.4.1 16.00 129.00 145.00 OK

Check Details

Version: 0.4.1
Check: dependencies in R code
Result: NOTE
    Namespace in Imports field not imported from: ‘utils’
     All declared Imports should be used.
Flavors: r-devel-linux-x86_64-fedora-clang, r-devel-linux-x86_64-fedora-gcc, r-devel-windows-x86_64-new-TK, r-release-macos-arm64

Version: 0.4.1
Flags: --as-cran
Check: CRAN incoming feasibility
Result: WARN
    Maintainer: ‘Gorka Navarrete <gorkang@gmail.com>’
    
    Insufficient package version (submitted: 0.4.1, existing: 0.4.1)
    
    Days since last update: 1
Flavor: r-release-macos-x86_64

Version: 0.4.1
Flags: --as-cran
Check: top-level files
Result: NOTE
    Files ‘README.md’ or ‘NEWS.md’ cannot be checked without ‘pandoc’ being installed.
Flavor: r-release-macos-x86_64