CRAN Package Check Results for Package BetaBit

Last updated on 2024-02-27 19:54:32 CET.

Flavor Version Tinstall Tcheck Ttotal Status Flags
r-devel-linux-x86_64-debian-clang 2.2 4.27 40.37 44.64 OK
r-devel-linux-x86_64-debian-gcc 2.2 3.30 30.43 33.73 OK
r-devel-linux-x86_64-fedora-clang 2.2 55.32 NOTE
r-devel-linux-x86_64-fedora-gcc 2.2 55.77 NOTE
r-devel-windows-x86_64 2.2 6.00 52.00 58.00 OK
r-patched-linux-x86_64 2.2 4.50 39.33 43.83 OK
r-release-linux-x86_64 2.2 3.70 39.50 43.20 OK
r-release-macos-arm64 2.2 27.00 OK
r-release-macos-x86_64 2.2 53.00 OK
r-release-windows-x86_64 2.2 6.00 57.00 63.00 OK
r-oldrel-macos-arm64 2.2 29.00 OK
r-oldrel-windows-x86_64 2.2 7.00 59.00 66.00 OK

Check Details

Version: 2.2
Check: data for non-ASCII characters
Result: NOTE Note: found 42 marked UTF-8 strings Flavors: r-devel-linux-x86_64-fedora-clang, r-devel-linux-x86_64-fedora-gcc