Last updated on 2023-01-27 19:49:26 CET.
Flavor | Version | Tinstall | Tcheck | Ttotal | Status | Flags |
---|---|---|---|---|---|---|
r-devel-linux-x86_64-debian-clang | 2.1 | 4.15 | 39.74 | 43.89 | OK | |
r-devel-linux-x86_64-debian-gcc | 2.1 | 3.10 | 30.62 | 33.72 | OK | |
r-devel-linux-x86_64-fedora-clang | 2.1 | 54.93 | NOTE | |||
r-devel-linux-x86_64-fedora-gcc | 2.1 | 53.11 | NOTE | |||
r-devel-windows-x86_64 | 2.1 | 22.00 | 68.00 | 90.00 | OK | |
r-patched-linux-x86_64 | 2.1 | 4.30 | 38.58 | 42.88 | OK | |
r-release-linux-x86_64 | 2.1 | 4.15 | 39.16 | 43.31 | OK | |
r-release-macos-arm64 | 2.1 | 27.00 | OK | |||
r-release-macos-x86_64 | 2.1 | 31.00 | OK | |||
r-release-windows-x86_64 | 2.1 | 25.00 | 67.00 | 92.00 | OK | |
r-oldrel-macos-arm64 | 2.1 | 31.00 | OK | |||
r-oldrel-macos-x86_64 | 2.1 | 34.00 | OK | |||
r-oldrel-windows-ix86+x86_64 | 2.1 | 9.00 | 63.00 | 72.00 | OK |
Version: 2.1
Check: data for non-ASCII characters
Result: NOTE
Note: found 40 marked UTF-8 strings
Flavors: r-devel-linux-x86_64-fedora-clang, r-devel-linux-x86_64-fedora-gcc