CRAN Package Check Results for Package BiasedUrn

Last updated on 2021-12-08 19:51:23 CET.

Flavor Version Tinstall Tcheck Ttotal Status Flags
r-devel-linux-x86_64-debian-clang 1.07 9.67 32.37 42.04 OK
r-devel-linux-x86_64-debian-gcc 1.07 6.60 25.78 32.38 OK
r-devel-linux-x86_64-fedora-clang 1.07 53.75 NOTE
r-devel-linux-x86_64-fedora-gcc 1.07 44.23 NOTE
r-devel-windows-x86_64-new-UL 1.07 21.00 78.00 99.00 OK
r-devel-windows-x86_64-new-TK 1.07 OK
r-devel-windows-x86_64-old 1.07 16.00 40.00 56.00 OK
r-patched-linux-x86_64 1.07 8.73 31.11 39.84 OK
r-release-linux-x86_64 1.07 8.35 31.25 39.60 OK
r-release-macos-arm64 1.07 OK
r-release-macos-x86_64 1.07 OK
r-release-windows-ix86+x86_64 1.07 23.00 45.00 68.00 OK
r-oldrel-macos-x86_64 1.07 OK
r-oldrel-windows-ix86+x86_64 1.07 18.00 47.00 65.00 OK

Check Details

Version: 1.07
Check: compiled code
Result: NOTE
    File ‘BiasedUrn/libs/BiasedUrn.so’:
     Found no calls to: ‘R_registerRoutines’, ‘R_useDynamicSymbols’
    
    It is good practice to register native routines and to disable symbol
    search.
    
    See ‘Writing portable packages’ in the ‘Writing R Extensions’ manual.
Flavors: r-devel-linux-x86_64-fedora-clang, r-devel-linux-x86_64-fedora-gcc