CRAN Package Check Results for Package BioFTF

Last updated on 2021-11-29 19:51:23 CET.

Flavor Version Tinstall Tcheck Ttotal Status Flags
r-devel-linux-x86_64-debian-clang 1.2-0 4.22 26.54 30.76 NOTE
r-devel-linux-x86_64-debian-gcc 1.2-0 3.06 20.42 23.48 NOTE
r-devel-linux-x86_64-fedora-clang 1.2-0 47.38 NOTE
r-devel-linux-x86_64-fedora-gcc 1.2-0 39.02 NOTE
r-devel-windows-x86_64-new-UL 1.2-0 8.00 58.00 66.00 NOTE
r-devel-windows-x86_64-new-TK 1.2-0 NOTE
r-devel-windows-x86_64-old 1.2-0 7.00 33.00 40.00 NOTE
r-patched-linux-x86_64 1.2-0 3.77 25.29 29.06 NOTE
r-patched-solaris-x86 1.2-0 51.30 NOTE
r-release-linux-x86_64 1.2-0 3.79 25.84 29.63 NOTE
r-release-macos-arm64 1.2-0 NOTE
r-release-macos-x86_64 1.2-0 NOTE
r-release-windows-ix86+x86_64 1.2-0 7.00 36.00 43.00 NOTE
r-oldrel-macos-x86_64 1.2-0 NOTE
r-oldrel-windows-ix86+x86_64 1.2-0 6.00 44.00 50.00 NOTE

Check Details

Version: 1.2-0
Check: DESCRIPTION meta-information
Result: NOTE
    BugReports field is not a suitable URL but appears to contain an email address
     not specified by mailto: nor contained in < >
     use the Contact field instead
Flavors: r-devel-linux-x86_64-debian-clang, r-devel-linux-x86_64-debian-gcc, r-devel-linux-x86_64-fedora-clang, r-devel-linux-x86_64-fedora-gcc, r-devel-windows-x86_64-new-UL, r-devel-windows-x86_64-new-TK, r-devel-windows-x86_64-old, r-patched-linux-x86_64, r-patched-solaris-x86, r-release-linux-x86_64, r-release-macos-arm64, r-release-macos-x86_64, r-release-windows-ix86+x86_64, r-oldrel-macos-x86_64, r-oldrel-windows-ix86+x86_64

Version: 1.2-0
Check: for non-standard things in the check directory
Result: NOTE
    Found the following files/directories:
     'Plots.pdf'
Flavors: r-devel-linux-x86_64-debian-clang, r-devel-linux-x86_64-debian-gcc, r-devel-linux-x86_64-fedora-clang, r-devel-linux-x86_64-fedora-gcc, r-patched-linux-x86_64, r-patched-solaris-x86, r-release-linux-x86_64