CRAN Package Check Results for Package Bioi

Last updated on 2023-02-06 19:54:16 CET.

Flavor Version Tinstall Tcheck Ttotal Status Flags
r-devel-linux-x86_64-debian-clang 0.2.10 30.85 60.17 91.02 NOTE
r-devel-linux-x86_64-debian-gcc 0.2.10 25.17 45.68 70.85 NOTE
r-devel-linux-x86_64-fedora-clang 0.2.10 130.25 NOTE
r-devel-linux-x86_64-fedora-gcc 0.2.10 124.51 NOTE
r-devel-windows-x86_64 0.2.10 43.00 102.00 145.00 NOTE
r-patched-linux-x86_64 0.2.10 27.01 60.57 87.58 NOTE
r-release-linux-x86_64 0.2.10 22.07 59.41 81.48 NOTE
r-release-macos-arm64 0.2.10 38.00 NOTE
r-release-macos-x86_64 0.2.10 68.00 NOTE
r-release-windows-x86_64 0.2.10 40.00 118.00 158.00 NOTE
r-oldrel-macos-arm64 0.2.10 48.00 NOTE
r-oldrel-macos-x86_64 0.2.10 69.00 NOTE
r-oldrel-windows-ix86+x86_64 0.2.10 77.00 130.00 207.00 NOTE

Check Details

Version: 0.2.10
Check: LazyData
Result: NOTE
     'LazyData' is specified without a 'data' directory
Flavors: r-devel-linux-x86_64-debian-clang, r-devel-linux-x86_64-debian-gcc, r-devel-linux-x86_64-fedora-clang, r-devel-linux-x86_64-fedora-gcc, r-devel-windows-x86_64, r-patched-linux-x86_64, r-release-linux-x86_64, r-release-macos-arm64, r-release-macos-x86_64, r-release-windows-x86_64, r-oldrel-macos-arm64, r-oldrel-macos-x86_64, r-oldrel-windows-ix86+x86_64