CRAN Package Check Results for Package Bioi

Last updated on 2024-02-26 19:50:03 CET.

Flavor Version Tinstall Tcheck Ttotal Status Flags
r-devel-linux-x86_64-debian-clang 0.2.10 33.07 61.18 94.25 NOTE
r-devel-linux-x86_64-debian-gcc 0.2.10 26.63 46.36 72.99 NOTE
r-devel-linux-x86_64-fedora-clang 0.2.10 130.12 NOTE
r-devel-linux-x86_64-fedora-gcc 0.2.10 134.60 NOTE
r-devel-windows-x86_64 0.2.10 28.00 86.00 114.00 NOTE
r-patched-linux-x86_64 0.2.10 27.94 59.70 87.64 NOTE
r-release-linux-x86_64 0.2.10 27.20 58.69 85.89 NOTE
r-release-macos-arm64 0.2.10 45.00 NOTE
r-release-macos-x86_64 0.2.10 66.00 NOTE
r-release-windows-x86_64 0.2.10 34.00 98.00 132.00 NOTE
r-oldrel-macos-arm64 0.2.10 38.00 NOTE
r-oldrel-windows-x86_64 0.2.10 36.00 100.00 136.00 NOTE

Check Details

Version: 0.2.10
Check: LazyData
Result: NOTE 'LazyData' is specified without a 'data' directory Flavors: r-devel-linux-x86_64-debian-clang, r-devel-linux-x86_64-debian-gcc, r-devel-linux-x86_64-fedora-clang, r-devel-linux-x86_64-fedora-gcc, r-devel-windows-x86_64, r-patched-linux-x86_64, r-release-linux-x86_64, r-release-macos-arm64, r-release-macos-x86_64, r-release-windows-x86_64, r-oldrel-macos-arm64, r-oldrel-windows-x86_64