Last updated on 2022-05-27 21:51:17 CEST.
Flavor | Version | Tinstall | Tcheck | Ttotal | Status | Flags |
---|---|---|---|---|---|---|
r-devel-linux-x86_64-debian-clang | 0.1-3 | 40.96 | 353.63 | 394.59 | OK | |
r-devel-linux-x86_64-debian-gcc | 0.1-3 | 35.45 | 261.33 | 296.78 | OK | |
r-devel-linux-x86_64-fedora-clang | 0.1-3 | 468.67 | NOTE | |||
r-devel-linux-x86_64-fedora-gcc | 0.1-3 | 490.12 | NOTE | |||
r-devel-windows-x86_64 | 0.1-3 | 41.00 | 328.00 | 369.00 | OK | |
r-patched-linux-x86_64 | 0.1-3 | 31.79 | 333.85 | 365.64 | OK | |
r-release-linux-x86_64 | 0.1-3 | 27.54 | 340.47 | 368.01 | OK | |
r-release-macos-arm64 | 0.1-3 | 104.00 | NOTE | |||
r-release-macos-x86_64 | 0.1-3 | 180.00 | NOTE | |||
r-release-windows-x86_64 | 0.1-3 | 45.00 | 326.00 | 371.00 | OK | |
r-oldrel-macos-arm64 | 0.1-3 | 76.00 | NOTE | |||
r-oldrel-macos-x86_64 | 0.1-3 | 110.00 | NOTE | |||
r-oldrel-windows-ix86+x86_64 | 0.1-3 | 85.00 | 329.00 | 414.00 | OK |
Version: 0.1-3
Check: dependencies in R code
Result: NOTE
Namespace in Imports field not imported from: ‘spatstat’
All declared Imports should be used.
Flavors: r-devel-linux-x86_64-fedora-clang, r-devel-linux-x86_64-fedora-gcc, r-release-macos-arm64, r-release-macos-x86_64, r-oldrel-macos-arm64, r-oldrel-macos-x86_64