CRAN Package Check Results for Package C50

Last updated on 2022-01-26 19:50:27 CET.

Flavor Version Tinstall Tcheck Ttotal Status Flags
r-devel-linux-x86_64-debian-clang 0.1.5 22.17 89.90 112.07 WARN
r-devel-linux-x86_64-debian-gcc 0.1.5 17.93 69.98 87.91 WARN
r-devel-linux-x86_64-fedora-clang 0.1.5 134.99 WARN
r-devel-linux-x86_64-fedora-gcc 0.1.5 128.19 WARN
r-devel-windows-x86_64-new-UL 0.1.5 70.00 118.00 188.00 WARN
r-devel-windows-x86_64-new-TK 0.1.5 WARN
r-patched-linux-x86_64 0.1.5 19.57 86.82 106.39 OK
r-release-linux-x86_64 0.1.5 19.47 85.61 105.08 OK
r-release-macos-arm64 0.1.5 OK
r-release-macos-x86_64 0.1.5 OK
r-release-windows-ix86+x86_64 0.1.5 72.00 133.00 205.00 OK
r-oldrel-macos-x86_64 0.1.5 OK
r-oldrel-windows-ix86+x86_64 0.1.5 74.00 134.00 208.00 OK

Check Details

Version: 0.1.5
Check: whether package can be installed
Result: WARN
    Found the following significant warnings:
     redefine.c:147:40: warning: passing 'char *' to parameter of type 'unsigned char *' converts between pointers to integer types where one is of the unique plain 'char' type and the other is not [-Wpointer-sign]
     redefine.c:147:10: warning: returning 'unsigned char *' from a function with result type 'char *' converts between pointers to integer types where one is of the unique plain 'char' type and the other is not [-Wpointer-sign]
     redefine.c:155:45: warning: passing 'const char *' to parameter of type 'const unsigned char *' converts between pointers to integer types where one is of the unique plain 'char' type and the other is not [-Wpointer-sign]
     redefine.c:166:40: warning: passing 'const char *' to parameter of type 'const unsigned char *' converts between pointers to integer types where one is of the unique plain 'char' type and the other is not [-Wpointer-sign]
     rulebasedmodels.c:239:12: warning: returning 'unsigned char *' from a function with result type 'char *' converts between pointers to integer types where one is of the unique plain 'char' type and the other is not [-Wpointer-sign]
     strbuf.c:206:22: warning: passing 'unsigned char *' to parameter of type 'char *' converts between pointers to integer types where one is of the unique plain 'char' type and the other is not [-Wpointer-sign]
     strbuf.c:206:45: warning: passing 'const unsigned char *' to parameter of type 'const char *' converts between pointers to integer types where one is of the unique plain 'char' type and the other is not [-Wpointer-sign]
     strbuf.c:241:19: warning: passing 'unsigned char *' to parameter of type 'char *' converts between pointers to integer types where one is of the unique plain 'char' type and the other is not [-Wpointer-sign]
     strbuf.c:241:42: warning: passing 'const unsigned char *' to parameter of type 'const char *' converts between pointers to integer types where one is of the unique plain 'char' type and the other is not [-Wpointer-sign]
     strbuf.c:268:37: warning: passing 'const unsigned char *' to parameter of type 'const char *' converts between pointers to integer types where one is of the unique plain 'char' type and the other is not [-Wpointer-sign]
     top.c:49:41: warning: passing 'char *' to parameter of type 'unsigned char *' converts between pointers to integer types where one is of the unique plain 'char' type and the other is not [-Wpointer-sign]
     top.c:57:41: warning: passing 'char *' to parameter of type 'unsigned char *' converts between pointers to integer types where one is of the unique plain 'char' type and the other is not [-Wpointer-sign]
     top.c:67:43: warning: passing 'char *' to parameter of type 'unsigned char *' converts between pointers to integer types where one is of the unique plain 'char' type and the other is not [-Wpointer-sign]
     top.c:92:15: warning: initializing 'char *' with an expression of type 'unsigned char *' converts between pointers to integer types where one is of the unique plain 'char' type and the other is not [-Wpointer-sign]
     top.c:106:15: warning: initializing 'char *' with an expression of type 'unsigned char *' converts between pointers to integer types where one is of the unique plain 'char' type and the other is not [-Wpointer-sign]
     top.c:153:41: warning: passing 'char *' to parameter of type 'unsigned char *' converts between pointers to integer types where one is of the unique plain 'char' type and the other is not [-Wpointer-sign]
     top.c:158:41: warning: passing 'char *' to parameter of type 'unsigned char *' converts between pointers to integer types where one is of the unique plain 'char' type and the other is not [-Wpointer-sign]
     top.c:164:43: warning: passing 'char *' to parameter of type 'unsigned char *' converts between pointers to integer types where one is of the unique plain 'char' type and the other is not [-Wpointer-sign]
     top.c:170:44: warning: passing 'char *' to parameter of type 'unsigned char *' converts between pointers to integer types where one is of the unique plain 'char' type and the other is not [-Wpointer-sign]
     top.c:183:43: warning: passing 'char *' to parameter of type 'unsigned char *' converts between pointers to integer types where one is of the unique plain 'char' type and the other is not [-Wpointer-sign]
Flavors: r-devel-linux-x86_64-debian-clang, r-devel-linux-x86_64-fedora-clang

Version: 0.1.5
Check: whether package can be installed
Result: WARN
    Found the following significant warnings:
     redefine.c:147:40: warning: pointer targets in passing argument 2 of ‘strbuf_gets’ differ in signedness [-Wpointer-sign]
     redefine.c:147:10: warning: pointer targets in returning ‘unsigned char *’ from a function with return type ‘char *’ differ in signedness [-Wpointer-sign]
     redefine.c:155:45: warning: pointer targets in passing argument 2 of ‘strbuf_vprintf’ differ in signedness [-Wpointer-sign]
     redefine.c:166:40: warning: pointer targets in passing argument 2 of ‘strbuf_puts’ differ in signedness [-Wpointer-sign]
     rulebasedmodels.c:239:12: warning: pointer targets in returning ‘unsigned char *’ from a function with return type ‘char *’ differ in signedness [-Wpointer-sign]
     strbuf.c:206:30: warning: pointer targets in passing argument 1 of ‘vsnprintf’ differ in signedness [-Wpointer-sign]
     strbuf.c:206:45: warning: pointer targets in passing argument 3 of ‘vsnprintf’ differ in signedness [-Wpointer-sign]
     strbuf.c:241:27: warning: pointer targets in passing argument 1 of ‘vsnprintf’ differ in signedness [-Wpointer-sign]
     strbuf.c:241:42: warning: pointer targets in passing argument 3 of ‘vsnprintf’ differ in signedness [-Wpointer-sign]
     strbuf.c:268:37: warning: pointer targets in passing argument 1 of ‘strlen’ differ in signedness [-Wpointer-sign]
     top.c:49:41: warning: pointer targets in passing argument 1 of ‘strbuf_create_full’ differ in signedness [-Wpointer-sign]
     top.c:57:41: warning: pointer targets in passing argument 1 of ‘strbuf_create_full’ differ in signedness [-Wpointer-sign]
     top.c:67:43: warning: pointer targets in passing argument 1 of ‘strbuf_create_full’ differ in signedness [-Wpointer-sign]
     top.c:92:28: warning: pointer targets in initialization of ‘char *’ from ‘unsigned char *’ differ in signedness [-Wpointer-sign]
     top.c:106:29: warning: pointer targets in initialization of ‘char *’ from ‘unsigned char *’ differ in signedness [-Wpointer-sign]
     top.c:153:41: warning: pointer targets in passing argument 1 of ‘strbuf_create_full’ differ in signedness [-Wpointer-sign]
     top.c:158:41: warning: pointer targets in passing argument 1 of ‘strbuf_create_full’ differ in signedness [-Wpointer-sign]
     top.c:164:43: warning: pointer targets in passing argument 1 of ‘strbuf_create_full’ differ in signedness [-Wpointer-sign]
     top.c:170:44: warning: pointer targets in passing argument 1 of ‘strbuf_create_full’ differ in signedness [-Wpointer-sign]
     top.c:183:43: warning: pointer targets in passing argument 1 of ‘strbuf_create_full’ differ in signedness [-Wpointer-sign]
Flavors: r-devel-linux-x86_64-debian-gcc, r-devel-linux-x86_64-fedora-gcc

Version: 0.1.5
Check: whether package can be installed
Result: WARN
    Found the following significant warnings:
     redefine.c:147:40: warning: pointer targets in passing argument 2 of 'strbuf_gets' differ in signedness [-Wpointer-sign]
     redefine.c:147:10: warning: pointer targets in returning 'unsigned char *' from a function with return type 'char *' differ in signedness [-Wpointer-sign]
     redefine.c:155:45: warning: pointer targets in passing argument 2 of 'strbuf_vprintf' differ in signedness [-Wpointer-sign]
     redefine.c:166:40: warning: pointer targets in passing argument 2 of 'strbuf_puts' differ in signedness [-Wpointer-sign]
     rulebasedmodels.c:239:12: warning: pointer targets in returning 'unsigned char *' from a function with return type 'char *' differ in signedness [-Wpointer-sign]
     strbuf.c:206:30: warning: pointer targets in passing argument 1 of 'vsnprintf' differ in signedness [-Wpointer-sign]
     strbuf.c:206:45: warning: pointer targets in passing argument 3 of 'vsnprintf' differ in signedness [-Wpointer-sign]
     strbuf.c:214:22: warning: pointer targets in passing argument 1 of '_vscprintf' differ in signedness [-Wpointer-sign]
     strbuf.c:241:27: warning: pointer targets in passing argument 1 of 'vsnprintf' differ in signedness [-Wpointer-sign]
     strbuf.c:241:42: warning: pointer targets in passing argument 3 of 'vsnprintf' differ in signedness [-Wpointer-sign]
     strbuf.c:268:37: warning: pointer targets in passing argument 1 of 'strlen' differ in signedness [-Wpointer-sign]
     top.c:49:41: warning: pointer targets in passing argument 1 of 'strbuf_create_full' differ in signedness [-Wpointer-sign]
     top.c:57:41: warning: pointer targets in passing argument 1 of 'strbuf_create_full' differ in signedness [-Wpointer-sign]
     top.c:67:43: warning: pointer targets in passing argument 1 of 'strbuf_create_full' differ in signedness [-Wpointer-sign]
     top.c:92:28: warning: pointer targets in initialization of 'char *' from 'unsigned char *' differ in signedness [-Wpointer-sign]
     top.c:106:29: warning: pointer targets in initialization of 'char *' from 'unsigned char *' differ in signedness [-Wpointer-sign]
     top.c:153:41: warning: pointer targets in passing argument 1 of 'strbuf_create_full' differ in signedness [-Wpointer-sign]
     top.c:158:41: warning: pointer targets in passing argument 1 of 'strbuf_create_full' differ in signedness [-Wpointer-sign]
     top.c:164:43: warning: pointer targets in passing argument 1 of 'strbuf_create_full' differ in signedness [-Wpointer-sign]
     top.c:170:44: warning: pointer targets in passing argument 1 of 'strbuf_create_full' differ in signedness [-Wpointer-sign]
     top.c:183:43: warning: pointer targets in passing argument 1 of 'strbuf_create_full' differ in signedness [-Wpointer-sign]
Flavors: r-devel-windows-x86_64-new-UL, r-devel-windows-x86_64-new-TK